{"id":38523,"date":"2018-06-04T11:44:34","date_gmt":"2018-06-04T09:44:34","guid":{"rendered":"https:\/\/www.acampa.eu\/wp-content\/uploads\/ACAMPA-09-EXPO-FOTOGRAFOS.mp3"},"modified":"2018-06-04T11:44:34","modified_gmt":"2018-06-04T09:44:34","slug":"09-expo-fotografos-2","status":"inherit","type":"attachment","link":"https:\/\/coruna2018.redeacampa.org\/gl\/medios\/09-expo-fotografos-2\/","title":{"rendered":"09 EXPO FOTOGRAFOS"},"author":18,"featured_media":0,"comment_status":"open","ping_status":"closed","template":"","meta":{"_et_pb_use_builder":"","_et_pb_old_content":"","_et_gb_content_width":"","inline_featured_image":false},"class_list":["post-38523","attachment","type-attachment","status-inherit","hentry"],"yoast_head":"<!-- This site is optimized with the Yoast SEO plugin v27.4 - https:\/\/yoast.com\/product\/yoast-seo-wordpress\/ -->\n<title>09 EXPO FOTOGRAFOS | Acampa 2018 - Pola paz e o dereito a refuxio<\/title>\n<meta name=\"robots\" content=\"index, follow, max-snippet:-1, max-image-preview:large, max-video-preview:-1\" \/>\n<link rel=\"canonical\" href=\"https:\/\/coruna2018.redeacampa.org\/gl\/medios\/09-expo-fotografos-2\/\" \/>\n<meta property=\"og:locale\" content=\"gl_ES\" \/>\n<meta property=\"og:type\" content=\"article\" \/>\n<meta property=\"og:title\" content=\"09 EXPO FOTOGRAFOS | Acampa 2018 - Pola paz e o dereito a refuxio\" \/>\n<meta property=\"og:description\" content=\"https:\/\/coruna2018.redeacampa.org\/wp-content\/uploads\/ACAMPA-09-EXPO-FOTOGRAFOS.mp3 &#8220;09 EXPO FOTOGRAFOS&#8221; en ACAMPA 2018 por ACAMPA 2018 Pola Paz e o dereito a Refuxio. Lanzamiento: 2018. G\u00e9nero: Cu\u00f1as Radio.\" \/>\n<meta property=\"og:url\" content=\"https:\/\/coruna2018.redeacampa.org\/gl\/medios\/09-expo-fotografos-2\/\" \/>\n<meta property=\"og:site_name\" content=\"Acampa 2018 - Pola paz e o dereito a refuxio\" \/>\n<meta name=\"twitter:card\" content=\"summary_large_image\" \/>\n<script type=\"application\/ld+json\" class=\"yoast-schema-graph\">{\"@context\":\"https:\\\/\\\/schema.org\",\"@graph\":[{\"@type\":\"WebPage\",\"@id\":\"https:\\\/\\\/coruna2018.redeacampa.org\\\/gl\\\/medios\\\/09-expo-fotografos-2\\\/\",\"url\":\"https:\\\/\\\/coruna2018.redeacampa.org\\\/gl\\\/medios\\\/09-expo-fotografos-2\\\/\",\"name\":\"09 EXPO FOTOGRAFOS | Acampa 2018 - Pola paz e o dereito a refuxio\",\"isPartOf\":{\"@id\":\"https:\\\/\\\/coruna2018.redeacampa.org\\\/gl\\\/#website\"},\"datePublished\":\"2018-06-04T09:44:34+00:00\",\"breadcrumb\":{\"@id\":\"https:\\\/\\\/coruna2018.redeacampa.org\\\/gl\\\/medios\\\/09-expo-fotografos-2\\\/#breadcrumb\"},\"inLanguage\":\"gl-ES\",\"potentialAction\":[{\"@type\":\"ReadAction\",\"target\":[\"https:\\\/\\\/coruna2018.redeacampa.org\\\/gl\\\/medios\\\/09-expo-fotografos-2\\\/\"]}]},{\"@type\":\"BreadcrumbList\",\"@id\":\"https:\\\/\\\/coruna2018.redeacampa.org\\\/gl\\\/medios\\\/09-expo-fotografos-2\\\/#breadcrumb\",\"itemListElement\":[{\"@type\":\"ListItem\",\"position\":1,\"name\":\"Portada\",\"item\":\"https:\\\/\\\/coruna2018.redeacampa.org\\\/gl\\\/\"},{\"@type\":\"ListItem\",\"position\":2,\"name\":\"Medios\",\"item\":\"https:\\\/\\\/coruna2018.redeacampa.org\\\/gl\\\/medios\\\/\"},{\"@type\":\"ListItem\",\"position\":3,\"name\":\"09 EXPO FOTOGRAFOS\"}]},{\"@type\":\"WebSite\",\"@id\":\"https:\\\/\\\/coruna2018.redeacampa.org\\\/gl\\\/#website\",\"url\":\"https:\\\/\\\/coruna2018.redeacampa.org\\\/gl\\\/\",\"name\":\"Acampa 2018 - Pola paz e o dereito a refuxio\",\"description\":\"Unha iniciativa cidad\u00e1 sen fins de lucro integrada por colectivos sociais, culturais, educativos, veci\u00f1ais, pol\u00edticos, sindicais, art\u00edsticos, de persoas solidarias, de instituci\u00f3ns e empresas con responsabilidade social que te\u00f1en como obxectivo a defensa dos dereitos humanos, o Dereito Internacional Humanitario e o Dereito a Refuxio.\",\"potentialAction\":[{\"@type\":\"SearchAction\",\"target\":{\"@type\":\"EntryPoint\",\"urlTemplate\":\"https:\\\/\\\/coruna2018.redeacampa.org\\\/gl\\\/?s={search_term_string}\"},\"query-input\":{\"@type\":\"PropertyValueSpecification\",\"valueRequired\":true,\"valueName\":\"search_term_string\"}}],\"inLanguage\":\"gl-ES\"}]}<\/script>\n<!-- \/ Yoast SEO plugin. -->","yoast_head_json":{"title":"09 EXPO FOTOGRAFOS | Acampa 2018 - Pola paz e o dereito a refuxio","robots":{"index":"index","follow":"follow","max-snippet":"max-snippet:-1","max-image-preview":"max-image-preview:large","max-video-preview":"max-video-preview:-1"},"canonical":"https:\/\/coruna2018.redeacampa.org\/gl\/medios\/09-expo-fotografos-2\/","og_locale":"gl_ES","og_type":"article","og_title":"09 EXPO FOTOGRAFOS | Acampa 2018 - Pola paz e o dereito a refuxio","og_description":"https:\/\/coruna2018.redeacampa.org\/wp-content\/uploads\/ACAMPA-09-EXPO-FOTOGRAFOS.mp3 &#8220;09 EXPO FOTOGRAFOS&#8221; en ACAMPA 2018 por ACAMPA 2018 Pola Paz e o dereito a Refuxio. Lanzamiento: 2018. G\u00e9nero: Cu\u00f1as Radio.","og_url":"https:\/\/coruna2018.redeacampa.org\/gl\/medios\/09-expo-fotografos-2\/","og_site_name":"Acampa 2018 - Pola paz e o dereito a refuxio","twitter_card":"summary_large_image","schema":{"@context":"https:\/\/schema.org","@graph":[{"@type":"WebPage","@id":"https:\/\/coruna2018.redeacampa.org\/gl\/medios\/09-expo-fotografos-2\/","url":"https:\/\/coruna2018.redeacampa.org\/gl\/medios\/09-expo-fotografos-2\/","name":"09 EXPO FOTOGRAFOS | Acampa 2018 - Pola paz e o dereito a refuxio","isPartOf":{"@id":"https:\/\/coruna2018.redeacampa.org\/gl\/#website"},"datePublished":"2018-06-04T09:44:34+00:00","breadcrumb":{"@id":"https:\/\/coruna2018.redeacampa.org\/gl\/medios\/09-expo-fotografos-2\/#breadcrumb"},"inLanguage":"gl-ES","potentialAction":[{"@type":"ReadAction","target":["https:\/\/coruna2018.redeacampa.org\/gl\/medios\/09-expo-fotografos-2\/"]}]},{"@type":"BreadcrumbList","@id":"https:\/\/coruna2018.redeacampa.org\/gl\/medios\/09-expo-fotografos-2\/#breadcrumb","itemListElement":[{"@type":"ListItem","position":1,"name":"Portada","item":"https:\/\/coruna2018.redeacampa.org\/gl\/"},{"@type":"ListItem","position":2,"name":"Medios","item":"https:\/\/coruna2018.redeacampa.org\/gl\/medios\/"},{"@type":"ListItem","position":3,"name":"09 EXPO FOTOGRAFOS"}]},{"@type":"WebSite","@id":"https:\/\/coruna2018.redeacampa.org\/gl\/#website","url":"https:\/\/coruna2018.redeacampa.org\/gl\/","name":"Acampa 2018 - Pola paz e o dereito a refuxio","description":"Unha iniciativa cidad\u00e1 sen fins de lucro integrada por colectivos sociais, culturais, educativos, veci\u00f1ais, pol\u00edticos, sindicais, art\u00edsticos, de persoas solidarias, de instituci\u00f3ns e empresas con responsabilidade social que te\u00f1en como obxectivo a defensa dos dereitos humanos, o Dereito Internacional Humanitario e o Dereito a Refuxio.","potentialAction":[{"@type":"SearchAction","target":{"@type":"EntryPoint","urlTemplate":"https:\/\/coruna2018.redeacampa.org\/gl\/?s={search_term_string}"},"query-input":{"@type":"PropertyValueSpecification","valueRequired":true,"valueName":"search_term_string"}}],"inLanguage":"gl-ES"}]}},"description":{"rendered":"<audio class=\"wp-audio-shortcode\" id=\"audio-38523-3\" preload=\"none\" style=\"width: 100%;\" controls=\"controls\"><source type=\"audio\/mpeg\" src=\"https:\/\/coruna2018.redeacampa.org\/wp-content\/uploads\/ACAMPA-09-EXPO-FOTOGRAFOS.mp3?_=3\" \/><a href=\"https:\/\/coruna2018.redeacampa.org\/wp-content\/uploads\/ACAMPA-09-EXPO-FOTOGRAFOS.mp3\">https:\/\/coruna2018.redeacampa.org\/wp-content\/uploads\/ACAMPA-09-EXPO-FOTOGRAFOS.mp3<\/a><\/audio>\n<p>&#8220;09 EXPO FOTOGRAFOS&#8221; en ACAMPA 2018  por ACAMPA 2018 Pola Paz e o dereito a Refuxio. Lanzamiento: 2018. G\u00e9nero: Cu\u00f1as Radio.<\/p>\n"},"caption":{"rendered":"<p>https:\/\/coruna2018.redeacampa.org\/wp-content\/uploads\/ACAMPA-09-EXPO-FOTOGRAFOS.mp3 &#8220;09 EXPO FOTOGRAFOS&#8221; en ACAMPA 2018 por ACAMPA 2018 Pola Paz e o dereito a Refuxio. Lanzamiento: 2018. G\u00e9nero: Cu\u00f1as Radio.<\/p>\n"},"alt_text":"","media_type":"file","mime_type":"audio\/mpeg","media_details":{"dataformat":"mp3","channels":2,"sample_rate":48000,"bitrate":128000,"channelmode":"stereo","bitrate_mode":"cbr","codec":"LAME","encoder":"LAME3.99r","lossless":false,"encoder_options":"CBR128","compression_ratio":0.08333333333333333,"fileformat":"mp3","filesize":385382,"mime_type":"audio\/mpeg","length":24,"length_formatted":"0:24","genre":"Cu\u00f1as Radio","text":"CUAC FM Tecnologia","album":"ACAMPA 2018","year":"2018-16-05","recording_time":"2018-16-05","title":"09 EXPO FOTOGRAFOS","artist":"ACAMPA 2018 Pola Paz e o dereito a Refuxio","sizes":{}},"post":38478,"source_url":"https:\/\/coruna2018.redeacampa.org\/wp-content\/uploads\/ACAMPA-09-EXPO-FOTOGRAFOS.mp3","_links":{"self":[{"href":"https:\/\/coruna2018.redeacampa.org\/gl\/wp-json\/wp\/v2\/media\/38523","targetHints":{"allow":["GET"]}}],"collection":[{"href":"https:\/\/coruna2018.redeacampa.org\/gl\/wp-json\/wp\/v2\/media"}],"about":[{"href":"https:\/\/coruna2018.redeacampa.org\/gl\/wp-json\/wp\/v2\/types\/attachment"}],"author":[{"embeddable":true,"href":"https:\/\/coruna2018.redeacampa.org\/gl\/wp-json\/wp\/v2\/users\/18"}],"replies":[{"embeddable":true,"href":"https:\/\/coruna2018.redeacampa.org\/gl\/wp-json\/wp\/v2\/comments?post=38523"}],"wp:attached-to":[{"embeddable":true,"post_type":"page","id":38478,"href":"https:\/\/coruna2018.redeacampa.org\/gl\/wp-json\/wp\/v2\/pages\/38478"}],"curies":[{"name":"wp","href":"https:\/\/api.w.org\/{rel}","templated":true}]}}

<!-- This site is optimized with the Yoast SEO plugin v27.4 - https://yoast.com/product/yoast-seo-wordpress/ -->
<title>09 EXPO FOTOGRAFOS | Acampa 2018 - Pola paz e o dereito a refuxio</title>
<meta name="robots" content="index, follow, max-snippet:-1, max-image-preview:large, max-video-preview:-1" />
<link rel="canonical" href="https://coruna2018.redeacampa.org/gl/medios/09-expo-fotografos-2/" />
<meta property="og:locale" content="gl_ES" />
<meta property="og:type" content="article" />
<meta property="og:title" content="09 EXPO FOTOGRAFOS | Acampa 2018 - Pola paz e o dereito a refuxio" />
<meta property="og:description" content="https://coruna2018.redeacampa.org/wp-content/uploads/ACAMPA-09-EXPO-FOTOGRAFOS.mp3 &#8220;09 EXPO FOTOGRAFOS&#8221; en ACAMPA 2018 por ACAMPA 2018 Pola Paz e o dereito a Refuxio. Lanzamiento: 2018. Género: Cuñas Radio." />
<meta property="og:url" content="https://coruna2018.redeacampa.org/gl/medios/09-expo-fotografos-2/" />
<meta property="og:site_name" content="Acampa 2018 - Pola paz e o dereito a refuxio" />
<meta name="twitter:card" content="summary_large_image" />
<script type="application/ld+json" class="yoast-schema-graph">{"@context":"https:\/\/schema.org","@graph":[{"@type":"WebPage","@id":"https:\/\/coruna2018.redeacampa.org\/gl\/medios\/09-expo-fotografos-2\/","url":"https:\/\/coruna2018.redeacampa.org\/gl\/medios\/09-expo-fotografos-2\/","name":"09 EXPO FOTOGRAFOS | Acampa 2018 - Pola paz e o dereito a refuxio","isPartOf":{"@id":"https:\/\/coruna2018.redeacampa.org\/gl\/#website"},"datePublished":"2018-06-04T09:44:34+00:00","breadcrumb":{"@id":"https:\/\/coruna2018.redeacampa.org\/gl\/medios\/09-expo-fotografos-2\/#breadcrumb"},"inLanguage":"gl-ES","potentialAction":[{"@type":"ReadAction","target":["https:\/\/coruna2018.redeacampa.org\/gl\/medios\/09-expo-fotografos-2\/"]}]},{"@type":"BreadcrumbList","@id":"https:\/\/coruna2018.redeacampa.org\/gl\/medios\/09-expo-fotografos-2\/#breadcrumb","itemListElement":[{"@type":"ListItem","position":1,"name":"Portada","item":"https:\/\/coruna2018.redeacampa.org\/gl\/"},{"@type":"ListItem","position":2,"name":"Medios","item":"https:\/\/coruna2018.redeacampa.org\/gl\/medios\/"},{"@type":"ListItem","position":3,"name":"09 EXPO FOTOGRAFOS"}]},{"@type":"WebSite","@id":"https:\/\/coruna2018.redeacampa.org\/gl\/#website","url":"https:\/\/coruna2018.redeacampa.org\/gl\/","name":"Acampa 2018 - Pola paz e o dereito a refuxio","description":"Unha iniciativa cidadá sen fins de lucro integrada por colectivos sociais, culturais, educativos, veciñais, políticos, sindicais, artísticos, de persoas solidarias, de institucións e empresas con responsabilidade social que teñen como obxectivo a defensa dos dereitos humanos, o Dereito Internacional Humanitario e o Dereito a Refuxio.","potentialAction":[{"@type":"SearchAction","target":{"@type":"EntryPoint","urlTemplate":"https:\/\/coruna2018.redeacampa.org\/gl\/?s={search_term_string}"},"query-input":{"@type":"PropertyValueSpecification","valueRequired":true,"valueName":"search_term_string"}}],"inLanguage":"gl-ES"}]}</script>
<!-- / Yoast SEO plugin. -->

https://coruna2018.redeacampa.org/wp-content/uploads/ACAMPA-09-EXPO-FOTOGRAFOS.mp3 &#8220;09 EXPO FOTOGRAFOS&#8221; en ACAMPA 2018 por ACAMPA 2018 Pola Paz e o dereito a Refuxio. Lanzamiento: 2018. Género: Cuñas Radio.

Unha iniciativa cidadá sen fins de lucro integrada por colectivos sociais, culturais, educativos, veciñais, políticos, sindicais, artísticos, de persoas solidarias, de institucións e empresas con responsabilidade social que teñen como obxectivo a defensa dos dereitos humanos, o Dereito Internacional Humanitario e o Dereito a Refuxio.

<audio class="wp-audio-shortcode" id="audio-38523-3" preload="none" style="width: 100%;" controls="controls"><source type="audio/mpeg" src="https://coruna2018.redeacampa.org/wp-content/uploads/ACAMPA-09-EXPO-FOTOGRAFOS.mp3?_=3" /><a href="https://coruna2018.redeacampa.org/wp-content/uploads/ACAMPA-09-EXPO-FOTOGRAFOS.mp3">https://coruna2018.redeacampa.org/wp-content/uploads/ACAMPA-09-EXPO-FOTOGRAFOS.mp3</a></audio>
<p>&#8220;09 EXPO FOTOGRAFOS&#8221; en ACAMPA 2018  por ACAMPA 2018 Pola Paz e o dereito a Refuxio. Lanzamiento: 2018. Género: Cuñas Radio.</p>

<p>https://coruna2018.redeacampa.org/wp-content/uploads/ACAMPA-09-EXPO-FOTOGRAFOS.mp3 &#8220;09 EXPO FOTOGRAFOS&#8221; en ACAMPA 2018 por ACAMPA 2018 Pola Paz e o dereito a Refuxio. Lanzamiento: 2018. Género: Cuñas Radio.</p>

Cuñas Radio
