{"id":39027,"date":"2018-06-11T09:39:25","date_gmt":"2018-06-11T07:39:25","guid":{"rendered":"https:\/\/www.acampa.eu\/events\/avaliacion-do-evento-de-sensibilizacion-acampa-2018-pola-paz-e-o-dereito-ao-refuxio\/"},"modified":"2018-06-12T12:34:08","modified_gmt":"2018-06-12T10:34:08","slug":"avaliacion-do-evento-de-sensibilizacion-acampa-2018-pola-paz-e-o-dereito-ao-refuxio","status":"publish","type":"ajde_events","link":"https:\/\/coruna2018.redeacampa.org\/gl\/events\/avaliacion-do-evento-de-sensibilizacion-acampa-2018-pola-paz-e-o-dereito-ao-refuxio\/","title":{"rendered":"Avaliaci\u00f3n do evento de sensibilizaci\u00f3n &#8220;Acampa 2018 pola Paz e o Dereito ao Refuxio&#8221;"},"content":{"rendered":"<p>Avaliar \u00e9 unha funci\u00f3n fundamental \u00e1 hora de levar a cabo calquer proxecto, e m\u00e1is cando estamos a falar dun proxecto de sensibilizaci\u00f3n desta embergadura. O obxectivo principal que pretendemos acadar \u00e9 inquirir o impacto sensibilizador das diferentes actividades que se levan a cabo ao longo dos tres d\u00edas que dura o evento\u00a0Acampa pola paz e o dereito ao refuxio 2018\u00a0sobre a cidadan\u00eda que se achegue e participe nas mesmas. Para conseguilo empregarase unha metodolox\u00eda mixta utilizando t\u00e9cnicas de recollida de datos m\u00e1is cuantitativas como \u00e9 a enquisa, e t\u00e9cnicas m\u00e1is cualitaticas como \u00e9 a observaci\u00f3n.<\/p>\n<p>Avaliar o impacto dun evento como este non \u00e9 sinxelo, pois son moitas as actividades que se desenvolven nestas xornadas e prec\u00edsanse de cantas m\u00e1is mans mellor, polo que o traballo en equipo \u00e9 unha tarefa fundamental nesta avaliaci\u00f3n.<\/p>\n<p>Lorena Boga, apoiada pola t\u00e9cnica da OCV Lorena Rilo e profesora da UDC Iria V\u00e1zquez, conta coa colaboraci\u00f3n dun equipo de mozas voluntarias formadas en diferentes disciplinas do \u00e1mbito social que a apoiar\u00e1n para po\u00f1er en pr\u00e1ctica estas ferramentas de recollida de datos. Elas son Araceli Mac\u00edas (Educadora Social), Helena L\u00f3pez (Soci\u00f3loga), Mar\u00eda Alonso (Terapeuta Ocupacional), Paola Berm\u00fadez (Educadora Social) e Vanessa M\u00edguez (Soci\u00f3loga), unha equipa multidisplinar que poder\u00e1 aportar m\u00faltiples puntos de vista a avaliaci\u00f3n.<\/p>\n<p>Con todo isto, pers\u00e9guese elaborar un informe final cos datos obtidos e que nos permitan dar visibilidade ao gran traballo que se realiza en Acampa, ver en que medida se est\u00e1n cumplindo os obxectivos marcados, e recoller as opini\u00f3ns e suxerencias da cidadan\u00eda para ir mellorando ano tras ano.<\/p>\n","protected":false},"author":2,"featured_media":0,"menu_order":0,"comment_status":"open","ping_status":"closed","template":"","meta":{"_et_pb_use_builder":"","_et_pb_old_content":"","_et_gb_content_width":"","inline_featured_image":false},"tags":[],"event_type":[203],"event_type_2":[],"class_list":["post-39027","ajde_events","type-ajde_events","status-publish","hentry","event_type-2018-actividades-paralelas-gl"],"yoast_head":"<!-- This site is optimized with the Yoast SEO plugin v27.4 - https:\/\/yoast.com\/product\/yoast-seo-wordpress\/ -->\n<title>Avaliaci\u00f3n do evento de sensibilizaci\u00f3n &quot;Acampa 2018 pola Paz e o Dereito ao Refuxio&quot; | Acampa 2018 - Pola paz e o dereito a refuxio<\/title>\n<meta name=\"robots\" content=\"index, follow, max-snippet:-1, max-image-preview:large, max-video-preview:-1\" \/>\n<link rel=\"canonical\" href=\"https:\/\/coruna2018.redeacampa.org\/gl\/events\/avaliacion-do-evento-de-sensibilizacion-acampa-2018-pola-paz-e-o-dereito-ao-refuxio\/\" \/>\n<meta property=\"og:locale\" content=\"gl_ES\" \/>\n<meta property=\"og:type\" content=\"article\" \/>\n<meta property=\"og:title\" content=\"Avaliaci\u00f3n do evento de sensibilizaci\u00f3n &quot;Acampa 2018 pola Paz e o Dereito ao Refuxio&quot; | Acampa 2018 - Pola paz e o dereito a refuxio\" \/>\n<meta property=\"og:description\" content=\"Avaliar \u00e9 unha funci\u00f3n fundamental \u00e1 hora de levar a cabo calquer proxecto, e m\u00e1is cando estamos a falar dun proxecto de sensibilizaci\u00f3n desta embergadura. O obxectivo principal que pretendemos acadar \u00e9 inquirir o impacto sensibilizador das diferentes actividades que se levan a cabo ao longo dos tres d\u00edas que dura o evento\u00a0Acampa pola paz [&hellip;]\" \/>\n<meta property=\"og:url\" content=\"https:\/\/coruna2018.redeacampa.org\/gl\/events\/avaliacion-do-evento-de-sensibilizacion-acampa-2018-pola-paz-e-o-dereito-ao-refuxio\/\" \/>\n<meta property=\"og:site_name\" content=\"Acampa 2018 - Pola paz e o dereito a refuxio\" \/>\n<meta property=\"article:modified_time\" content=\"2018-06-12T10:34:08+00:00\" \/>\n<meta name=\"twitter:card\" content=\"summary_large_image\" \/>\n<meta name=\"twitter:label1\" content=\"Tempo de lectura\" \/>\n\t<meta name=\"twitter:data1\" content=\"1 minuto\" \/>\n<script type=\"application\/ld+json\" class=\"yoast-schema-graph\">{\"@context\":\"https:\\\/\\\/schema.org\",\"@graph\":[{\"@type\":\"WebPage\",\"@id\":\"https:\\\/\\\/coruna2018.redeacampa.org\\\/gl\\\/events\\\/avaliacion-do-evento-de-sensibilizacion-acampa-2018-pola-paz-e-o-dereito-ao-refuxio\\\/\",\"url\":\"https:\\\/\\\/coruna2018.redeacampa.org\\\/gl\\\/events\\\/avaliacion-do-evento-de-sensibilizacion-acampa-2018-pola-paz-e-o-dereito-ao-refuxio\\\/\",\"name\":\"Avaliaci\u00f3n do evento de sensibilizaci\u00f3n \\\"Acampa 2018 pola Paz e o Dereito ao Refuxio\\\" | Acampa 2018 - Pola paz e o dereito a refuxio\",\"isPartOf\":{\"@id\":\"https:\\\/\\\/coruna2018.redeacampa.org\\\/gl\\\/#website\"},\"datePublished\":\"2018-06-11T07:39:25+00:00\",\"dateModified\":\"2018-06-12T10:34:08+00:00\",\"breadcrumb\":{\"@id\":\"https:\\\/\\\/coruna2018.redeacampa.org\\\/gl\\\/events\\\/avaliacion-do-evento-de-sensibilizacion-acampa-2018-pola-paz-e-o-dereito-ao-refuxio\\\/#breadcrumb\"},\"inLanguage\":\"gl-ES\",\"potentialAction\":[{\"@type\":\"ReadAction\",\"target\":[\"https:\\\/\\\/coruna2018.redeacampa.org\\\/gl\\\/events\\\/avaliacion-do-evento-de-sensibilizacion-acampa-2018-pola-paz-e-o-dereito-ao-refuxio\\\/\"]}]},{\"@type\":\"BreadcrumbList\",\"@id\":\"https:\\\/\\\/coruna2018.redeacampa.org\\\/gl\\\/events\\\/avaliacion-do-evento-de-sensibilizacion-acampa-2018-pola-paz-e-o-dereito-ao-refuxio\\\/#breadcrumb\",\"itemListElement\":[{\"@type\":\"ListItem\",\"position\":1,\"name\":\"Portada\",\"item\":\"https:\\\/\\\/coruna2018.redeacampa.org\\\/gl\\\/\"},{\"@type\":\"ListItem\",\"position\":2,\"name\":\"Events\",\"item\":\"https:\\\/\\\/coruna2018.redeacampa.org\\\/gl\\\/events\\\/\"},{\"@type\":\"ListItem\",\"position\":3,\"name\":\"Avaliaci\u00f3n do evento de sensibilizaci\u00f3n &#8220;Acampa 2018 pola Paz e o Dereito ao Refuxio&#8221;\"}]},{\"@type\":\"WebSite\",\"@id\":\"https:\\\/\\\/coruna2018.redeacampa.org\\\/gl\\\/#website\",\"url\":\"https:\\\/\\\/coruna2018.redeacampa.org\\\/gl\\\/\",\"name\":\"Acampa 2018 - Pola paz e o dereito a refuxio\",\"description\":\"Unha iniciativa cidad\u00e1 sen fins de lucro integrada por colectivos sociais, culturais, educativos, veci\u00f1ais, pol\u00edticos, sindicais, art\u00edsticos, de persoas solidarias, de instituci\u00f3ns e empresas con responsabilidade social que te\u00f1en como obxectivo a defensa dos dereitos humanos, o Dereito Internacional Humanitario e o Dereito a Refuxio.\",\"potentialAction\":[{\"@type\":\"SearchAction\",\"target\":{\"@type\":\"EntryPoint\",\"urlTemplate\":\"https:\\\/\\\/coruna2018.redeacampa.org\\\/gl\\\/?s={search_term_string}\"},\"query-input\":{\"@type\":\"PropertyValueSpecification\",\"valueRequired\":true,\"valueName\":\"search_term_string\"}}],\"inLanguage\":\"gl-ES\"}]}<\/script>\n<!-- \/ Yoast SEO plugin. -->","yoast_head_json":{"title":"Avaliaci\u00f3n do evento de sensibilizaci\u00f3n \"Acampa 2018 pola Paz e o Dereito ao Refuxio\" | Acampa 2018 - Pola paz e o dereito a refuxio","robots":{"index":"index","follow":"follow","max-snippet":"max-snippet:-1","max-image-preview":"max-image-preview:large","max-video-preview":"max-video-preview:-1"},"canonical":"https:\/\/coruna2018.redeacampa.org\/gl\/events\/avaliacion-do-evento-de-sensibilizacion-acampa-2018-pola-paz-e-o-dereito-ao-refuxio\/","og_locale":"gl_ES","og_type":"article","og_title":"Avaliaci\u00f3n do evento de sensibilizaci\u00f3n \"Acampa 2018 pola Paz e o Dereito ao Refuxio\" | Acampa 2018 - Pola paz e o dereito a refuxio","og_description":"Avaliar \u00e9 unha funci\u00f3n fundamental \u00e1 hora de levar a cabo calquer proxecto, e m\u00e1is cando estamos a falar dun proxecto de sensibilizaci\u00f3n desta embergadura. O obxectivo principal que pretendemos acadar \u00e9 inquirir o impacto sensibilizador das diferentes actividades que se levan a cabo ao longo dos tres d\u00edas que dura o evento\u00a0Acampa pola paz [&hellip;]","og_url":"https:\/\/coruna2018.redeacampa.org\/gl\/events\/avaliacion-do-evento-de-sensibilizacion-acampa-2018-pola-paz-e-o-dereito-ao-refuxio\/","og_site_name":"Acampa 2018 - Pola paz e o dereito a refuxio","article_modified_time":"2018-06-12T10:34:08+00:00","twitter_card":"summary_large_image","twitter_misc":{"Tempo de lectura":"1 minuto"},"schema":{"@context":"https:\/\/schema.org","@graph":[{"@type":"WebPage","@id":"https:\/\/coruna2018.redeacampa.org\/gl\/events\/avaliacion-do-evento-de-sensibilizacion-acampa-2018-pola-paz-e-o-dereito-ao-refuxio\/","url":"https:\/\/coruna2018.redeacampa.org\/gl\/events\/avaliacion-do-evento-de-sensibilizacion-acampa-2018-pola-paz-e-o-dereito-ao-refuxio\/","name":"Avaliaci\u00f3n do evento de sensibilizaci\u00f3n \"Acampa 2018 pola Paz e o Dereito ao Refuxio\" | Acampa 2018 - Pola paz e o dereito a refuxio","isPartOf":{"@id":"https:\/\/coruna2018.redeacampa.org\/gl\/#website"},"datePublished":"2018-06-11T07:39:25+00:00","dateModified":"2018-06-12T10:34:08+00:00","breadcrumb":{"@id":"https:\/\/coruna2018.redeacampa.org\/gl\/events\/avaliacion-do-evento-de-sensibilizacion-acampa-2018-pola-paz-e-o-dereito-ao-refuxio\/#breadcrumb"},"inLanguage":"gl-ES","potentialAction":[{"@type":"ReadAction","target":["https:\/\/coruna2018.redeacampa.org\/gl\/events\/avaliacion-do-evento-de-sensibilizacion-acampa-2018-pola-paz-e-o-dereito-ao-refuxio\/"]}]},{"@type":"BreadcrumbList","@id":"https:\/\/coruna2018.redeacampa.org\/gl\/events\/avaliacion-do-evento-de-sensibilizacion-acampa-2018-pola-paz-e-o-dereito-ao-refuxio\/#breadcrumb","itemListElement":[{"@type":"ListItem","position":1,"name":"Portada","item":"https:\/\/coruna2018.redeacampa.org\/gl\/"},{"@type":"ListItem","position":2,"name":"Events","item":"https:\/\/coruna2018.redeacampa.org\/gl\/events\/"},{"@type":"ListItem","position":3,"name":"Avaliaci\u00f3n do evento de sensibilizaci\u00f3n &#8220;Acampa 2018 pola Paz e o Dereito ao Refuxio&#8221;"}]},{"@type":"WebSite","@id":"https:\/\/coruna2018.redeacampa.org\/gl\/#website","url":"https:\/\/coruna2018.redeacampa.org\/gl\/","name":"Acampa 2018 - Pola paz e o dereito a refuxio","description":"Unha iniciativa cidad\u00e1 sen fins de lucro integrada por colectivos sociais, culturais, educativos, veci\u00f1ais, pol\u00edticos, sindicais, art\u00edsticos, de persoas solidarias, de instituci\u00f3ns e empresas con responsabilidade social que te\u00f1en como obxectivo a defensa dos dereitos humanos, o Dereito Internacional Humanitario e o Dereito a Refuxio.","potentialAction":[{"@type":"SearchAction","target":{"@type":"EntryPoint","urlTemplate":"https:\/\/coruna2018.redeacampa.org\/gl\/?s={search_term_string}"},"query-input":{"@type":"PropertyValueSpecification","valueRequired":true,"valueName":"search_term_string"}}],"inLanguage":"gl-ES"}]}},"_links":{"self":[{"href":"https:\/\/coruna2018.redeacampa.org\/gl\/wp-json\/wp\/v2\/ajde_events\/39027","targetHints":{"allow":["GET"]}}],"collection":[{"href":"https:\/\/coruna2018.redeacampa.org\/gl\/wp-json\/wp\/v2\/ajde_events"}],"about":[{"href":"https:\/\/coruna2018.redeacampa.org\/gl\/wp-json\/wp\/v2\/types\/ajde_events"}],"author":[{"embeddable":true,"href":"https:\/\/coruna2018.redeacampa.org\/gl\/wp-json\/wp\/v2\/users\/2"}],"replies":[{"embeddable":true,"href":"https:\/\/coruna2018.redeacampa.org\/gl\/wp-json\/wp\/v2\/comments?post=39027"}],"wp:attachment":[{"href":"https:\/\/coruna2018.redeacampa.org\/gl\/wp-json\/wp\/v2\/media?parent=39027"}],"wp:term":[{"taxonomy":"post_tag","embeddable":true,"href":"https:\/\/coruna2018.redeacampa.org\/gl\/wp-json\/wp\/v2\/tags?post=39027"},{"taxonomy":"event_type","embeddable":true,"href":"https:\/\/coruna2018.redeacampa.org\/gl\/wp-json\/wp\/v2\/event_type?post=39027"},{"taxonomy":"event_type_2","embeddable":true,"href":"https:\/\/coruna2018.redeacampa.org\/gl\/wp-json\/wp\/v2\/event_type_2?post=39027"}],"curies":[{"name":"wp","href":"https:\/\/api.w.org\/{rel}","templated":true}]}}

Avaliación do evento de sensibilización &#8220;Acampa 2018 pola Paz e o Dereito ao Refuxio&#8221;

<p>Avaliar é unha función fundamental á hora de levar a cabo calquer proxecto, e máis cando estamos a falar dun proxecto de sensibilización desta embergadura. O obxectivo principal que pretendemos acadar é inquirir o impacto sensibilizador das diferentes actividades que se levan a cabo ao longo dos tres días que dura o evento Acampa pola paz e o dereito ao refuxio 2018 sobre a cidadanía que se achegue e participe nas mesmas. Para conseguilo empregarase unha metodoloxía mixta utilizando técnicas de recollida de datos máis cuantitativas como é a enquisa, e técnicas máis cualitaticas como é a observación.</p>
<p>Avaliar o impacto dun evento como este non é sinxelo, pois son moitas as actividades que se desenvolven nestas xornadas e precísanse de cantas máis mans mellor, polo que o traballo en equipo é unha tarefa fundamental nesta avaliación.</p>
<p>Lorena Boga, apoiada pola técnica da OCV Lorena Rilo e profesora da UDC Iria Vázquez, conta coa colaboración dun equipo de mozas voluntarias formadas en diferentes disciplinas do ámbito social que a apoiarán para poñer en práctica estas ferramentas de recollida de datos. Elas son Araceli Macías (Educadora Social), Helena López (Socióloga), María Alonso (Terapeuta Ocupacional), Paola Bermúdez (Educadora Social) e Vanessa Míguez (Socióloga), unha equipa multidisplinar que poderá aportar múltiples puntos de vista a avaliación.</p>
<p>Con todo isto, perséguese elaborar un informe final cos datos obtidos e que nos permitan dar visibilidade ao gran traballo que se realiza en Acampa, ver en que medida se están cumplindo os obxectivos marcados, e recoller as opinións e suxerencias da cidadanía para ir mellorando ano tras ano.</p>

<!-- This site is optimized with the Yoast SEO plugin v27.4 - https://yoast.com/product/yoast-seo-wordpress/ -->
<title>Avaliación do evento de sensibilización &quot;Acampa 2018 pola Paz e o Dereito ao Refuxio&quot; | Acampa 2018 - Pola paz e o dereito a refuxio</title>
<meta name="robots" content="index, follow, max-snippet:-1, max-image-preview:large, max-video-preview:-1" />
<link rel="canonical" href="https://coruna2018.redeacampa.org/gl/events/avaliacion-do-evento-de-sensibilizacion-acampa-2018-pola-paz-e-o-dereito-ao-refuxio/" />
<meta property="og:locale" content="gl_ES" />
<meta property="og:type" content="article" />
<meta property="og:title" content="Avaliación do evento de sensibilización &quot;Acampa 2018 pola Paz e o Dereito ao Refuxio&quot; | Acampa 2018 - Pola paz e o dereito a refuxio" />
<meta property="og:description" content="Avaliar é unha función fundamental á hora de levar a cabo calquer proxecto, e máis cando estamos a falar dun proxecto de sensibilización desta embergadura. O obxectivo principal que pretendemos acadar é inquirir o impacto sensibilizador das diferentes actividades que se levan a cabo ao longo dos tres días que dura o evento Acampa pola paz [&hellip;]" />
<meta property="og:url" content="https://coruna2018.redeacampa.org/gl/events/avaliacion-do-evento-de-sensibilizacion-acampa-2018-pola-paz-e-o-dereito-ao-refuxio/" />
<meta property="og:site_name" content="Acampa 2018 - Pola paz e o dereito a refuxio" />
<meta property="article:modified_time" content="2018-06-12T10:34:08+00:00" />
<meta name="twitter:card" content="summary_large_image" />
<meta name="twitter:label1" content="Tempo de lectura" />
	<meta name="twitter:data1" content="1 minuto" />
<script type="application/ld+json" class="yoast-schema-graph">{"@context":"https:\/\/schema.org","@graph":[{"@type":"WebPage","@id":"https:\/\/coruna2018.redeacampa.org\/gl\/events\/avaliacion-do-evento-de-sensibilizacion-acampa-2018-pola-paz-e-o-dereito-ao-refuxio\/","url":"https:\/\/coruna2018.redeacampa.org\/gl\/events\/avaliacion-do-evento-de-sensibilizacion-acampa-2018-pola-paz-e-o-dereito-ao-refuxio\/","name":"Avaliación do evento de sensibilización \"Acampa 2018 pola Paz e o Dereito ao Refuxio\" | Acampa 2018 - Pola paz e o dereito a refuxio","isPartOf":{"@id":"https:\/\/coruna2018.redeacampa.org\/gl\/#website"},"datePublished":"2018-06-11T07:39:25+00:00","dateModified":"2018-06-12T10:34:08+00:00","breadcrumb":{"@id":"https:\/\/coruna2018.redeacampa.org\/gl\/events\/avaliacion-do-evento-de-sensibilizacion-acampa-2018-pola-paz-e-o-dereito-ao-refuxio\/#breadcrumb"},"inLanguage":"gl-ES","potentialAction":[{"@type":"ReadAction","target":["https:\/\/coruna2018.redeacampa.org\/gl\/events\/avaliacion-do-evento-de-sensibilizacion-acampa-2018-pola-paz-e-o-dereito-ao-refuxio\/"]}]},{"@type":"BreadcrumbList","@id":"https:\/\/coruna2018.redeacampa.org\/gl\/events\/avaliacion-do-evento-de-sensibilizacion-acampa-2018-pola-paz-e-o-dereito-ao-refuxio\/#breadcrumb","itemListElement":[{"@type":"ListItem","position":1,"name":"Portada","item":"https:\/\/coruna2018.redeacampa.org\/gl\/"},{"@type":"ListItem","position":2,"name":"Events","item":"https:\/\/coruna2018.redeacampa.org\/gl\/events\/"},{"@type":"ListItem","position":3,"name":"Avaliación do evento de sensibilización &#8220;Acampa 2018 pola Paz e o Dereito ao Refuxio&#8221;"}]},{"@type":"WebSite","@id":"https:\/\/coruna2018.redeacampa.org\/gl\/#website","url":"https:\/\/coruna2018.redeacampa.org\/gl\/","name":"Acampa 2018 - Pola paz e o dereito a refuxio","description":"Unha iniciativa cidadá sen fins de lucro integrada por colectivos sociais, culturais, educativos, veciñais, políticos, sindicais, artísticos, de persoas solidarias, de institucións e empresas con responsabilidade social que teñen como obxectivo a defensa dos dereitos humanos, o Dereito Internacional Humanitario e o Dereito a Refuxio.","potentialAction":[{"@type":"SearchAction","target":{"@type":"EntryPoint","urlTemplate":"https:\/\/coruna2018.redeacampa.org\/gl\/?s={search_term_string}"},"query-input":{"@type":"PropertyValueSpecification","valueRequired":true,"valueName":"search_term_string"}}],"inLanguage":"gl-ES"}]}</script>
<!-- / Yoast SEO plugin. -->

Avaliación do evento de sensibilización "Acampa 2018 pola Paz e o Dereito ao Refuxio" | Acampa 2018 - Pola paz e o dereito a refuxio

Avaliar é unha función fundamental á hora de levar a cabo calquer proxecto, e máis cando estamos a falar dun proxecto de sensibilización desta embergadura. O obxectivo principal que pretendemos acadar é inquirir o impacto sensibilizador das diferentes actividades que se levan a cabo ao longo dos tres días que dura o evento Acampa pola paz [&hellip;]

Unha iniciativa cidadá sen fins de lucro integrada por colectivos sociais, culturais, educativos, veciñais, políticos, sindicais, artísticos, de persoas solidarias, de institucións e empresas con responsabilidade social que teñen como obxectivo a defensa dos dereitos humanos, o Dereito Internacional Humanitario e o Dereito a Refuxio.
