{"id":38756,"date":"2018-06-07T09:50:21","date_gmt":"2018-06-07T07:50:21","guid":{"rendered":"https:\/\/www.acampa.eu\/events\/exit\/"},"modified":"2018-06-11T14:33:18","modified_gmt":"2018-06-11T12:33:18","slug":"exit","status":"publish","type":"ajde_events","link":"https:\/\/coruna2018.redeacampa.org\/gl\/events\/exit\/","title":{"rendered":"Exit"},"content":{"rendered":"<h2><strong>EXIT<\/strong><\/h2>\n<p><img loading=\"lazy\" decoding=\"async\" class=\"alignnone wp-image-39049 size-medium\" src=\"\/wp-content\/uploads\/EXIT-3-214x300.jpg\" alt=\"EXIT\" width=\"214\" height=\"300\" srcset=\"https:\/\/coruna2018.redeacampa.org\/wp-content\/uploads\/EXIT-3-214x300.jpg 214w, https:\/\/coruna2018.redeacampa.org\/wp-content\/uploads\/EXIT-3.jpg 685w\" sizes=\"(max-width: 214px) 100vw, 214px\" \/><\/p>\n<p>\u00c9 unha banda de versi\u00f3ns nada no ano 2008. Orixinariamente creouse para ser o grupo residente da prestixiosa sala Mardi Gras da Coru\u00f1a, un dos clubs de m\u00fasica en directo m\u00e1is importantes do territorio nacional. \u00c9 al\u00ed onde desenvolveu a maior parte da s\u00faa actividade, tocando cada noite de xoves e cultivando m\u00faltiples cheos e unha lexi\u00f3n de admiradores. Ademais cabe destacar a s\u00faa participaci\u00f3n en festivais e eventos como o Noroeste Pop Rock ou o Nordestazo de Malpica.<\/p>\n<p>O repertorio de EXIT, que actualmente conta con m\u00e1is de 250 temas, est\u00e1 infestado de cl\u00e1sicos da historia do rock de diferentes d\u00e9cadas. Todos eles himnos que transportan \u00e1 audiencia \u00e1s mellores \u00e9pocas das grandes bandas rockeiras. O seu son, puro e refinado, converteulles nunha das mellores e mais reputadas bandas de versi\u00f3ns da actualidade, feito que v\u00e9n avalado pola fidelidade dun p\u00fablico que lles fixo ser os \u00fanicos sobreviventes da programaci\u00f3n estable na escena de salas coru\u00f1esas de m\u00fasica en directo. Moitas foron as cri\u0301ticas que deixaron constancia do bo facer da banda, algunhas delas inclu\u00eddas en diarios como La Opini\u00f3n ou La Voz de Galicia, ou en webs especializadas como empuje.net ou Inframundo Corun\u0303a.<\/p>\n<p>Bowie, Kiss, AC\/ DC, Rolling Stones, Ramones, Led Zeppelin, Hendrix&#8230; son s\u00f3 alg\u00fans dos artistas que EXIT leva ao escenario nas s\u00faas actuaci\u00f3ns, facendo delas unha aut\u00e9ntica \u00e9xtase para calquera afeccionado \u00e1 m\u00fasica. A formaci\u00f3n actual consta de Ton Eir\u00edn \u00e1 voz principal, guitarra e harm\u00f3nica, JC Nogueira \u00e1 guitarra e voces, Lago Doval \u00e1 bater\u00eda e Miguel Su\u00e1rez ao baixo e voces.<\/p>\n<div class=\"page\" title=\"Page 4\">\n<div class=\"layoutArea\">\n<div class=\"column\">\n<p><strong>Enlaces Web<br \/>\n<\/strong><\/p>\n<\/div>\n<\/div>\n<div class=\"layoutArea\">\n<div class=\"column\">\n<p><a href=\"http:\/\/www.salamardigras.com\">www.salamardigras.com<\/a><br \/>\n<a href=\"http:\/\/www.facebook.com\/exitrocks\">www.facebook.com\/exitrocks<\/a><\/p>\n<p><strong>Enlaces de V\u00eddeo<br \/>\n<\/strong><\/p>\n<p><a href=\"http:\/\/www.youtube.com\/playlist?list=PLmGwfexukKYd8ESJRnxSeG3gyotWo7ScP\">http:\/\/www.youtube.com\/playlist?list=PLmGwfexukKYd8ESJRnxSeG3gyotWo7ScP<\/a><br \/>\n<a href=\"http:\/\/www.youtube.com\/playlist?list=PLmGwfexukKYcXVBMEToEpNfHWzv5J64iK\">http:\/\/www.youtube.com\/playlist?list=PLmGwfexukKYcXVBMEToEpNfHWzv5J64iK<\/a><br \/>\n<a href=\"https:\/\/www.youtube.com\/watch?v=o-sz-o8i-Pc\">https:\/\/www.youtube.com\/watch?v=o-sz-o8i-Pc<\/a><\/p>\n<\/div>\n<\/div>\n<\/div>\n","protected":false},"author":2,"featured_media":39044,"menu_order":0,"comment_status":"open","ping_status":"closed","template":"","meta":{"_et_pb_use_builder":"","_et_pb_old_content":"","_et_gb_content_width":"","inline_featured_image":false},"tags":[],"event_type":[178,163,109],"event_type_2":[],"class_list":["post-38756","ajde_events","type-ajde_events","status-publish","has-post-thumbnail","hentry","event_location-carpa-central-gl","event_type-14-06-18-gl","event_type-2018-concertos-gl","event_type-2018-programa-gl"],"yoast_head":"<!-- This site is optimized with the Yoast SEO plugin v27.4 - https:\/\/yoast.com\/product\/yoast-seo-wordpress\/ -->\n<title>Exit | Acampa 2018 - Pola paz e o dereito a refuxio<\/title>\n<meta name=\"robots\" content=\"index, follow, max-snippet:-1, max-image-preview:large, max-video-preview:-1\" \/>\n<link rel=\"canonical\" href=\"https:\/\/coruna2018.redeacampa.org\/gl\/events\/exit\/\" \/>\n<meta property=\"og:locale\" content=\"gl_ES\" \/>\n<meta property=\"og:type\" content=\"article\" \/>\n<meta property=\"og:title\" content=\"Exit | Acampa 2018 - Pola paz e o dereito a refuxio\" \/>\n<meta property=\"og:description\" content=\"EXIT \u00c9 unha banda de versi\u00f3ns nada no ano 2008. Orixinariamente creouse para ser o grupo residente da prestixiosa sala Mardi Gras da Coru\u00f1a, un dos clubs de m\u00fasica en directo m\u00e1is importantes do territorio nacional. \u00c9 al\u00ed onde desenvolveu a maior parte da s\u00faa actividade, tocando cada noite de xoves e cultivando m\u00faltiples cheos [&hellip;]\" \/>\n<meta property=\"og:url\" content=\"https:\/\/coruna2018.redeacampa.org\/gl\/events\/exit\/\" \/>\n<meta property=\"og:site_name\" content=\"Acampa 2018 - Pola paz e o dereito a refuxio\" \/>\n<meta property=\"article:modified_time\" content=\"2018-06-11T12:33:18+00:00\" \/>\n<meta property=\"og:image\" content=\"https:\/\/coruna2018.redeacampa.org\/wp-content\/uploads\/exit-1-724x1024.jpg\" \/>\n\t<meta property=\"og:image:width\" content=\"724\" \/>\n\t<meta property=\"og:image:height\" content=\"1024\" \/>\n\t<meta property=\"og:image:type\" content=\"image\/jpeg\" \/>\n<meta name=\"twitter:card\" content=\"summary_large_image\" \/>\n<meta name=\"twitter:label1\" content=\"Tempo de lectura\" \/>\n\t<meta name=\"twitter:data1\" content=\"2 minutos\" \/>\n<script type=\"application\/ld+json\" class=\"yoast-schema-graph\">{\"@context\":\"https:\\\/\\\/schema.org\",\"@graph\":[{\"@type\":\"WebPage\",\"@id\":\"https:\\\/\\\/coruna2018.redeacampa.org\\\/gl\\\/events\\\/exit\\\/\",\"url\":\"https:\\\/\\\/coruna2018.redeacampa.org\\\/gl\\\/events\\\/exit\\\/\",\"name\":\"Exit | Acampa 2018 - Pola paz e o dereito a refuxio\",\"isPartOf\":{\"@id\":\"https:\\\/\\\/coruna2018.redeacampa.org\\\/gl\\\/#website\"},\"primaryImageOfPage\":{\"@id\":\"https:\\\/\\\/coruna2018.redeacampa.org\\\/gl\\\/events\\\/exit\\\/#primaryimage\"},\"image\":{\"@id\":\"https:\\\/\\\/coruna2018.redeacampa.org\\\/gl\\\/events\\\/exit\\\/#primaryimage\"},\"thumbnailUrl\":\"https:\\\/\\\/coruna2018.redeacampa.org\\\/wp-content\\\/uploads\\\/exit-1.jpg\",\"datePublished\":\"2018-06-07T07:50:21+00:00\",\"dateModified\":\"2018-06-11T12:33:18+00:00\",\"breadcrumb\":{\"@id\":\"https:\\\/\\\/coruna2018.redeacampa.org\\\/gl\\\/events\\\/exit\\\/#breadcrumb\"},\"inLanguage\":\"gl-ES\",\"potentialAction\":[{\"@type\":\"ReadAction\",\"target\":[\"https:\\\/\\\/coruna2018.redeacampa.org\\\/gl\\\/events\\\/exit\\\/\"]}]},{\"@type\":\"ImageObject\",\"inLanguage\":\"gl-ES\",\"@id\":\"https:\\\/\\\/coruna2018.redeacampa.org\\\/gl\\\/events\\\/exit\\\/#primaryimage\",\"url\":\"https:\\\/\\\/coruna2018.redeacampa.org\\\/wp-content\\\/uploads\\\/exit-1.jpg\",\"contentUrl\":\"https:\\\/\\\/coruna2018.redeacampa.org\\\/wp-content\\\/uploads\\\/exit-1.jpg\",\"width\":2480,\"height\":3508,\"caption\":\"EXIT\"},{\"@type\":\"BreadcrumbList\",\"@id\":\"https:\\\/\\\/coruna2018.redeacampa.org\\\/gl\\\/events\\\/exit\\\/#breadcrumb\",\"itemListElement\":[{\"@type\":\"ListItem\",\"position\":1,\"name\":\"Portada\",\"item\":\"https:\\\/\\\/coruna2018.redeacampa.org\\\/gl\\\/\"},{\"@type\":\"ListItem\",\"position\":2,\"name\":\"Events\",\"item\":\"https:\\\/\\\/coruna2018.redeacampa.org\\\/gl\\\/events\\\/\"},{\"@type\":\"ListItem\",\"position\":3,\"name\":\"Exit\"}]},{\"@type\":\"WebSite\",\"@id\":\"https:\\\/\\\/coruna2018.redeacampa.org\\\/gl\\\/#website\",\"url\":\"https:\\\/\\\/coruna2018.redeacampa.org\\\/gl\\\/\",\"name\":\"Acampa 2018 - Pola paz e o dereito a refuxio\",\"description\":\"Unha iniciativa cidad\u00e1 sen fins de lucro integrada por colectivos sociais, culturais, educativos, veci\u00f1ais, pol\u00edticos, sindicais, art\u00edsticos, de persoas solidarias, de instituci\u00f3ns e empresas con responsabilidade social que te\u00f1en como obxectivo a defensa dos dereitos humanos, o Dereito Internacional Humanitario e o Dereito a Refuxio.\",\"potentialAction\":[{\"@type\":\"SearchAction\",\"target\":{\"@type\":\"EntryPoint\",\"urlTemplate\":\"https:\\\/\\\/coruna2018.redeacampa.org\\\/gl\\\/?s={search_term_string}\"},\"query-input\":{\"@type\":\"PropertyValueSpecification\",\"valueRequired\":true,\"valueName\":\"search_term_string\"}}],\"inLanguage\":\"gl-ES\"}]}<\/script>\n<!-- \/ Yoast SEO plugin. -->","yoast_head_json":{"title":"Exit | Acampa 2018 - Pola paz e o dereito a refuxio","robots":{"index":"index","follow":"follow","max-snippet":"max-snippet:-1","max-image-preview":"max-image-preview:large","max-video-preview":"max-video-preview:-1"},"canonical":"https:\/\/coruna2018.redeacampa.org\/gl\/events\/exit\/","og_locale":"gl_ES","og_type":"article","og_title":"Exit | Acampa 2018 - Pola paz e o dereito a refuxio","og_description":"EXIT \u00c9 unha banda de versi\u00f3ns nada no ano 2008. Orixinariamente creouse para ser o grupo residente da prestixiosa sala Mardi Gras da Coru\u00f1a, un dos clubs de m\u00fasica en directo m\u00e1is importantes do territorio nacional. \u00c9 al\u00ed onde desenvolveu a maior parte da s\u00faa actividade, tocando cada noite de xoves e cultivando m\u00faltiples cheos [&hellip;]","og_url":"https:\/\/coruna2018.redeacampa.org\/gl\/events\/exit\/","og_site_name":"Acampa 2018 - Pola paz e o dereito a refuxio","article_modified_time":"2018-06-11T12:33:18+00:00","og_image":[{"width":724,"height":1024,"url":"https:\/\/coruna2018.redeacampa.org\/wp-content\/uploads\/exit-1-724x1024.jpg","type":"image\/jpeg"}],"twitter_card":"summary_large_image","twitter_misc":{"Tempo de lectura":"2 minutos"},"schema":{"@context":"https:\/\/schema.org","@graph":[{"@type":"WebPage","@id":"https:\/\/coruna2018.redeacampa.org\/gl\/events\/exit\/","url":"https:\/\/coruna2018.redeacampa.org\/gl\/events\/exit\/","name":"Exit | Acampa 2018 - Pola paz e o dereito a refuxio","isPartOf":{"@id":"https:\/\/coruna2018.redeacampa.org\/gl\/#website"},"primaryImageOfPage":{"@id":"https:\/\/coruna2018.redeacampa.org\/gl\/events\/exit\/#primaryimage"},"image":{"@id":"https:\/\/coruna2018.redeacampa.org\/gl\/events\/exit\/#primaryimage"},"thumbnailUrl":"https:\/\/coruna2018.redeacampa.org\/wp-content\/uploads\/exit-1.jpg","datePublished":"2018-06-07T07:50:21+00:00","dateModified":"2018-06-11T12:33:18+00:00","breadcrumb":{"@id":"https:\/\/coruna2018.redeacampa.org\/gl\/events\/exit\/#breadcrumb"},"inLanguage":"gl-ES","potentialAction":[{"@type":"ReadAction","target":["https:\/\/coruna2018.redeacampa.org\/gl\/events\/exit\/"]}]},{"@type":"ImageObject","inLanguage":"gl-ES","@id":"https:\/\/coruna2018.redeacampa.org\/gl\/events\/exit\/#primaryimage","url":"https:\/\/coruna2018.redeacampa.org\/wp-content\/uploads\/exit-1.jpg","contentUrl":"https:\/\/coruna2018.redeacampa.org\/wp-content\/uploads\/exit-1.jpg","width":2480,"height":3508,"caption":"EXIT"},{"@type":"BreadcrumbList","@id":"https:\/\/coruna2018.redeacampa.org\/gl\/events\/exit\/#breadcrumb","itemListElement":[{"@type":"ListItem","position":1,"name":"Portada","item":"https:\/\/coruna2018.redeacampa.org\/gl\/"},{"@type":"ListItem","position":2,"name":"Events","item":"https:\/\/coruna2018.redeacampa.org\/gl\/events\/"},{"@type":"ListItem","position":3,"name":"Exit"}]},{"@type":"WebSite","@id":"https:\/\/coruna2018.redeacampa.org\/gl\/#website","url":"https:\/\/coruna2018.redeacampa.org\/gl\/","name":"Acampa 2018 - Pola paz e o dereito a refuxio","description":"Unha iniciativa cidad\u00e1 sen fins de lucro integrada por colectivos sociais, culturais, educativos, veci\u00f1ais, pol\u00edticos, sindicais, art\u00edsticos, de persoas solidarias, de instituci\u00f3ns e empresas con responsabilidade social que te\u00f1en como obxectivo a defensa dos dereitos humanos, o Dereito Internacional Humanitario e o Dereito a Refuxio.","potentialAction":[{"@type":"SearchAction","target":{"@type":"EntryPoint","urlTemplate":"https:\/\/coruna2018.redeacampa.org\/gl\/?s={search_term_string}"},"query-input":{"@type":"PropertyValueSpecification","valueRequired":true,"valueName":"search_term_string"}}],"inLanguage":"gl-ES"}]}},"_links":{"self":[{"href":"https:\/\/coruna2018.redeacampa.org\/gl\/wp-json\/wp\/v2\/ajde_events\/38756","targetHints":{"allow":["GET"]}}],"collection":[{"href":"https:\/\/coruna2018.redeacampa.org\/gl\/wp-json\/wp\/v2\/ajde_events"}],"about":[{"href":"https:\/\/coruna2018.redeacampa.org\/gl\/wp-json\/wp\/v2\/types\/ajde_events"}],"author":[{"embeddable":true,"href":"https:\/\/coruna2018.redeacampa.org\/gl\/wp-json\/wp\/v2\/users\/2"}],"replies":[{"embeddable":true,"href":"https:\/\/coruna2018.redeacampa.org\/gl\/wp-json\/wp\/v2\/comments?post=38756"}],"wp:featuredmedia":[{"embeddable":true,"href":"https:\/\/coruna2018.redeacampa.org\/gl\/wp-json\/wp\/v2\/media\/39044"}],"wp:attachment":[{"href":"https:\/\/coruna2018.redeacampa.org\/gl\/wp-json\/wp\/v2\/media?parent=38756"}],"wp:term":[{"taxonomy":"post_tag","embeddable":true,"href":"https:\/\/coruna2018.redeacampa.org\/gl\/wp-json\/wp\/v2\/tags?post=38756"},{"taxonomy":"event_type","embeddable":true,"href":"https:\/\/coruna2018.redeacampa.org\/gl\/wp-json\/wp\/v2\/event_type?post=38756"},{"taxonomy":"event_type_2","embeddable":true,"href":"https:\/\/coruna2018.redeacampa.org\/gl\/wp-json\/wp\/v2\/event_type_2?post=38756"}],"curies":[{"name":"wp","href":"https:\/\/api.w.org\/{rel}","templated":true}]}}

<h2><strong>EXIT</strong></h2>
<p><img loading="lazy" decoding="async" class="alignnone wp-image-39049 size-medium" src="/wp-content/uploads/EXIT-3-214x300.jpg" alt="EXIT" width="214" height="300" srcset="https://coruna2018.redeacampa.org/wp-content/uploads/EXIT-3-214x300.jpg 214w, https://coruna2018.redeacampa.org/wp-content/uploads/EXIT-3.jpg 685w" sizes="(max-width: 214px) 100vw, 214px" /></p>
<p>É unha banda de versións nada no ano 2008. Orixinariamente creouse para ser o grupo residente da prestixiosa sala Mardi Gras da Coruña, un dos clubs de música en directo máis importantes do territorio nacional. É alí onde desenvolveu a maior parte da súa actividade, tocando cada noite de xoves e cultivando múltiples cheos e unha lexión de admiradores. Ademais cabe destacar a súa participación en festivais e eventos como o Noroeste Pop Rock ou o Nordestazo de Malpica.</p>
<p>O repertorio de EXIT, que actualmente conta con máis de 250 temas, está infestado de clásicos da historia do rock de diferentes décadas. Todos eles himnos que transportan á audiencia ás mellores épocas das grandes bandas rockeiras. O seu son, puro e refinado, converteulles nunha das mellores e mais reputadas bandas de versións da actualidade, feito que vén avalado pola fidelidade dun público que lles fixo ser os únicos sobreviventes da programación estable na escena de salas coruñesas de música en directo. Moitas foron as críticas que deixaron constancia do bo facer da banda, algunhas delas incluídas en diarios como La Opinión ou La Voz de Galicia, ou en webs especializadas como empuje.net ou Inframundo Coruña.</p>
<p>Bowie, Kiss, AC/ DC, Rolling Stones, Ramones, Led Zeppelin, Hendrix&#8230; son só algúns dos artistas que EXIT leva ao escenario nas súas actuacións, facendo delas unha auténtica éxtase para calquera afeccionado á música. A formación actual consta de Ton Eirín á voz principal, guitarra e harmónica, JC Nogueira á guitarra e voces, Lago Doval á batería e Miguel Suárez ao baixo e voces.</p>
<div class="page" title="Page 4">
<div class="layoutArea">
<div class="column">
<p><strong>Enlaces Web<br />
</strong></p>
</div>
</div>
<div class="layoutArea">
<div class="column">
<p><a href="http://www.salamardigras.com">www.salamardigras.com</a><br />
<a href="http://www.facebook.com/exitrocks">www.facebook.com/exitrocks</a></p>
<p><strong>Enlaces de Vídeo<br />
</strong></p>
<p><a href="http://www.youtube.com/playlist?list=PLmGwfexukKYd8ESJRnxSeG3gyotWo7ScP">http://www.youtube.com/playlist?list=PLmGwfexukKYd8ESJRnxSeG3gyotWo7ScP</a><br />
<a href="http://www.youtube.com/playlist?list=PLmGwfexukKYcXVBMEToEpNfHWzv5J64iK">http://www.youtube.com/playlist?list=PLmGwfexukKYcXVBMEToEpNfHWzv5J64iK</a><br />
<a href="https://www.youtube.com/watch?v=o-sz-o8i-Pc">https://www.youtube.com/watch?v=o-sz-o8i-Pc</a></p>
</div>
</div>
</div>

<!-- This site is optimized with the Yoast SEO plugin v27.4 - https://yoast.com/product/yoast-seo-wordpress/ -->
<title>Exit | Acampa 2018 - Pola paz e o dereito a refuxio</title>
<meta name="robots" content="index, follow, max-snippet:-1, max-image-preview:large, max-video-preview:-1" />
<link rel="canonical" href="https://coruna2018.redeacampa.org/gl/events/exit/" />
<meta property="og:locale" content="gl_ES" />
<meta property="og:type" content="article" />
<meta property="og:title" content="Exit | Acampa 2018 - Pola paz e o dereito a refuxio" />
<meta property="og:description" content="EXIT É unha banda de versións nada no ano 2008. Orixinariamente creouse para ser o grupo residente da prestixiosa sala Mardi Gras da Coruña, un dos clubs de música en directo máis importantes do territorio nacional. É alí onde desenvolveu a maior parte da súa actividade, tocando cada noite de xoves e cultivando múltiples cheos [&hellip;]" />
<meta property="og:url" content="https://coruna2018.redeacampa.org/gl/events/exit/" />
<meta property="og:site_name" content="Acampa 2018 - Pola paz e o dereito a refuxio" />
<meta property="article:modified_time" content="2018-06-11T12:33:18+00:00" />
<meta property="og:image" content="https://coruna2018.redeacampa.org/wp-content/uploads/exit-1-724x1024.jpg" />
	<meta property="og:image:width" content="724" />
	<meta property="og:image:height" content="1024" />
	<meta property="og:image:type" content="image/jpeg" />
<meta name="twitter:card" content="summary_large_image" />
<meta name="twitter:label1" content="Tempo de lectura" />
	<meta name="twitter:data1" content="2 minutos" />
<script type="application/ld+json" class="yoast-schema-graph">{"@context":"https:\/\/schema.org","@graph":[{"@type":"WebPage","@id":"https:\/\/coruna2018.redeacampa.org\/gl\/events\/exit\/","url":"https:\/\/coruna2018.redeacampa.org\/gl\/events\/exit\/","name":"Exit | Acampa 2018 - Pola paz e o dereito a refuxio","isPartOf":{"@id":"https:\/\/coruna2018.redeacampa.org\/gl\/#website"},"primaryImageOfPage":{"@id":"https:\/\/coruna2018.redeacampa.org\/gl\/events\/exit\/#primaryimage"},"image":{"@id":"https:\/\/coruna2018.redeacampa.org\/gl\/events\/exit\/#primaryimage"},"thumbnailUrl":"https:\/\/coruna2018.redeacampa.org\/wp-content\/uploads\/exit-1.jpg","datePublished":"2018-06-07T07:50:21+00:00","dateModified":"2018-06-11T12:33:18+00:00","breadcrumb":{"@id":"https:\/\/coruna2018.redeacampa.org\/gl\/events\/exit\/#breadcrumb"},"inLanguage":"gl-ES","potentialAction":[{"@type":"ReadAction","target":["https:\/\/coruna2018.redeacampa.org\/gl\/events\/exit\/"]}]},{"@type":"ImageObject","inLanguage":"gl-ES","@id":"https:\/\/coruna2018.redeacampa.org\/gl\/events\/exit\/#primaryimage","url":"https:\/\/coruna2018.redeacampa.org\/wp-content\/uploads\/exit-1.jpg","contentUrl":"https:\/\/coruna2018.redeacampa.org\/wp-content\/uploads\/exit-1.jpg","width":2480,"height":3508,"caption":"EXIT"},{"@type":"BreadcrumbList","@id":"https:\/\/coruna2018.redeacampa.org\/gl\/events\/exit\/#breadcrumb","itemListElement":[{"@type":"ListItem","position":1,"name":"Portada","item":"https:\/\/coruna2018.redeacampa.org\/gl\/"},{"@type":"ListItem","position":2,"name":"Events","item":"https:\/\/coruna2018.redeacampa.org\/gl\/events\/"},{"@type":"ListItem","position":3,"name":"Exit"}]},{"@type":"WebSite","@id":"https:\/\/coruna2018.redeacampa.org\/gl\/#website","url":"https:\/\/coruna2018.redeacampa.org\/gl\/","name":"Acampa 2018 - Pola paz e o dereito a refuxio","description":"Unha iniciativa cidadá sen fins de lucro integrada por colectivos sociais, culturais, educativos, veciñais, políticos, sindicais, artísticos, de persoas solidarias, de institucións e empresas con responsabilidade social que teñen como obxectivo a defensa dos dereitos humanos, o Dereito Internacional Humanitario e o Dereito a Refuxio.","potentialAction":[{"@type":"SearchAction","target":{"@type":"EntryPoint","urlTemplate":"https:\/\/coruna2018.redeacampa.org\/gl\/?s={search_term_string}"},"query-input":{"@type":"PropertyValueSpecification","valueRequired":true,"valueName":"search_term_string"}}],"inLanguage":"gl-ES"}]}</script>
<!-- / Yoast SEO plugin. -->

EXIT É unha banda de versións nada no ano 2008. Orixinariamente creouse para ser o grupo residente da prestixiosa sala Mardi Gras da Coruña, un dos clubs de música en directo máis importantes do territorio nacional. É alí onde desenvolveu a maior parte da súa actividade, tocando cada noite de xoves e cultivando múltiples cheos [&hellip;]

Unha iniciativa cidadá sen fins de lucro integrada por colectivos sociais, culturais, educativos, veciñais, políticos, sindicais, artísticos, de persoas solidarias, de institucións e empresas con responsabilidade social que teñen como obxectivo a defensa dos dereitos humanos, o Dereito Internacional Humanitario e o Dereito a Refuxio.
