{"id":37903,"date":"2018-05-23T08:52:55","date_gmt":"2018-05-23T06:52:55","guid":{"rendered":"https:\/\/www.acampa.eu\/events\/siento-haberme-ahogado\/"},"modified":"2018-06-07T14:52:34","modified_gmt":"2018-06-07T12:52:34","slug":"siento-haberme-ahogado","status":"publish","type":"ajde_events","link":"https:\/\/coruna2018.redeacampa.org\/gl\/events\/siento-haberme-ahogado\/","title":{"rendered":"Sinto terme afogado"},"content":{"rendered":"<p><strong>Sinto terme afogado<\/strong>, unha pel\u00edcula de M\u00e9dicos Sen Fronteiras e Studio Kawakeb, dirixida por Hussein Nakhal e David Habchy.<\/p>\n<p>Duraci\u00f3n: 6\u2019 V\/O: \u00c1rabe con subt\u00edtulos en castel\u00e1n<\/p>\n<blockquote><p>Presenta Mar\u00eda D\u00edaz (M\u00e9dicos sin fronteras)<\/p><\/blockquote>\n<div id=\"attachment_38758\" style=\"width: 310px\" class=\"wp-caption alignnone\"><img loading=\"lazy\" decoding=\"async\" aria-describedby=\"caption-attachment-38758\" class=\"size-medium wp-image-38758\" src=\"\/wp-content\/uploads\/Maria-Diaz-300x225.jpg\" alt=\"Mar\u00eda D\u00edaz\" width=\"300\" height=\"225\" srcset=\"https:\/\/coruna2018.redeacampa.org\/wp-content\/uploads\/Maria-Diaz-300x225.jpg 300w, https:\/\/coruna2018.redeacampa.org\/wp-content\/uploads\/Maria-Diaz-768x576.jpg 768w, https:\/\/coruna2018.redeacampa.org\/wp-content\/uploads\/Maria-Diaz-1024x768.jpg 1024w, https:\/\/coruna2018.redeacampa.org\/wp-content\/uploads\/Maria-Diaz-510x382.jpg 510w, https:\/\/coruna2018.redeacampa.org\/wp-content\/uploads\/Maria-Diaz-1080x810.jpg 1080w\" sizes=\"(max-width: 300px) 100vw, 300px\" \/><p id=\"caption-attachment-38758\" class=\"wp-caption-text\">Mar\u00eda D\u00edaz<\/p><\/div>\n<p>Licenciada en Ciencias Pol\u00edticas, con m\u00e1ster en Cooperaci\u00f3n ao Desenvolvemento pola Universidade de Santiago de Compostela e curso de Posgrao en Acci\u00f3n Humanitaria da Universidade Aberta de Catalu\u00f1a (UOC).<\/p>\n<p>Realizou unha asistencia t\u00e9cnica dun proxecto de cooperaci\u00f3n con Centroam\u00e9rica para a Direcci\u00f3n Xeral de Cooperaci\u00f3n da Xunta de Galicia.<\/p>\n<p>Posteriormente, ocupou o posto de coordinadora da Secretar\u00eda T\u00e9cnica da Coordinadora Galega de ONGD e na actualidade \u00e9 a delegada de M\u00e9dicos Sen Fronteiras na zona noroeste (Asturias, Galicia e provincia de Le\u00f3n).<\/p>\n","protected":false},"author":2,"featured_media":37901,"menu_order":0,"comment_status":"open","ping_status":"closed","template":"","meta":{"_et_pb_use_builder":"","_et_pb_old_content":"","_et_gb_content_width":"","inline_featured_image":false},"tags":[],"event_type":[178,169,109],"event_type_2":[],"class_list":["post-37903","ajde_events","type-ajde_events","status-publish","has-post-thumbnail","hentry","event_location-carpa-de-audiovisuales-gl","event_type-14-06-18-gl","event_type-2018-actividades-adultos-gl","event_type-2018-programa-gl"],"yoast_head":"<!-- This site is optimized with the Yoast SEO plugin v27.4 - https:\/\/yoast.com\/product\/yoast-seo-wordpress\/ -->\n<title>Sinto terme afogado | Acampa 2018 - Pola paz e o dereito a refuxio<\/title>\n<meta name=\"robots\" content=\"index, follow, max-snippet:-1, max-image-preview:large, max-video-preview:-1\" \/>\n<link rel=\"canonical\" href=\"https:\/\/coruna2018.redeacampa.org\/gl\/events\/siento-haberme-ahogado\/\" \/>\n<meta property=\"og:locale\" content=\"gl_ES\" \/>\n<meta property=\"og:type\" content=\"article\" \/>\n<meta property=\"og:title\" content=\"Sinto terme afogado | Acampa 2018 - Pola paz e o dereito a refuxio\" \/>\n<meta property=\"og:description\" content=\"Sinto terme afogado, unha pel\u00edcula de M\u00e9dicos Sen Fronteiras e Studio Kawakeb, dirixida por Hussein Nakhal e David Habchy. Duraci\u00f3n: 6\u2019 V\/O: \u00c1rabe con subt\u00edtulos en castel\u00e1n Presenta Mar\u00eda D\u00edaz (M\u00e9dicos sin fronteras) Licenciada en Ciencias Pol\u00edticas, con m\u00e1ster en Cooperaci\u00f3n ao Desenvolvemento pola Universidade de Santiago de Compostela e curso de Posgrao en Acci\u00f3n [&hellip;]\" \/>\n<meta property=\"og:url\" content=\"https:\/\/coruna2018.redeacampa.org\/gl\/events\/siento-haberme-ahogado\/\" \/>\n<meta property=\"og:site_name\" content=\"Acampa 2018 - Pola paz e o dereito a refuxio\" \/>\n<meta property=\"article:modified_time\" content=\"2018-06-07T12:52:34+00:00\" \/>\n<meta property=\"og:image\" content=\"https:\/\/coruna2018.redeacampa.org\/wp-content\/uploads\/SientoHabermeAhogado.jpg\" \/>\n\t<meta property=\"og:image:width\" content=\"600\" \/>\n\t<meta property=\"og:image:height\" content=\"337\" \/>\n\t<meta property=\"og:image:type\" content=\"image\/jpeg\" \/>\n<meta name=\"twitter:card\" content=\"summary_large_image\" \/>\n<meta name=\"twitter:label1\" content=\"Tempo de lectura\" \/>\n\t<meta name=\"twitter:data1\" content=\"1 minuto\" \/>\n<script type=\"application\/ld+json\" class=\"yoast-schema-graph\">{\"@context\":\"https:\\\/\\\/schema.org\",\"@graph\":[{\"@type\":\"WebPage\",\"@id\":\"https:\\\/\\\/coruna2018.redeacampa.org\\\/gl\\\/events\\\/siento-haberme-ahogado\\\/\",\"url\":\"https:\\\/\\\/coruna2018.redeacampa.org\\\/gl\\\/events\\\/siento-haberme-ahogado\\\/\",\"name\":\"Sinto terme afogado | Acampa 2018 - Pola paz e o dereito a refuxio\",\"isPartOf\":{\"@id\":\"https:\\\/\\\/coruna2018.redeacampa.org\\\/gl\\\/#website\"},\"primaryImageOfPage\":{\"@id\":\"https:\\\/\\\/coruna2018.redeacampa.org\\\/gl\\\/events\\\/siento-haberme-ahogado\\\/#primaryimage\"},\"image\":{\"@id\":\"https:\\\/\\\/coruna2018.redeacampa.org\\\/gl\\\/events\\\/siento-haberme-ahogado\\\/#primaryimage\"},\"thumbnailUrl\":\"https:\\\/\\\/coruna2018.redeacampa.org\\\/wp-content\\\/uploads\\\/SientoHabermeAhogado.jpg\",\"datePublished\":\"2018-05-23T06:52:55+00:00\",\"dateModified\":\"2018-06-07T12:52:34+00:00\",\"breadcrumb\":{\"@id\":\"https:\\\/\\\/coruna2018.redeacampa.org\\\/gl\\\/events\\\/siento-haberme-ahogado\\\/#breadcrumb\"},\"inLanguage\":\"gl-ES\",\"potentialAction\":[{\"@type\":\"ReadAction\",\"target\":[\"https:\\\/\\\/coruna2018.redeacampa.org\\\/gl\\\/events\\\/siento-haberme-ahogado\\\/\"]}]},{\"@type\":\"ImageObject\",\"inLanguage\":\"gl-ES\",\"@id\":\"https:\\\/\\\/coruna2018.redeacampa.org\\\/gl\\\/events\\\/siento-haberme-ahogado\\\/#primaryimage\",\"url\":\"https:\\\/\\\/coruna2018.redeacampa.org\\\/wp-content\\\/uploads\\\/SientoHabermeAhogado.jpg\",\"contentUrl\":\"https:\\\/\\\/coruna2018.redeacampa.org\\\/wp-content\\\/uploads\\\/SientoHabermeAhogado.jpg\",\"width\":600,\"height\":337,\"caption\":\"Siento Haberme Ahogado\"},{\"@type\":\"BreadcrumbList\",\"@id\":\"https:\\\/\\\/coruna2018.redeacampa.org\\\/gl\\\/events\\\/siento-haberme-ahogado\\\/#breadcrumb\",\"itemListElement\":[{\"@type\":\"ListItem\",\"position\":1,\"name\":\"Portada\",\"item\":\"https:\\\/\\\/coruna2018.redeacampa.org\\\/gl\\\/\"},{\"@type\":\"ListItem\",\"position\":2,\"name\":\"Events\",\"item\":\"https:\\\/\\\/coruna2018.redeacampa.org\\\/gl\\\/events\\\/\"},{\"@type\":\"ListItem\",\"position\":3,\"name\":\"Sinto terme afogado\"}]},{\"@type\":\"WebSite\",\"@id\":\"https:\\\/\\\/coruna2018.redeacampa.org\\\/gl\\\/#website\",\"url\":\"https:\\\/\\\/coruna2018.redeacampa.org\\\/gl\\\/\",\"name\":\"Acampa 2018 - Pola paz e o dereito a refuxio\",\"description\":\"Unha iniciativa cidad\u00e1 sen fins de lucro integrada por colectivos sociais, culturais, educativos, veci\u00f1ais, pol\u00edticos, sindicais, art\u00edsticos, de persoas solidarias, de instituci\u00f3ns e empresas con responsabilidade social que te\u00f1en como obxectivo a defensa dos dereitos humanos, o Dereito Internacional Humanitario e o Dereito a Refuxio.\",\"potentialAction\":[{\"@type\":\"SearchAction\",\"target\":{\"@type\":\"EntryPoint\",\"urlTemplate\":\"https:\\\/\\\/coruna2018.redeacampa.org\\\/gl\\\/?s={search_term_string}\"},\"query-input\":{\"@type\":\"PropertyValueSpecification\",\"valueRequired\":true,\"valueName\":\"search_term_string\"}}],\"inLanguage\":\"gl-ES\"}]}<\/script>\n<!-- \/ Yoast SEO plugin. -->","yoast_head_json":{"title":"Sinto terme afogado | Acampa 2018 - Pola paz e o dereito a refuxio","robots":{"index":"index","follow":"follow","max-snippet":"max-snippet:-1","max-image-preview":"max-image-preview:large","max-video-preview":"max-video-preview:-1"},"canonical":"https:\/\/coruna2018.redeacampa.org\/gl\/events\/siento-haberme-ahogado\/","og_locale":"gl_ES","og_type":"article","og_title":"Sinto terme afogado | Acampa 2018 - Pola paz e o dereito a refuxio","og_description":"Sinto terme afogado, unha pel\u00edcula de M\u00e9dicos Sen Fronteiras e Studio Kawakeb, dirixida por Hussein Nakhal e David Habchy. Duraci\u00f3n: 6\u2019 V\/O: \u00c1rabe con subt\u00edtulos en castel\u00e1n Presenta Mar\u00eda D\u00edaz (M\u00e9dicos sin fronteras) Licenciada en Ciencias Pol\u00edticas, con m\u00e1ster en Cooperaci\u00f3n ao Desenvolvemento pola Universidade de Santiago de Compostela e curso de Posgrao en Acci\u00f3n [&hellip;]","og_url":"https:\/\/coruna2018.redeacampa.org\/gl\/events\/siento-haberme-ahogado\/","og_site_name":"Acampa 2018 - Pola paz e o dereito a refuxio","article_modified_time":"2018-06-07T12:52:34+00:00","og_image":[{"width":600,"height":337,"url":"https:\/\/coruna2018.redeacampa.org\/wp-content\/uploads\/SientoHabermeAhogado.jpg","type":"image\/jpeg"}],"twitter_card":"summary_large_image","twitter_misc":{"Tempo de lectura":"1 minuto"},"schema":{"@context":"https:\/\/schema.org","@graph":[{"@type":"WebPage","@id":"https:\/\/coruna2018.redeacampa.org\/gl\/events\/siento-haberme-ahogado\/","url":"https:\/\/coruna2018.redeacampa.org\/gl\/events\/siento-haberme-ahogado\/","name":"Sinto terme afogado | Acampa 2018 - Pola paz e o dereito a refuxio","isPartOf":{"@id":"https:\/\/coruna2018.redeacampa.org\/gl\/#website"},"primaryImageOfPage":{"@id":"https:\/\/coruna2018.redeacampa.org\/gl\/events\/siento-haberme-ahogado\/#primaryimage"},"image":{"@id":"https:\/\/coruna2018.redeacampa.org\/gl\/events\/siento-haberme-ahogado\/#primaryimage"},"thumbnailUrl":"https:\/\/coruna2018.redeacampa.org\/wp-content\/uploads\/SientoHabermeAhogado.jpg","datePublished":"2018-05-23T06:52:55+00:00","dateModified":"2018-06-07T12:52:34+00:00","breadcrumb":{"@id":"https:\/\/coruna2018.redeacampa.org\/gl\/events\/siento-haberme-ahogado\/#breadcrumb"},"inLanguage":"gl-ES","potentialAction":[{"@type":"ReadAction","target":["https:\/\/coruna2018.redeacampa.org\/gl\/events\/siento-haberme-ahogado\/"]}]},{"@type":"ImageObject","inLanguage":"gl-ES","@id":"https:\/\/coruna2018.redeacampa.org\/gl\/events\/siento-haberme-ahogado\/#primaryimage","url":"https:\/\/coruna2018.redeacampa.org\/wp-content\/uploads\/SientoHabermeAhogado.jpg","contentUrl":"https:\/\/coruna2018.redeacampa.org\/wp-content\/uploads\/SientoHabermeAhogado.jpg","width":600,"height":337,"caption":"Siento Haberme Ahogado"},{"@type":"BreadcrumbList","@id":"https:\/\/coruna2018.redeacampa.org\/gl\/events\/siento-haberme-ahogado\/#breadcrumb","itemListElement":[{"@type":"ListItem","position":1,"name":"Portada","item":"https:\/\/coruna2018.redeacampa.org\/gl\/"},{"@type":"ListItem","position":2,"name":"Events","item":"https:\/\/coruna2018.redeacampa.org\/gl\/events\/"},{"@type":"ListItem","position":3,"name":"Sinto terme afogado"}]},{"@type":"WebSite","@id":"https:\/\/coruna2018.redeacampa.org\/gl\/#website","url":"https:\/\/coruna2018.redeacampa.org\/gl\/","name":"Acampa 2018 - Pola paz e o dereito a refuxio","description":"Unha iniciativa cidad\u00e1 sen fins de lucro integrada por colectivos sociais, culturais, educativos, veci\u00f1ais, pol\u00edticos, sindicais, art\u00edsticos, de persoas solidarias, de instituci\u00f3ns e empresas con responsabilidade social que te\u00f1en como obxectivo a defensa dos dereitos humanos, o Dereito Internacional Humanitario e o Dereito a Refuxio.","potentialAction":[{"@type":"SearchAction","target":{"@type":"EntryPoint","urlTemplate":"https:\/\/coruna2018.redeacampa.org\/gl\/?s={search_term_string}"},"query-input":{"@type":"PropertyValueSpecification","valueRequired":true,"valueName":"search_term_string"}}],"inLanguage":"gl-ES"}]}},"_links":{"self":[{"href":"https:\/\/coruna2018.redeacampa.org\/gl\/wp-json\/wp\/v2\/ajde_events\/37903","targetHints":{"allow":["GET"]}}],"collection":[{"href":"https:\/\/coruna2018.redeacampa.org\/gl\/wp-json\/wp\/v2\/ajde_events"}],"about":[{"href":"https:\/\/coruna2018.redeacampa.org\/gl\/wp-json\/wp\/v2\/types\/ajde_events"}],"author":[{"embeddable":true,"href":"https:\/\/coruna2018.redeacampa.org\/gl\/wp-json\/wp\/v2\/users\/2"}],"replies":[{"embeddable":true,"href":"https:\/\/coruna2018.redeacampa.org\/gl\/wp-json\/wp\/v2\/comments?post=37903"}],"wp:featuredmedia":[{"embeddable":true,"href":"https:\/\/coruna2018.redeacampa.org\/gl\/wp-json\/wp\/v2\/media\/37901"}],"wp:attachment":[{"href":"https:\/\/coruna2018.redeacampa.org\/gl\/wp-json\/wp\/v2\/media?parent=37903"}],"wp:term":[{"taxonomy":"post_tag","embeddable":true,"href":"https:\/\/coruna2018.redeacampa.org\/gl\/wp-json\/wp\/v2\/tags?post=37903"},{"taxonomy":"event_type","embeddable":true,"href":"https:\/\/coruna2018.redeacampa.org\/gl\/wp-json\/wp\/v2\/event_type?post=37903"},{"taxonomy":"event_type_2","embeddable":true,"href":"https:\/\/coruna2018.redeacampa.org\/gl\/wp-json\/wp\/v2\/event_type_2?post=37903"}],"curies":[{"name":"wp","href":"https:\/\/api.w.org\/{rel}","templated":true}]}}

<p><strong>Sinto terme afogado</strong>, unha película de Médicos Sen Fronteiras e Studio Kawakeb, dirixida por Hussein Nakhal e David Habchy.</p>
<p>Duración: 6’ V/O: Árabe con subtítulos en castelán</p>
<blockquote><p>Presenta María Díaz (Médicos sin fronteras)</p></blockquote>
<div id="attachment_38758" style="width: 310px" class="wp-caption alignnone"><img loading="lazy" decoding="async" aria-describedby="caption-attachment-38758" class="size-medium wp-image-38758" src="/wp-content/uploads/Maria-Diaz-300x225.jpg" alt="María Díaz" width="300" height="225" srcset="https://coruna2018.redeacampa.org/wp-content/uploads/Maria-Diaz-300x225.jpg 300w, https://coruna2018.redeacampa.org/wp-content/uploads/Maria-Diaz-768x576.jpg 768w, https://coruna2018.redeacampa.org/wp-content/uploads/Maria-Diaz-1024x768.jpg 1024w, https://coruna2018.redeacampa.org/wp-content/uploads/Maria-Diaz-510x382.jpg 510w, https://coruna2018.redeacampa.org/wp-content/uploads/Maria-Diaz-1080x810.jpg 1080w" sizes="(max-width: 300px) 100vw, 300px" /><p id="caption-attachment-38758" class="wp-caption-text">María Díaz</p></div>
<p>Licenciada en Ciencias Políticas, con máster en Cooperación ao Desenvolvemento pola Universidade de Santiago de Compostela e curso de Posgrao en Acción Humanitaria da Universidade Aberta de Cataluña (UOC).</p>
<p>Realizou unha asistencia técnica dun proxecto de cooperación con Centroamérica para a Dirección Xeral de Cooperación da Xunta de Galicia.</p>
<p>Posteriormente, ocupou o posto de coordinadora da Secretaría Técnica da Coordinadora Galega de ONGD e na actualidade é a delegada de Médicos Sen Fronteiras na zona noroeste (Asturias, Galicia e provincia de León).</p>

<!-- This site is optimized with the Yoast SEO plugin v27.4 - https://yoast.com/product/yoast-seo-wordpress/ -->
<title>Sinto terme afogado | Acampa 2018 - Pola paz e o dereito a refuxio</title>
<meta name="robots" content="index, follow, max-snippet:-1, max-image-preview:large, max-video-preview:-1" />
<link rel="canonical" href="https://coruna2018.redeacampa.org/gl/events/siento-haberme-ahogado/" />
<meta property="og:locale" content="gl_ES" />
<meta property="og:type" content="article" />
<meta property="og:title" content="Sinto terme afogado | Acampa 2018 - Pola paz e o dereito a refuxio" />
<meta property="og:description" content="Sinto terme afogado, unha película de Médicos Sen Fronteiras e Studio Kawakeb, dirixida por Hussein Nakhal e David Habchy. Duración: 6’ V/O: Árabe con subtítulos en castelán Presenta María Díaz (Médicos sin fronteras) Licenciada en Ciencias Políticas, con máster en Cooperación ao Desenvolvemento pola Universidade de Santiago de Compostela e curso de Posgrao en Acción [&hellip;]" />
<meta property="og:url" content="https://coruna2018.redeacampa.org/gl/events/siento-haberme-ahogado/" />
<meta property="og:site_name" content="Acampa 2018 - Pola paz e o dereito a refuxio" />
<meta property="article:modified_time" content="2018-06-07T12:52:34+00:00" />
<meta property="og:image" content="https://coruna2018.redeacampa.org/wp-content/uploads/SientoHabermeAhogado.jpg" />
	<meta property="og:image:width" content="600" />
	<meta property="og:image:height" content="337" />
	<meta property="og:image:type" content="image/jpeg" />
<meta name="twitter:card" content="summary_large_image" />
<meta name="twitter:label1" content="Tempo de lectura" />
	<meta name="twitter:data1" content="1 minuto" />
<script type="application/ld+json" class="yoast-schema-graph">{"@context":"https:\/\/schema.org","@graph":[{"@type":"WebPage","@id":"https:\/\/coruna2018.redeacampa.org\/gl\/events\/siento-haberme-ahogado\/","url":"https:\/\/coruna2018.redeacampa.org\/gl\/events\/siento-haberme-ahogado\/","name":"Sinto terme afogado | Acampa 2018 - Pola paz e o dereito a refuxio","isPartOf":{"@id":"https:\/\/coruna2018.redeacampa.org\/gl\/#website"},"primaryImageOfPage":{"@id":"https:\/\/coruna2018.redeacampa.org\/gl\/events\/siento-haberme-ahogado\/#primaryimage"},"image":{"@id":"https:\/\/coruna2018.redeacampa.org\/gl\/events\/siento-haberme-ahogado\/#primaryimage"},"thumbnailUrl":"https:\/\/coruna2018.redeacampa.org\/wp-content\/uploads\/SientoHabermeAhogado.jpg","datePublished":"2018-05-23T06:52:55+00:00","dateModified":"2018-06-07T12:52:34+00:00","breadcrumb":{"@id":"https:\/\/coruna2018.redeacampa.org\/gl\/events\/siento-haberme-ahogado\/#breadcrumb"},"inLanguage":"gl-ES","potentialAction":[{"@type":"ReadAction","target":["https:\/\/coruna2018.redeacampa.org\/gl\/events\/siento-haberme-ahogado\/"]}]},{"@type":"ImageObject","inLanguage":"gl-ES","@id":"https:\/\/coruna2018.redeacampa.org\/gl\/events\/siento-haberme-ahogado\/#primaryimage","url":"https:\/\/coruna2018.redeacampa.org\/wp-content\/uploads\/SientoHabermeAhogado.jpg","contentUrl":"https:\/\/coruna2018.redeacampa.org\/wp-content\/uploads\/SientoHabermeAhogado.jpg","width":600,"height":337,"caption":"Siento Haberme Ahogado"},{"@type":"BreadcrumbList","@id":"https:\/\/coruna2018.redeacampa.org\/gl\/events\/siento-haberme-ahogado\/#breadcrumb","itemListElement":[{"@type":"ListItem","position":1,"name":"Portada","item":"https:\/\/coruna2018.redeacampa.org\/gl\/"},{"@type":"ListItem","position":2,"name":"Events","item":"https:\/\/coruna2018.redeacampa.org\/gl\/events\/"},{"@type":"ListItem","position":3,"name":"Sinto terme afogado"}]},{"@type":"WebSite","@id":"https:\/\/coruna2018.redeacampa.org\/gl\/#website","url":"https:\/\/coruna2018.redeacampa.org\/gl\/","name":"Acampa 2018 - Pola paz e o dereito a refuxio","description":"Unha iniciativa cidadá sen fins de lucro integrada por colectivos sociais, culturais, educativos, veciñais, políticos, sindicais, artísticos, de persoas solidarias, de institucións e empresas con responsabilidade social que teñen como obxectivo a defensa dos dereitos humanos, o Dereito Internacional Humanitario e o Dereito a Refuxio.","potentialAction":[{"@type":"SearchAction","target":{"@type":"EntryPoint","urlTemplate":"https:\/\/coruna2018.redeacampa.org\/gl\/?s={search_term_string}"},"query-input":{"@type":"PropertyValueSpecification","valueRequired":true,"valueName":"search_term_string"}}],"inLanguage":"gl-ES"}]}</script>
<!-- / Yoast SEO plugin. -->

Sinto terme afogado, unha película de Médicos Sen Fronteiras e Studio Kawakeb, dirixida por Hussein Nakhal e David Habchy. Duración: 6’ V/O: Árabe con subtítulos en castelán Presenta María Díaz (Médicos sin fronteras) Licenciada en Ciencias Políticas, con máster en Cooperación ao Desenvolvemento pola Universidade de Santiago de Compostela e curso de Posgrao en Acción [&hellip;]

Unha iniciativa cidadá sen fins de lucro integrada por colectivos sociais, culturais, educativos, veciñais, políticos, sindicais, artísticos, de persoas solidarias, de institucións e empresas con responsabilidade social que teñen como obxectivo a defensa dos dereitos humanos, o Dereito Internacional Humanitario e o Dereito a Refuxio.
