{"id":37759,"date":"2018-05-13T18:42:39","date_gmt":"2018-05-13T16:42:39","guid":{"rendered":"https:\/\/www.acampa.eu\/events\/james-wihtlow-delano\/"},"modified":"2018-06-02T10:13:59","modified_gmt":"2018-06-02T08:13:59","slug":"fraxil","status":"publish","type":"ajde_events","link":"https:\/\/coruna2018.redeacampa.org\/gl\/events\/fraxil\/","title":{"rendered":"Fr\u00e1xil"},"content":{"rendered":"<blockquote><p>Juan Pablo Moreiras \u2013 Fr\u00e1xil<\/p><\/blockquote>\n<p>Vivimos nun planeta que se transforma sen descanso desde fai 4.500 mill\u00f3ns de anos, pero o gran impacto ambiental que o desenvolvemento humano est\u00e1 a ter sobre o seu propio h\u00e1bitat est\u00e1 a acelerar un desequilibrio cada vez maior entre os seres humanos e \u00e1 vez entre eles e o resto dos seres vivos. O home \u00e9 o \u00fanico animal que destr\u00fae o medio natural onde vive, grazas \u00e1 s\u00faa extraordinaria capacidade para modificalo e adaptalo \u00e1s s\u00faas necesidades. Mentres cultiva un \u00e9xito irresistible para si mesmo, altera profundamente a s\u00faa contorna a gran velocidade, chegando a po\u00f1er en perigo o seu propio futuro como especie. Na s\u00faa expansi\u00f3n contamina a auga, o aire e o chan.<\/p>\n<p>Tres de cada catro especies de primates extinguiranse nos pr\u00f3ximos 50 anos. A causa principal \u00e9 a agricultura, seguida pola explotaci\u00f3n madeireira, a gander\u00eda e a caza. Entre 1990 e 2010, as pr\u00e1cticas agr\u00edcolas han consumido 1,5 mill\u00f3ns de quil\u00f3metros cadrados dos seus h\u00e1bitats, tres veces a superficie total de Espa\u00f1a. O orangut\u00e1n perdeu o 60 % do seu h\u00e1bitat en apenas d\u00faas d\u00e9cadas debido \u00e1s tallas para a plantaci\u00f3n de palma aceiteira. A \u00fanica maneira de evitar esta extinci\u00f3n \u00e9 desenvolver as econom\u00edas locais nos pa\u00edses tropicais, reducir as taxas de consumo nos desenvolvidos e protexer os bosques.<\/p>\n<p>Durante os pr\u00f3ximos anos, mill\u00f3ns de persoas veranse forzadas a abandonar os seus fogares debido a trastornos ambientais. Deforestaci\u00f3n, seca, cat\u00e1strofes naturais, desertizaci\u00f3n, contaminaci\u00f3n, perda de diversidade biol\u00f3xica, explotaci\u00f3n desequilibrada dos recursos naturais\u2026 Con demasiada frecuencia, a xente vive en lugares con gran abundancia de recursos naturais pero con \u00edndices de pobreza insustentables. A explotaci\u00f3n destes recursos por parte de sociedades ricas que os demandan con voracidade prod\u00facese de maneira irresponsable e inxusta, e \u00e9 a causa de moitas desigualdades que causan pobreza, fame, guerra e ignorancia.<\/p>\n","protected":false},"author":2,"featured_media":38194,"menu_order":0,"comment_status":"open","ping_status":"closed","template":"","meta":{"_et_pb_use_builder":"","_et_pb_old_content":"","_et_gb_content_width":"","inline_featured_image":false},"tags":[],"event_type":[165,109,171],"event_type_2":[],"class_list":["post-37759","ajde_events","type-ajde_events","status-publish","has-post-thumbnail","hentry","event_location-exterior-cantones-gl","event_type-16-06-18-gl","event_type-2018-programa-gl","event_type-2018-visitas-guiadas-gl"],"yoast_head":"<!-- This site is optimized with the Yoast SEO plugin v27.4 - https:\/\/yoast.com\/product\/yoast-seo-wordpress\/ -->\n<title>Fr\u00e1xil | Acampa 2018 - Pola paz e o dereito a refuxio<\/title>\n<meta name=\"robots\" content=\"index, follow, max-snippet:-1, max-image-preview:large, max-video-preview:-1\" \/>\n<link rel=\"canonical\" href=\"https:\/\/coruna2018.redeacampa.org\/gl\/events\/fraxil\/\" \/>\n<meta property=\"og:locale\" content=\"gl_ES\" \/>\n<meta property=\"og:type\" content=\"article\" \/>\n<meta property=\"og:title\" content=\"Fr\u00e1xil | Acampa 2018 - Pola paz e o dereito a refuxio\" \/>\n<meta property=\"og:description\" content=\"Juan Pablo Moreiras \u2013 Fr\u00e1xil Vivimos nun planeta que se transforma sen descanso desde fai 4.500 mill\u00f3ns de anos, pero o gran impacto ambiental que o desenvolvemento humano est\u00e1 a ter sobre o seu propio h\u00e1bitat est\u00e1 a acelerar un desequilibrio cada vez maior entre os seres humanos e \u00e1 vez entre eles e o [&hellip;]\" \/>\n<meta property=\"og:url\" content=\"https:\/\/coruna2018.redeacampa.org\/gl\/events\/fraxil\/\" \/>\n<meta property=\"og:site_name\" content=\"Acampa 2018 - Pola paz e o dereito a refuxio\" \/>\n<meta property=\"article:modified_time\" content=\"2018-06-02T08:13:59+00:00\" \/>\n<meta property=\"og:image\" content=\"https:\/\/coruna2018.redeacampa.org\/wp-content\/uploads\/JuanPabloMoreiras.jpg\" \/>\n\t<meta property=\"og:image:width\" content=\"600\" \/>\n\t<meta property=\"og:image:height\" content=\"394\" \/>\n\t<meta property=\"og:image:type\" content=\"image\/jpeg\" \/>\n<meta name=\"twitter:card\" content=\"summary_large_image\" \/>\n<meta name=\"twitter:label1\" content=\"Tempo de lectura\" \/>\n\t<meta name=\"twitter:data1\" content=\"2 minutos\" \/>\n<script type=\"application\/ld+json\" class=\"yoast-schema-graph\">{\"@context\":\"https:\\\/\\\/schema.org\",\"@graph\":[{\"@type\":\"WebPage\",\"@id\":\"https:\\\/\\\/coruna2018.redeacampa.org\\\/gl\\\/events\\\/fraxil\\\/\",\"url\":\"https:\\\/\\\/coruna2018.redeacampa.org\\\/gl\\\/events\\\/fraxil\\\/\",\"name\":\"Fr\u00e1xil | Acampa 2018 - Pola paz e o dereito a refuxio\",\"isPartOf\":{\"@id\":\"https:\\\/\\\/coruna2018.redeacampa.org\\\/gl\\\/#website\"},\"primaryImageOfPage\":{\"@id\":\"https:\\\/\\\/coruna2018.redeacampa.org\\\/gl\\\/events\\\/fraxil\\\/#primaryimage\"},\"image\":{\"@id\":\"https:\\\/\\\/coruna2018.redeacampa.org\\\/gl\\\/events\\\/fraxil\\\/#primaryimage\"},\"thumbnailUrl\":\"https:\\\/\\\/coruna2018.redeacampa.org\\\/wp-content\\\/uploads\\\/JuanPabloMoreiras.jpg\",\"datePublished\":\"2018-05-13T16:42:39+00:00\",\"dateModified\":\"2018-06-02T08:13:59+00:00\",\"breadcrumb\":{\"@id\":\"https:\\\/\\\/coruna2018.redeacampa.org\\\/gl\\\/events\\\/fraxil\\\/#breadcrumb\"},\"inLanguage\":\"gl-ES\",\"potentialAction\":[{\"@type\":\"ReadAction\",\"target\":[\"https:\\\/\\\/coruna2018.redeacampa.org\\\/gl\\\/events\\\/fraxil\\\/\"]}]},{\"@type\":\"ImageObject\",\"inLanguage\":\"gl-ES\",\"@id\":\"https:\\\/\\\/coruna2018.redeacampa.org\\\/gl\\\/events\\\/fraxil\\\/#primaryimage\",\"url\":\"https:\\\/\\\/coruna2018.redeacampa.org\\\/wp-content\\\/uploads\\\/JuanPabloMoreiras.jpg\",\"contentUrl\":\"https:\\\/\\\/coruna2018.redeacampa.org\\\/wp-content\\\/uploads\\\/JuanPabloMoreiras.jpg\",\"width\":600,\"height\":394,\"caption\":\"Juan Pablo Moreiras\"},{\"@type\":\"BreadcrumbList\",\"@id\":\"https:\\\/\\\/coruna2018.redeacampa.org\\\/gl\\\/events\\\/fraxil\\\/#breadcrumb\",\"itemListElement\":[{\"@type\":\"ListItem\",\"position\":1,\"name\":\"Portada\",\"item\":\"https:\\\/\\\/coruna2018.redeacampa.org\\\/gl\\\/\"},{\"@type\":\"ListItem\",\"position\":2,\"name\":\"Events\",\"item\":\"https:\\\/\\\/coruna2018.redeacampa.org\\\/gl\\\/events\\\/\"},{\"@type\":\"ListItem\",\"position\":3,\"name\":\"Fr\u00e1xil\"}]},{\"@type\":\"WebSite\",\"@id\":\"https:\\\/\\\/coruna2018.redeacampa.org\\\/gl\\\/#website\",\"url\":\"https:\\\/\\\/coruna2018.redeacampa.org\\\/gl\\\/\",\"name\":\"Acampa 2018 - Pola paz e o dereito a refuxio\",\"description\":\"Unha iniciativa cidad\u00e1 sen fins de lucro integrada por colectivos sociais, culturais, educativos, veci\u00f1ais, pol\u00edticos, sindicais, art\u00edsticos, de persoas solidarias, de instituci\u00f3ns e empresas con responsabilidade social que te\u00f1en como obxectivo a defensa dos dereitos humanos, o Dereito Internacional Humanitario e o Dereito a Refuxio.\",\"potentialAction\":[{\"@type\":\"SearchAction\",\"target\":{\"@type\":\"EntryPoint\",\"urlTemplate\":\"https:\\\/\\\/coruna2018.redeacampa.org\\\/gl\\\/?s={search_term_string}\"},\"query-input\":{\"@type\":\"PropertyValueSpecification\",\"valueRequired\":true,\"valueName\":\"search_term_string\"}}],\"inLanguage\":\"gl-ES\"}]}<\/script>\n<!-- \/ Yoast SEO plugin. -->","yoast_head_json":{"title":"Fr\u00e1xil | Acampa 2018 - Pola paz e o dereito a refuxio","robots":{"index":"index","follow":"follow","max-snippet":"max-snippet:-1","max-image-preview":"max-image-preview:large","max-video-preview":"max-video-preview:-1"},"canonical":"https:\/\/coruna2018.redeacampa.org\/gl\/events\/fraxil\/","og_locale":"gl_ES","og_type":"article","og_title":"Fr\u00e1xil | Acampa 2018 - Pola paz e o dereito a refuxio","og_description":"Juan Pablo Moreiras \u2013 Fr\u00e1xil Vivimos nun planeta que se transforma sen descanso desde fai 4.500 mill\u00f3ns de anos, pero o gran impacto ambiental que o desenvolvemento humano est\u00e1 a ter sobre o seu propio h\u00e1bitat est\u00e1 a acelerar un desequilibrio cada vez maior entre os seres humanos e \u00e1 vez entre eles e o [&hellip;]","og_url":"https:\/\/coruna2018.redeacampa.org\/gl\/events\/fraxil\/","og_site_name":"Acampa 2018 - Pola paz e o dereito a refuxio","article_modified_time":"2018-06-02T08:13:59+00:00","og_image":[{"width":600,"height":394,"url":"https:\/\/coruna2018.redeacampa.org\/wp-content\/uploads\/JuanPabloMoreiras.jpg","type":"image\/jpeg"}],"twitter_card":"summary_large_image","twitter_misc":{"Tempo de lectura":"2 minutos"},"schema":{"@context":"https:\/\/schema.org","@graph":[{"@type":"WebPage","@id":"https:\/\/coruna2018.redeacampa.org\/gl\/events\/fraxil\/","url":"https:\/\/coruna2018.redeacampa.org\/gl\/events\/fraxil\/","name":"Fr\u00e1xil | Acampa 2018 - Pola paz e o dereito a refuxio","isPartOf":{"@id":"https:\/\/coruna2018.redeacampa.org\/gl\/#website"},"primaryImageOfPage":{"@id":"https:\/\/coruna2018.redeacampa.org\/gl\/events\/fraxil\/#primaryimage"},"image":{"@id":"https:\/\/coruna2018.redeacampa.org\/gl\/events\/fraxil\/#primaryimage"},"thumbnailUrl":"https:\/\/coruna2018.redeacampa.org\/wp-content\/uploads\/JuanPabloMoreiras.jpg","datePublished":"2018-05-13T16:42:39+00:00","dateModified":"2018-06-02T08:13:59+00:00","breadcrumb":{"@id":"https:\/\/coruna2018.redeacampa.org\/gl\/events\/fraxil\/#breadcrumb"},"inLanguage":"gl-ES","potentialAction":[{"@type":"ReadAction","target":["https:\/\/coruna2018.redeacampa.org\/gl\/events\/fraxil\/"]}]},{"@type":"ImageObject","inLanguage":"gl-ES","@id":"https:\/\/coruna2018.redeacampa.org\/gl\/events\/fraxil\/#primaryimage","url":"https:\/\/coruna2018.redeacampa.org\/wp-content\/uploads\/JuanPabloMoreiras.jpg","contentUrl":"https:\/\/coruna2018.redeacampa.org\/wp-content\/uploads\/JuanPabloMoreiras.jpg","width":600,"height":394,"caption":"Juan Pablo Moreiras"},{"@type":"BreadcrumbList","@id":"https:\/\/coruna2018.redeacampa.org\/gl\/events\/fraxil\/#breadcrumb","itemListElement":[{"@type":"ListItem","position":1,"name":"Portada","item":"https:\/\/coruna2018.redeacampa.org\/gl\/"},{"@type":"ListItem","position":2,"name":"Events","item":"https:\/\/coruna2018.redeacampa.org\/gl\/events\/"},{"@type":"ListItem","position":3,"name":"Fr\u00e1xil"}]},{"@type":"WebSite","@id":"https:\/\/coruna2018.redeacampa.org\/gl\/#website","url":"https:\/\/coruna2018.redeacampa.org\/gl\/","name":"Acampa 2018 - Pola paz e o dereito a refuxio","description":"Unha iniciativa cidad\u00e1 sen fins de lucro integrada por colectivos sociais, culturais, educativos, veci\u00f1ais, pol\u00edticos, sindicais, art\u00edsticos, de persoas solidarias, de instituci\u00f3ns e empresas con responsabilidade social que te\u00f1en como obxectivo a defensa dos dereitos humanos, o Dereito Internacional Humanitario e o Dereito a Refuxio.","potentialAction":[{"@type":"SearchAction","target":{"@type":"EntryPoint","urlTemplate":"https:\/\/coruna2018.redeacampa.org\/gl\/?s={search_term_string}"},"query-input":{"@type":"PropertyValueSpecification","valueRequired":true,"valueName":"search_term_string"}}],"inLanguage":"gl-ES"}]}},"_links":{"self":[{"href":"https:\/\/coruna2018.redeacampa.org\/gl\/wp-json\/wp\/v2\/ajde_events\/37759","targetHints":{"allow":["GET"]}}],"collection":[{"href":"https:\/\/coruna2018.redeacampa.org\/gl\/wp-json\/wp\/v2\/ajde_events"}],"about":[{"href":"https:\/\/coruna2018.redeacampa.org\/gl\/wp-json\/wp\/v2\/types\/ajde_events"}],"author":[{"embeddable":true,"href":"https:\/\/coruna2018.redeacampa.org\/gl\/wp-json\/wp\/v2\/users\/2"}],"replies":[{"embeddable":true,"href":"https:\/\/coruna2018.redeacampa.org\/gl\/wp-json\/wp\/v2\/comments?post=37759"}],"wp:featuredmedia":[{"embeddable":true,"href":"https:\/\/coruna2018.redeacampa.org\/gl\/wp-json\/wp\/v2\/media\/38194"}],"wp:attachment":[{"href":"https:\/\/coruna2018.redeacampa.org\/gl\/wp-json\/wp\/v2\/media?parent=37759"}],"wp:term":[{"taxonomy":"post_tag","embeddable":true,"href":"https:\/\/coruna2018.redeacampa.org\/gl\/wp-json\/wp\/v2\/tags?post=37759"},{"taxonomy":"event_type","embeddable":true,"href":"https:\/\/coruna2018.redeacampa.org\/gl\/wp-json\/wp\/v2\/event_type?post=37759"},{"taxonomy":"event_type_2","embeddable":true,"href":"https:\/\/coruna2018.redeacampa.org\/gl\/wp-json\/wp\/v2\/event_type_2?post=37759"}],"curies":[{"name":"wp","href":"https:\/\/api.w.org\/{rel}","templated":true}]}}

Fráxil

<blockquote><p>Juan Pablo Moreiras – Fráxil</p></blockquote>
<p>Vivimos nun planeta que se transforma sen descanso desde fai 4.500 millóns de anos, pero o gran impacto ambiental que o desenvolvemento humano está a ter sobre o seu propio hábitat está a acelerar un desequilibrio cada vez maior entre os seres humanos e á vez entre eles e o resto dos seres vivos. O home é o único animal que destrúe o medio natural onde vive, grazas á súa extraordinaria capacidade para modificalo e adaptalo ás súas necesidades. Mentres cultiva un éxito irresistible para si mesmo, altera profundamente a súa contorna a gran velocidade, chegando a poñer en perigo o seu propio futuro como especie. Na súa expansión contamina a auga, o aire e o chan.</p>
<p>Tres de cada catro especies de primates extinguiranse nos próximos 50 anos. A causa principal é a agricultura, seguida pola explotación madeireira, a gandería e a caza. Entre 1990 e 2010, as prácticas agrícolas han consumido 1,5 millóns de quilómetros cadrados dos seus hábitats, tres veces a superficie total de España. O orangután perdeu o 60 % do seu hábitat en apenas dúas décadas debido ás tallas para a plantación de palma aceiteira. A única maneira de evitar esta extinción é desenvolver as economías locais nos países tropicais, reducir as taxas de consumo nos desenvolvidos e protexer os bosques.</p>
<p>Durante os próximos anos, millóns de persoas veranse forzadas a abandonar os seus fogares debido a trastornos ambientais. Deforestación, seca, catástrofes naturais, desertización, contaminación, perda de diversidade biolóxica, explotación desequilibrada dos recursos naturais… Con demasiada frecuencia, a xente vive en lugares con gran abundancia de recursos naturais pero con índices de pobreza insustentables. A explotación destes recursos por parte de sociedades ricas que os demandan con voracidade prodúcese de maneira irresponsable e inxusta, e é a causa de moitas desigualdades que causan pobreza, fame, guerra e ignorancia.</p>

<!-- This site is optimized with the Yoast SEO plugin v27.4 - https://yoast.com/product/yoast-seo-wordpress/ -->
<title>Fráxil | Acampa 2018 - Pola paz e o dereito a refuxio</title>
<meta name="robots" content="index, follow, max-snippet:-1, max-image-preview:large, max-video-preview:-1" />
<link rel="canonical" href="https://coruna2018.redeacampa.org/gl/events/fraxil/" />
<meta property="og:locale" content="gl_ES" />
<meta property="og:type" content="article" />
<meta property="og:title" content="Fráxil | Acampa 2018 - Pola paz e o dereito a refuxio" />
<meta property="og:description" content="Juan Pablo Moreiras – Fráxil Vivimos nun planeta que se transforma sen descanso desde fai 4.500 millóns de anos, pero o gran impacto ambiental que o desenvolvemento humano está a ter sobre o seu propio hábitat está a acelerar un desequilibrio cada vez maior entre os seres humanos e á vez entre eles e o [&hellip;]" />
<meta property="og:url" content="https://coruna2018.redeacampa.org/gl/events/fraxil/" />
<meta property="og:site_name" content="Acampa 2018 - Pola paz e o dereito a refuxio" />
<meta property="article:modified_time" content="2018-06-02T08:13:59+00:00" />
<meta property="og:image" content="https://coruna2018.redeacampa.org/wp-content/uploads/JuanPabloMoreiras.jpg" />
	<meta property="og:image:width" content="600" />
	<meta property="og:image:height" content="394" />
	<meta property="og:image:type" content="image/jpeg" />
<meta name="twitter:card" content="summary_large_image" />
<meta name="twitter:label1" content="Tempo de lectura" />
	<meta name="twitter:data1" content="2 minutos" />
<script type="application/ld+json" class="yoast-schema-graph">{"@context":"https:\/\/schema.org","@graph":[{"@type":"WebPage","@id":"https:\/\/coruna2018.redeacampa.org\/gl\/events\/fraxil\/","url":"https:\/\/coruna2018.redeacampa.org\/gl\/events\/fraxil\/","name":"Fráxil | Acampa 2018 - Pola paz e o dereito a refuxio","isPartOf":{"@id":"https:\/\/coruna2018.redeacampa.org\/gl\/#website"},"primaryImageOfPage":{"@id":"https:\/\/coruna2018.redeacampa.org\/gl\/events\/fraxil\/#primaryimage"},"image":{"@id":"https:\/\/coruna2018.redeacampa.org\/gl\/events\/fraxil\/#primaryimage"},"thumbnailUrl":"https:\/\/coruna2018.redeacampa.org\/wp-content\/uploads\/JuanPabloMoreiras.jpg","datePublished":"2018-05-13T16:42:39+00:00","dateModified":"2018-06-02T08:13:59+00:00","breadcrumb":{"@id":"https:\/\/coruna2018.redeacampa.org\/gl\/events\/fraxil\/#breadcrumb"},"inLanguage":"gl-ES","potentialAction":[{"@type":"ReadAction","target":["https:\/\/coruna2018.redeacampa.org\/gl\/events\/fraxil\/"]}]},{"@type":"ImageObject","inLanguage":"gl-ES","@id":"https:\/\/coruna2018.redeacampa.org\/gl\/events\/fraxil\/#primaryimage","url":"https:\/\/coruna2018.redeacampa.org\/wp-content\/uploads\/JuanPabloMoreiras.jpg","contentUrl":"https:\/\/coruna2018.redeacampa.org\/wp-content\/uploads\/JuanPabloMoreiras.jpg","width":600,"height":394,"caption":"Juan Pablo Moreiras"},{"@type":"BreadcrumbList","@id":"https:\/\/coruna2018.redeacampa.org\/gl\/events\/fraxil\/#breadcrumb","itemListElement":[{"@type":"ListItem","position":1,"name":"Portada","item":"https:\/\/coruna2018.redeacampa.org\/gl\/"},{"@type":"ListItem","position":2,"name":"Events","item":"https:\/\/coruna2018.redeacampa.org\/gl\/events\/"},{"@type":"ListItem","position":3,"name":"Fráxil"}]},{"@type":"WebSite","@id":"https:\/\/coruna2018.redeacampa.org\/gl\/#website","url":"https:\/\/coruna2018.redeacampa.org\/gl\/","name":"Acampa 2018 - Pola paz e o dereito a refuxio","description":"Unha iniciativa cidadá sen fins de lucro integrada por colectivos sociais, culturais, educativos, veciñais, políticos, sindicais, artísticos, de persoas solidarias, de institucións e empresas con responsabilidade social que teñen como obxectivo a defensa dos dereitos humanos, o Dereito Internacional Humanitario e o Dereito a Refuxio.","potentialAction":[{"@type":"SearchAction","target":{"@type":"EntryPoint","urlTemplate":"https:\/\/coruna2018.redeacampa.org\/gl\/?s={search_term_string}"},"query-input":{"@type":"PropertyValueSpecification","valueRequired":true,"valueName":"search_term_string"}}],"inLanguage":"gl-ES"}]}</script>
<!-- / Yoast SEO plugin. -->

Fráxil | Acampa 2018 - Pola paz e o dereito a refuxio

Juan Pablo Moreiras – Fráxil Vivimos nun planeta que se transforma sen descanso desde fai 4.500 millóns de anos, pero o gran impacto ambiental que o desenvolvemento humano está a ter sobre o seu propio hábitat está a acelerar un desequilibrio cada vez maior entre os seres humanos e á vez entre eles e o [&hellip;]

Unha iniciativa cidadá sen fins de lucro integrada por colectivos sociais, culturais, educativos, veciñais, políticos, sindicais, artísticos, de persoas solidarias, de institucións e empresas con responsabilidade social que teñen como obxectivo a defensa dos dereitos humanos, o Dereito Internacional Humanitario e o Dereito a Refuxio.
