{"id":37555,"date":"2018-04-29T11:46:13","date_gmt":"2018-04-29T09:46:13","guid":{"rendered":"https:\/\/www.acampa.eu\/events\/ezetaerre\/"},"modified":"2018-06-01T18:31:55","modified_gmt":"2018-06-01T16:31:55","slug":"ezetaerre","status":"publish","type":"ajde_events","link":"https:\/\/coruna2018.redeacampa.org\/gl\/events\/ezetaerre\/","title":{"rendered":"Ezetaerre"},"content":{"rendered":"<blockquote><p>Ezetaerre<\/p><\/blockquote>\n<p>Ezetaerre somos un grupo de rap combativo e en galego formado polo Garchu (A Coru\u00f1a), o Pirola (Ourense), a Glitchgirl (Luanco) e o Petrowski (O Porri\u00f1o). A nosa andaina comezou na Facultade de Comunicaci\u00f3n Audiovisual da Coru\u00f1a, onde compartimos estudos, loitas e experiencias no movemento estudantil. A partir de a\u00ed, sacamos unha maqueta de presentaci\u00f3n, o disco <i>Aspiraci\u00f3ns m\u00ednimas e urxentes, <\/i>os sinxelos <i>A herdanza do vento <\/i>e <i>Non \u00e9 ver\u00e1n <\/i>de Estrella Damm e o recente EP <i>100.<\/i><\/p>\n<p>Isto non vai quedar aqu\u00ed e seguiremos dando guerra, sen esquecer esas tres palabras que nos acompa\u00f1an dende o comezo: dignidade, solidariedade e humildade.<\/p>\n<p><strong>CONTACTO<\/strong><\/p>\n<p>+34 647 225 231<br \/>\n<a href=\"mailto:contacto@ezetaerre.com\">contacto@ezetaerre.com<\/a><\/p>\n<blockquote><p>Presenta Clara L\u00f3pez<\/p><\/blockquote>\n","protected":false},"author":2,"featured_media":37539,"menu_order":0,"comment_status":"open","ping_status":"closed","template":"","meta":{"_et_pb_use_builder":"","_et_pb_old_content":"","_et_gb_content_width":"","inline_featured_image":false},"tags":[],"event_type":[162,163,109],"event_type_2":[],"class_list":["post-37555","ajde_events","type-ajde_events","status-publish","has-post-thumbnail","hentry","event_location-xardins-de-mendez-nunez-gl","event_type-15-06-18-gl","event_type-2018-concertos-gl","event_type-2018-programa-gl"],"yoast_head":"<!-- This site is optimized with the Yoast SEO plugin v27.4 - https:\/\/yoast.com\/product\/yoast-seo-wordpress\/ -->\n<title>Ezetaerre | Acampa 2018 - Pola paz e o dereito a refuxio<\/title>\n<meta name=\"robots\" content=\"index, follow, max-snippet:-1, max-image-preview:large, max-video-preview:-1\" \/>\n<link rel=\"canonical\" href=\"https:\/\/coruna2018.redeacampa.org\/gl\/events\/ezetaerre\/\" \/>\n<meta property=\"og:locale\" content=\"gl_ES\" \/>\n<meta property=\"og:type\" content=\"article\" \/>\n<meta property=\"og:title\" content=\"Ezetaerre | Acampa 2018 - Pola paz e o dereito a refuxio\" \/>\n<meta property=\"og:description\" content=\"Ezetaerre Ezetaerre somos un grupo de rap combativo e en galego formado polo Garchu (A Coru\u00f1a), o Pirola (Ourense), a Glitchgirl (Luanco) e o Petrowski (O Porri\u00f1o). A nosa andaina comezou na Facultade de Comunicaci\u00f3n Audiovisual da Coru\u00f1a, onde compartimos estudos, loitas e experiencias no movemento estudantil. A partir de a\u00ed, sacamos unha maqueta de [&hellip;]\" \/>\n<meta property=\"og:url\" content=\"https:\/\/coruna2018.redeacampa.org\/gl\/events\/ezetaerre\/\" \/>\n<meta property=\"og:site_name\" content=\"Acampa 2018 - Pola paz e o dereito a refuxio\" \/>\n<meta property=\"article:modified_time\" content=\"2018-06-01T16:31:55+00:00\" \/>\n<meta property=\"og:image\" content=\"https:\/\/coruna2018.redeacampa.org\/wp-content\/uploads\/ezetaerre.jpg\" \/>\n\t<meta property=\"og:image:width\" content=\"700\" \/>\n\t<meta property=\"og:image:height\" content=\"350\" \/>\n\t<meta property=\"og:image:type\" content=\"image\/jpeg\" \/>\n<meta name=\"twitter:card\" content=\"summary_large_image\" \/>\n<meta name=\"twitter:label1\" content=\"Tempo de lectura\" \/>\n\t<meta name=\"twitter:data1\" content=\"1 minuto\" \/>\n<script type=\"application\/ld+json\" class=\"yoast-schema-graph\">{\"@context\":\"https:\\\/\\\/schema.org\",\"@graph\":[{\"@type\":\"WebPage\",\"@id\":\"https:\\\/\\\/coruna2018.redeacampa.org\\\/gl\\\/events\\\/ezetaerre\\\/\",\"url\":\"https:\\\/\\\/coruna2018.redeacampa.org\\\/gl\\\/events\\\/ezetaerre\\\/\",\"name\":\"Ezetaerre | Acampa 2018 - Pola paz e o dereito a refuxio\",\"isPartOf\":{\"@id\":\"https:\\\/\\\/coruna2018.redeacampa.org\\\/gl\\\/#website\"},\"primaryImageOfPage\":{\"@id\":\"https:\\\/\\\/coruna2018.redeacampa.org\\\/gl\\\/events\\\/ezetaerre\\\/#primaryimage\"},\"image\":{\"@id\":\"https:\\\/\\\/coruna2018.redeacampa.org\\\/gl\\\/events\\\/ezetaerre\\\/#primaryimage\"},\"thumbnailUrl\":\"https:\\\/\\\/coruna2018.redeacampa.org\\\/wp-content\\\/uploads\\\/ezetaerre.jpg\",\"datePublished\":\"2018-04-29T09:46:13+00:00\",\"dateModified\":\"2018-06-01T16:31:55+00:00\",\"breadcrumb\":{\"@id\":\"https:\\\/\\\/coruna2018.redeacampa.org\\\/gl\\\/events\\\/ezetaerre\\\/#breadcrumb\"},\"inLanguage\":\"gl-ES\",\"potentialAction\":[{\"@type\":\"ReadAction\",\"target\":[\"https:\\\/\\\/coruna2018.redeacampa.org\\\/gl\\\/events\\\/ezetaerre\\\/\"]}]},{\"@type\":\"ImageObject\",\"inLanguage\":\"gl-ES\",\"@id\":\"https:\\\/\\\/coruna2018.redeacampa.org\\\/gl\\\/events\\\/ezetaerre\\\/#primaryimage\",\"url\":\"https:\\\/\\\/coruna2018.redeacampa.org\\\/wp-content\\\/uploads\\\/ezetaerre.jpg\",\"contentUrl\":\"https:\\\/\\\/coruna2018.redeacampa.org\\\/wp-content\\\/uploads\\\/ezetaerre.jpg\",\"width\":700,\"height\":350,\"caption\":\"ezetaerre\"},{\"@type\":\"BreadcrumbList\",\"@id\":\"https:\\\/\\\/coruna2018.redeacampa.org\\\/gl\\\/events\\\/ezetaerre\\\/#breadcrumb\",\"itemListElement\":[{\"@type\":\"ListItem\",\"position\":1,\"name\":\"Portada\",\"item\":\"https:\\\/\\\/coruna2018.redeacampa.org\\\/gl\\\/\"},{\"@type\":\"ListItem\",\"position\":2,\"name\":\"Events\",\"item\":\"https:\\\/\\\/coruna2018.redeacampa.org\\\/gl\\\/events\\\/\"},{\"@type\":\"ListItem\",\"position\":3,\"name\":\"Ezetaerre\"}]},{\"@type\":\"WebSite\",\"@id\":\"https:\\\/\\\/coruna2018.redeacampa.org\\\/gl\\\/#website\",\"url\":\"https:\\\/\\\/coruna2018.redeacampa.org\\\/gl\\\/\",\"name\":\"Acampa 2018 - Pola paz e o dereito a refuxio\",\"description\":\"Unha iniciativa cidad\u00e1 sen fins de lucro integrada por colectivos sociais, culturais, educativos, veci\u00f1ais, pol\u00edticos, sindicais, art\u00edsticos, de persoas solidarias, de instituci\u00f3ns e empresas con responsabilidade social que te\u00f1en como obxectivo a defensa dos dereitos humanos, o Dereito Internacional Humanitario e o Dereito a Refuxio.\",\"potentialAction\":[{\"@type\":\"SearchAction\",\"target\":{\"@type\":\"EntryPoint\",\"urlTemplate\":\"https:\\\/\\\/coruna2018.redeacampa.org\\\/gl\\\/?s={search_term_string}\"},\"query-input\":{\"@type\":\"PropertyValueSpecification\",\"valueRequired\":true,\"valueName\":\"search_term_string\"}}],\"inLanguage\":\"gl-ES\"}]}<\/script>\n<!-- \/ Yoast SEO plugin. -->","yoast_head_json":{"title":"Ezetaerre | Acampa 2018 - Pola paz e o dereito a refuxio","robots":{"index":"index","follow":"follow","max-snippet":"max-snippet:-1","max-image-preview":"max-image-preview:large","max-video-preview":"max-video-preview:-1"},"canonical":"https:\/\/coruna2018.redeacampa.org\/gl\/events\/ezetaerre\/","og_locale":"gl_ES","og_type":"article","og_title":"Ezetaerre | Acampa 2018 - Pola paz e o dereito a refuxio","og_description":"Ezetaerre Ezetaerre somos un grupo de rap combativo e en galego formado polo Garchu (A Coru\u00f1a), o Pirola (Ourense), a Glitchgirl (Luanco) e o Petrowski (O Porri\u00f1o). A nosa andaina comezou na Facultade de Comunicaci\u00f3n Audiovisual da Coru\u00f1a, onde compartimos estudos, loitas e experiencias no movemento estudantil. A partir de a\u00ed, sacamos unha maqueta de [&hellip;]","og_url":"https:\/\/coruna2018.redeacampa.org\/gl\/events\/ezetaerre\/","og_site_name":"Acampa 2018 - Pola paz e o dereito a refuxio","article_modified_time":"2018-06-01T16:31:55+00:00","og_image":[{"width":700,"height":350,"url":"https:\/\/coruna2018.redeacampa.org\/wp-content\/uploads\/ezetaerre.jpg","type":"image\/jpeg"}],"twitter_card":"summary_large_image","twitter_misc":{"Tempo de lectura":"1 minuto"},"schema":{"@context":"https:\/\/schema.org","@graph":[{"@type":"WebPage","@id":"https:\/\/coruna2018.redeacampa.org\/gl\/events\/ezetaerre\/","url":"https:\/\/coruna2018.redeacampa.org\/gl\/events\/ezetaerre\/","name":"Ezetaerre | Acampa 2018 - Pola paz e o dereito a refuxio","isPartOf":{"@id":"https:\/\/coruna2018.redeacampa.org\/gl\/#website"},"primaryImageOfPage":{"@id":"https:\/\/coruna2018.redeacampa.org\/gl\/events\/ezetaerre\/#primaryimage"},"image":{"@id":"https:\/\/coruna2018.redeacampa.org\/gl\/events\/ezetaerre\/#primaryimage"},"thumbnailUrl":"https:\/\/coruna2018.redeacampa.org\/wp-content\/uploads\/ezetaerre.jpg","datePublished":"2018-04-29T09:46:13+00:00","dateModified":"2018-06-01T16:31:55+00:00","breadcrumb":{"@id":"https:\/\/coruna2018.redeacampa.org\/gl\/events\/ezetaerre\/#breadcrumb"},"inLanguage":"gl-ES","potentialAction":[{"@type":"ReadAction","target":["https:\/\/coruna2018.redeacampa.org\/gl\/events\/ezetaerre\/"]}]},{"@type":"ImageObject","inLanguage":"gl-ES","@id":"https:\/\/coruna2018.redeacampa.org\/gl\/events\/ezetaerre\/#primaryimage","url":"https:\/\/coruna2018.redeacampa.org\/wp-content\/uploads\/ezetaerre.jpg","contentUrl":"https:\/\/coruna2018.redeacampa.org\/wp-content\/uploads\/ezetaerre.jpg","width":700,"height":350,"caption":"ezetaerre"},{"@type":"BreadcrumbList","@id":"https:\/\/coruna2018.redeacampa.org\/gl\/events\/ezetaerre\/#breadcrumb","itemListElement":[{"@type":"ListItem","position":1,"name":"Portada","item":"https:\/\/coruna2018.redeacampa.org\/gl\/"},{"@type":"ListItem","position":2,"name":"Events","item":"https:\/\/coruna2018.redeacampa.org\/gl\/events\/"},{"@type":"ListItem","position":3,"name":"Ezetaerre"}]},{"@type":"WebSite","@id":"https:\/\/coruna2018.redeacampa.org\/gl\/#website","url":"https:\/\/coruna2018.redeacampa.org\/gl\/","name":"Acampa 2018 - Pola paz e o dereito a refuxio","description":"Unha iniciativa cidad\u00e1 sen fins de lucro integrada por colectivos sociais, culturais, educativos, veci\u00f1ais, pol\u00edticos, sindicais, art\u00edsticos, de persoas solidarias, de instituci\u00f3ns e empresas con responsabilidade social que te\u00f1en como obxectivo a defensa dos dereitos humanos, o Dereito Internacional Humanitario e o Dereito a Refuxio.","potentialAction":[{"@type":"SearchAction","target":{"@type":"EntryPoint","urlTemplate":"https:\/\/coruna2018.redeacampa.org\/gl\/?s={search_term_string}"},"query-input":{"@type":"PropertyValueSpecification","valueRequired":true,"valueName":"search_term_string"}}],"inLanguage":"gl-ES"}]}},"_links":{"self":[{"href":"https:\/\/coruna2018.redeacampa.org\/gl\/wp-json\/wp\/v2\/ajde_events\/37555","targetHints":{"allow":["GET"]}}],"collection":[{"href":"https:\/\/coruna2018.redeacampa.org\/gl\/wp-json\/wp\/v2\/ajde_events"}],"about":[{"href":"https:\/\/coruna2018.redeacampa.org\/gl\/wp-json\/wp\/v2\/types\/ajde_events"}],"author":[{"embeddable":true,"href":"https:\/\/coruna2018.redeacampa.org\/gl\/wp-json\/wp\/v2\/users\/2"}],"replies":[{"embeddable":true,"href":"https:\/\/coruna2018.redeacampa.org\/gl\/wp-json\/wp\/v2\/comments?post=37555"}],"wp:featuredmedia":[{"embeddable":true,"href":"https:\/\/coruna2018.redeacampa.org\/gl\/wp-json\/wp\/v2\/media\/37539"}],"wp:attachment":[{"href":"https:\/\/coruna2018.redeacampa.org\/gl\/wp-json\/wp\/v2\/media?parent=37555"}],"wp:term":[{"taxonomy":"post_tag","embeddable":true,"href":"https:\/\/coruna2018.redeacampa.org\/gl\/wp-json\/wp\/v2\/tags?post=37555"},{"taxonomy":"event_type","embeddable":true,"href":"https:\/\/coruna2018.redeacampa.org\/gl\/wp-json\/wp\/v2\/event_type?post=37555"},{"taxonomy":"event_type_2","embeddable":true,"href":"https:\/\/coruna2018.redeacampa.org\/gl\/wp-json\/wp\/v2\/event_type_2?post=37555"}],"curies":[{"name":"wp","href":"https:\/\/api.w.org\/{rel}","templated":true}]}}

<blockquote><p>Ezetaerre</p></blockquote>
<p>Ezetaerre somos un grupo de rap combativo e en galego formado polo Garchu (A Coruña), o Pirola (Ourense), a Glitchgirl (Luanco) e o Petrowski (O Porriño). A nosa andaina comezou na Facultade de Comunicación Audiovisual da Coruña, onde compartimos estudos, loitas e experiencias no movemento estudantil. A partir de aí, sacamos unha maqueta de presentación, o disco <i>Aspiracións mínimas e urxentes, </i>os sinxelos <i>A herdanza do vento </i>e <i>Non é verán </i>de Estrella Damm e o recente EP <i>100.</i></p>
<p>Isto non vai quedar aquí e seguiremos dando guerra, sen esquecer esas tres palabras que nos acompañan dende o comezo: dignidade, solidariedade e humildade.</p>
<p><strong>CONTACTO</strong></p>
<p>+34 647 225 231<br />
<a href="mailto:contacto@ezetaerre.com">contacto@ezetaerre.com</a></p>
<blockquote><p>Presenta Clara López</p></blockquote>

<!-- This site is optimized with the Yoast SEO plugin v27.4 - https://yoast.com/product/yoast-seo-wordpress/ -->
<title>Ezetaerre | Acampa 2018 - Pola paz e o dereito a refuxio</title>
<meta name="robots" content="index, follow, max-snippet:-1, max-image-preview:large, max-video-preview:-1" />
<link rel="canonical" href="https://coruna2018.redeacampa.org/gl/events/ezetaerre/" />
<meta property="og:locale" content="gl_ES" />
<meta property="og:type" content="article" />
<meta property="og:title" content="Ezetaerre | Acampa 2018 - Pola paz e o dereito a refuxio" />
<meta property="og:description" content="Ezetaerre Ezetaerre somos un grupo de rap combativo e en galego formado polo Garchu (A Coruña), o Pirola (Ourense), a Glitchgirl (Luanco) e o Petrowski (O Porriño). A nosa andaina comezou na Facultade de Comunicación Audiovisual da Coruña, onde compartimos estudos, loitas e experiencias no movemento estudantil. A partir de aí, sacamos unha maqueta de [&hellip;]" />
<meta property="og:url" content="https://coruna2018.redeacampa.org/gl/events/ezetaerre/" />
<meta property="og:site_name" content="Acampa 2018 - Pola paz e o dereito a refuxio" />
<meta property="article:modified_time" content="2018-06-01T16:31:55+00:00" />
<meta property="og:image" content="https://coruna2018.redeacampa.org/wp-content/uploads/ezetaerre.jpg" />
	<meta property="og:image:width" content="700" />
	<meta property="og:image:height" content="350" />
	<meta property="og:image:type" content="image/jpeg" />
<meta name="twitter:card" content="summary_large_image" />
<meta name="twitter:label1" content="Tempo de lectura" />
	<meta name="twitter:data1" content="1 minuto" />
<script type="application/ld+json" class="yoast-schema-graph">{"@context":"https:\/\/schema.org","@graph":[{"@type":"WebPage","@id":"https:\/\/coruna2018.redeacampa.org\/gl\/events\/ezetaerre\/","url":"https:\/\/coruna2018.redeacampa.org\/gl\/events\/ezetaerre\/","name":"Ezetaerre | Acampa 2018 - Pola paz e o dereito a refuxio","isPartOf":{"@id":"https:\/\/coruna2018.redeacampa.org\/gl\/#website"},"primaryImageOfPage":{"@id":"https:\/\/coruna2018.redeacampa.org\/gl\/events\/ezetaerre\/#primaryimage"},"image":{"@id":"https:\/\/coruna2018.redeacampa.org\/gl\/events\/ezetaerre\/#primaryimage"},"thumbnailUrl":"https:\/\/coruna2018.redeacampa.org\/wp-content\/uploads\/ezetaerre.jpg","datePublished":"2018-04-29T09:46:13+00:00","dateModified":"2018-06-01T16:31:55+00:00","breadcrumb":{"@id":"https:\/\/coruna2018.redeacampa.org\/gl\/events\/ezetaerre\/#breadcrumb"},"inLanguage":"gl-ES","potentialAction":[{"@type":"ReadAction","target":["https:\/\/coruna2018.redeacampa.org\/gl\/events\/ezetaerre\/"]}]},{"@type":"ImageObject","inLanguage":"gl-ES","@id":"https:\/\/coruna2018.redeacampa.org\/gl\/events\/ezetaerre\/#primaryimage","url":"https:\/\/coruna2018.redeacampa.org\/wp-content\/uploads\/ezetaerre.jpg","contentUrl":"https:\/\/coruna2018.redeacampa.org\/wp-content\/uploads\/ezetaerre.jpg","width":700,"height":350,"caption":"ezetaerre"},{"@type":"BreadcrumbList","@id":"https:\/\/coruna2018.redeacampa.org\/gl\/events\/ezetaerre\/#breadcrumb","itemListElement":[{"@type":"ListItem","position":1,"name":"Portada","item":"https:\/\/coruna2018.redeacampa.org\/gl\/"},{"@type":"ListItem","position":2,"name":"Events","item":"https:\/\/coruna2018.redeacampa.org\/gl\/events\/"},{"@type":"ListItem","position":3,"name":"Ezetaerre"}]},{"@type":"WebSite","@id":"https:\/\/coruna2018.redeacampa.org\/gl\/#website","url":"https:\/\/coruna2018.redeacampa.org\/gl\/","name":"Acampa 2018 - Pola paz e o dereito a refuxio","description":"Unha iniciativa cidadá sen fins de lucro integrada por colectivos sociais, culturais, educativos, veciñais, políticos, sindicais, artísticos, de persoas solidarias, de institucións e empresas con responsabilidade social que teñen como obxectivo a defensa dos dereitos humanos, o Dereito Internacional Humanitario e o Dereito a Refuxio.","potentialAction":[{"@type":"SearchAction","target":{"@type":"EntryPoint","urlTemplate":"https:\/\/coruna2018.redeacampa.org\/gl\/?s={search_term_string}"},"query-input":{"@type":"PropertyValueSpecification","valueRequired":true,"valueName":"search_term_string"}}],"inLanguage":"gl-ES"}]}</script>
<!-- / Yoast SEO plugin. -->

Ezetaerre Ezetaerre somos un grupo de rap combativo e en galego formado polo Garchu (A Coruña), o Pirola (Ourense), a Glitchgirl (Luanco) e o Petrowski (O Porriño). A nosa andaina comezou na Facultade de Comunicación Audiovisual da Coruña, onde compartimos estudos, loitas e experiencias no movemento estudantil. A partir de aí, sacamos unha maqueta de [&hellip;]

Unha iniciativa cidadá sen fins de lucro integrada por colectivos sociais, culturais, educativos, veciñais, políticos, sindicais, artísticos, de persoas solidarias, de institucións e empresas con responsabilidade social que teñen como obxectivo a defensa dos dereitos humanos, o Dereito Internacional Humanitario e o Dereito a Refuxio.
