{"id":38763,"date":"2018-06-07T14:20:19","date_gmt":"2018-06-07T12:20:19","guid":{"rendered":"https:\/\/www.acampa.eu\/wp-content\/uploads\/GemmaMalvido-2.jpg"},"modified":"2018-06-07T14:20:29","modified_gmt":"2018-06-07T12:20:29","slug":"gemmamalvido","status":"inherit","type":"attachment","link":"https:\/\/coruna2018.redeacampa.org\/es\/events\/los-ronhingyas\/gemmamalvido\/","title":{"rendered":"Gemma Malvido"},"author":2,"featured_media":0,"comment_status":"open","ping_status":"closed","template":"","meta":{"_et_pb_use_builder":"","_et_pb_old_content":"","_et_gb_content_width":"","inline_featured_image":false},"class_list":["post-38763","attachment","type-attachment","status-inherit","hentry"],"yoast_head":"<!-- This site is optimized with the Yoast SEO plugin v27.4 - https:\/\/yoast.com\/product\/yoast-seo-wordpress\/ -->\n<title>Gemma Malvido | Acampa 2018 - Pola paz e o dereito a refuxio<\/title>\n<meta name=\"robots\" content=\"index, follow, max-snippet:-1, max-image-preview:large, max-video-preview:-1\" \/>\n<link rel=\"canonical\" href=\"https:\/\/coruna2018.redeacampa.org\/es\/events\/los-ronhingyas\/gemmamalvido\/\" \/>\n<meta property=\"og:locale\" content=\"es_ES\" \/>\n<meta property=\"og:type\" content=\"article\" \/>\n<meta property=\"og:title\" content=\"Gemma Malvido | Acampa 2018 - Pola paz e o dereito a refuxio\" \/>\n<meta property=\"og:description\" content=\"Gemma Malvido\" \/>\n<meta property=\"og:url\" content=\"https:\/\/coruna2018.redeacampa.org\/es\/events\/los-ronhingyas\/gemmamalvido\/\" \/>\n<meta property=\"og:site_name\" content=\"Acampa 2018 - Pola paz e o dereito a refuxio\" \/>\n<meta property=\"article:modified_time\" content=\"2018-06-07T12:20:29+00:00\" \/>\n<meta property=\"og:image\" content=\"https:\/\/coruna2018.redeacampa.org\/wp-content\/uploads\/GemmaMalvido-2.jpg\" \/>\n\t<meta property=\"og:image:width\" content=\"600\" \/>\n\t<meta property=\"og:image:height\" content=\"400\" \/>\n\t<meta property=\"og:image:type\" content=\"image\/jpeg\" \/>\n<meta name=\"twitter:card\" content=\"summary_large_image\" \/>\n<script type=\"application\/ld+json\" class=\"yoast-schema-graph\">{\"@context\":\"https:\\\/\\\/schema.org\",\"@graph\":[{\"@type\":\"WebPage\",\"@id\":\"https:\\\/\\\/coruna2018.redeacampa.org\\\/es\\\/events\\\/los-ronhingyas\\\/gemmamalvido\\\/\",\"url\":\"https:\\\/\\\/coruna2018.redeacampa.org\\\/es\\\/events\\\/los-ronhingyas\\\/gemmamalvido\\\/\",\"name\":\"Gemma Malvido | Acampa 2018 - Pola paz e o dereito a refuxio\",\"isPartOf\":{\"@id\":\"https:\\\/\\\/coruna2018.redeacampa.org\\\/es\\\/#website\"},\"datePublished\":\"2018-06-07T12:20:19+00:00\",\"dateModified\":\"2018-06-07T12:20:29+00:00\",\"breadcrumb\":{\"@id\":\"https:\\\/\\\/coruna2018.redeacampa.org\\\/es\\\/events\\\/los-ronhingyas\\\/gemmamalvido\\\/#breadcrumb\"},\"inLanguage\":\"es\",\"potentialAction\":[{\"@type\":\"ReadAction\",\"target\":[\"https:\\\/\\\/coruna2018.redeacampa.org\\\/es\\\/events\\\/los-ronhingyas\\\/gemmamalvido\\\/\"]}]},{\"@type\":\"BreadcrumbList\",\"@id\":\"https:\\\/\\\/coruna2018.redeacampa.org\\\/es\\\/events\\\/los-ronhingyas\\\/gemmamalvido\\\/#breadcrumb\",\"itemListElement\":[{\"@type\":\"ListItem\",\"position\":1,\"name\":\"Portada\",\"item\":\"https:\\\/\\\/coruna2018.redeacampa.org\\\/es\\\/\"},{\"@type\":\"ListItem\",\"position\":2,\"name\":\"La crisis de los Rohingyas\",\"item\":\"https:\\\/\\\/coruna2018.redeacampa.org\\\/es\\\/events\\\/los-ronhingyas\\\/\"},{\"@type\":\"ListItem\",\"position\":3,\"name\":\"Gemma Malvido\"}]},{\"@type\":\"WebSite\",\"@id\":\"https:\\\/\\\/coruna2018.redeacampa.org\\\/es\\\/#website\",\"url\":\"https:\\\/\\\/coruna2018.redeacampa.org\\\/es\\\/\",\"name\":\"Acampa 2018 - Pola paz e o dereito a refuxio\",\"description\":\"Unha iniciativa cidad\u00e1 sen fins de lucro integrada por colectivos sociais, culturais, educativos, veci\u00f1ais, pol\u00edticos, sindicais, art\u00edsticos, de persoas solidarias, de instituci\u00f3ns e empresas con responsabilidade social que te\u00f1en como obxectivo a defensa dos dereitos humanos, o Dereito Internacional Humanitario e o Dereito a Refuxio.\",\"potentialAction\":[{\"@type\":\"SearchAction\",\"target\":{\"@type\":\"EntryPoint\",\"urlTemplate\":\"https:\\\/\\\/coruna2018.redeacampa.org\\\/es\\\/?s={search_term_string}\"},\"query-input\":{\"@type\":\"PropertyValueSpecification\",\"valueRequired\":true,\"valueName\":\"search_term_string\"}}],\"inLanguage\":\"es\"}]}<\/script>\n<!-- \/ Yoast SEO plugin. -->","yoast_head_json":{"title":"Gemma Malvido | Acampa 2018 - Pola paz e o dereito a refuxio","robots":{"index":"index","follow":"follow","max-snippet":"max-snippet:-1","max-image-preview":"max-image-preview:large","max-video-preview":"max-video-preview:-1"},"canonical":"https:\/\/coruna2018.redeacampa.org\/es\/events\/los-ronhingyas\/gemmamalvido\/","og_locale":"es_ES","og_type":"article","og_title":"Gemma Malvido | Acampa 2018 - Pola paz e o dereito a refuxio","og_description":"Gemma Malvido","og_url":"https:\/\/coruna2018.redeacampa.org\/es\/events\/los-ronhingyas\/gemmamalvido\/","og_site_name":"Acampa 2018 - Pola paz e o dereito a refuxio","article_modified_time":"2018-06-07T12:20:29+00:00","og_image":[{"width":600,"height":400,"url":"https:\/\/coruna2018.redeacampa.org\/wp-content\/uploads\/GemmaMalvido-2.jpg","type":"image\/jpeg"}],"twitter_card":"summary_large_image","schema":{"@context":"https:\/\/schema.org","@graph":[{"@type":"WebPage","@id":"https:\/\/coruna2018.redeacampa.org\/es\/events\/los-ronhingyas\/gemmamalvido\/","url":"https:\/\/coruna2018.redeacampa.org\/es\/events\/los-ronhingyas\/gemmamalvido\/","name":"Gemma Malvido | Acampa 2018 - Pola paz e o dereito a refuxio","isPartOf":{"@id":"https:\/\/coruna2018.redeacampa.org\/es\/#website"},"datePublished":"2018-06-07T12:20:19+00:00","dateModified":"2018-06-07T12:20:29+00:00","breadcrumb":{"@id":"https:\/\/coruna2018.redeacampa.org\/es\/events\/los-ronhingyas\/gemmamalvido\/#breadcrumb"},"inLanguage":"es","potentialAction":[{"@type":"ReadAction","target":["https:\/\/coruna2018.redeacampa.org\/es\/events\/los-ronhingyas\/gemmamalvido\/"]}]},{"@type":"BreadcrumbList","@id":"https:\/\/coruna2018.redeacampa.org\/es\/events\/los-ronhingyas\/gemmamalvido\/#breadcrumb","itemListElement":[{"@type":"ListItem","position":1,"name":"Portada","item":"https:\/\/coruna2018.redeacampa.org\/es\/"},{"@type":"ListItem","position":2,"name":"La crisis de los Rohingyas","item":"https:\/\/coruna2018.redeacampa.org\/es\/events\/los-ronhingyas\/"},{"@type":"ListItem","position":3,"name":"Gemma Malvido"}]},{"@type":"WebSite","@id":"https:\/\/coruna2018.redeacampa.org\/es\/#website","url":"https:\/\/coruna2018.redeacampa.org\/es\/","name":"Acampa 2018 - Pola paz e o dereito a refuxio","description":"Unha iniciativa cidad\u00e1 sen fins de lucro integrada por colectivos sociais, culturais, educativos, veci\u00f1ais, pol\u00edticos, sindicais, art\u00edsticos, de persoas solidarias, de instituci\u00f3ns e empresas con responsabilidade social que te\u00f1en como obxectivo a defensa dos dereitos humanos, o Dereito Internacional Humanitario e o Dereito a Refuxio.","potentialAction":[{"@type":"SearchAction","target":{"@type":"EntryPoint","urlTemplate":"https:\/\/coruna2018.redeacampa.org\/es\/?s={search_term_string}"},"query-input":{"@type":"PropertyValueSpecification","valueRequired":true,"valueName":"search_term_string"}}],"inLanguage":"es"}]}},"description":{"rendered":"<p class=\"attachment\"><a href='https:\/\/coruna2018.redeacampa.org\/wp-content\/uploads\/GemmaMalvido-2.jpg'><img loading=\"lazy\" decoding=\"async\" width=\"300\" height=\"200\" src=\"https:\/\/coruna2018.redeacampa.org\/wp-content\/uploads\/GemmaMalvido-2-300x200.jpg\" class=\"attachment-medium size-medium\" alt=\"Gemma Malvido\" srcset=\"https:\/\/coruna2018.redeacampa.org\/wp-content\/uploads\/GemmaMalvido-2-300x200.jpg 300w, https:\/\/coruna2018.redeacampa.org\/wp-content\/uploads\/GemmaMalvido-2.jpg 600w\" sizes=\"(max-width: 300px) 100vw, 300px\" \/><\/a><\/p>\n<p>Gemma Malvido<\/p>\n"},"caption":{"rendered":"<p>Gemma Malvido<\/p>\n"},"alt_text":"Gemma Malvido","media_type":"image","mime_type":"image\/jpeg","media_details":{"width":600,"height":400,"file":"GemmaMalvido-2.jpg","sizes":{"thumbnail":{"file":"GemmaMalvido-2-150x150.jpg","width":150,"height":150,"mime_type":"image\/jpeg","source_url":"https:\/\/coruna2018.redeacampa.org\/wp-content\/uploads\/GemmaMalvido-2-150x150.jpg"},"medium":{"file":"GemmaMalvido-2-300x200.jpg","width":300,"height":200,"mime_type":"image\/jpeg","source_url":"https:\/\/coruna2018.redeacampa.org\/wp-content\/uploads\/GemmaMalvido-2-300x200.jpg"},"et-pb-post-main-image":{"file":"GemmaMalvido-2-400x250.jpg","width":400,"height":250,"mime_type":"image\/jpeg","source_url":"https:\/\/coruna2018.redeacampa.org\/wp-content\/uploads\/GemmaMalvido-2-400x250.jpg"},"et-pb-portfolio-image":{"file":"GemmaMalvido-2-400x284.jpg","width":400,"height":284,"mime_type":"image\/jpeg","source_url":"https:\/\/coruna2018.redeacampa.org\/wp-content\/uploads\/GemmaMalvido-2-400x284.jpg"},"et-pb-portfolio-module-image":{"file":"GemmaMalvido-2-510x382.jpg","width":510,"height":382,"mime_type":"image\/jpeg","source_url":"https:\/\/coruna2018.redeacampa.org\/wp-content\/uploads\/GemmaMalvido-2-510x382.jpg"},"et-pb-gallery-module-image-portrait":{"file":"GemmaMalvido-2-400x400.jpg","width":400,"height":400,"mime_type":"image\/jpeg","source_url":"https:\/\/coruna2018.redeacampa.org\/wp-content\/uploads\/GemmaMalvido-2-400x400.jpg"},"full":{"file":"GemmaMalvido-2.jpg","width":600,"height":400,"mime_type":"image\/jpeg","source_url":"https:\/\/coruna2018.redeacampa.org\/wp-content\/uploads\/GemmaMalvido-2.jpg"}},"image_meta":{"aperture":"0","credit":"","camera":"","caption":"","created_timestamp":"0","copyright":"","focal_length":"0","iso":"0","shutter_speed":"0","title":"","orientation":"0","keywords":[]}},"post":37511,"source_url":"https:\/\/coruna2018.redeacampa.org\/wp-content\/uploads\/GemmaMalvido-2.jpg","_links":{"self":[{"href":"https:\/\/coruna2018.redeacampa.org\/es\/wp-json\/wp\/v2\/media\/38763","targetHints":{"allow":["GET"]}}],"collection":[{"href":"https:\/\/coruna2018.redeacampa.org\/es\/wp-json\/wp\/v2\/media"}],"about":[{"href":"https:\/\/coruna2018.redeacampa.org\/es\/wp-json\/wp\/v2\/types\/attachment"}],"author":[{"embeddable":true,"href":"https:\/\/coruna2018.redeacampa.org\/es\/wp-json\/wp\/v2\/users\/2"}],"replies":[{"embeddable":true,"href":"https:\/\/coruna2018.redeacampa.org\/es\/wp-json\/wp\/v2\/comments?post=38763"}],"wp:attached-to":[{"embeddable":true,"post_type":"ajde_events","id":37511,"href":"https:\/\/coruna2018.redeacampa.org\/es\/wp-json\/wp\/v2\/ajde_events\/37511"}],"curies":[{"name":"wp","href":"https:\/\/api.w.org\/{rel}","templated":true}]}}

<!-- This site is optimized with the Yoast SEO plugin v27.4 - https://yoast.com/product/yoast-seo-wordpress/ -->
<title>Gemma Malvido | Acampa 2018 - Pola paz e o dereito a refuxio</title>
<meta name="robots" content="index, follow, max-snippet:-1, max-image-preview:large, max-video-preview:-1" />
<link rel="canonical" href="https://coruna2018.redeacampa.org/es/events/los-ronhingyas/gemmamalvido/" />
<meta property="og:locale" content="es_ES" />
<meta property="og:type" content="article" />
<meta property="og:title" content="Gemma Malvido | Acampa 2018 - Pola paz e o dereito a refuxio" />
<meta property="og:description" content="Gemma Malvido" />
<meta property="og:url" content="https://coruna2018.redeacampa.org/es/events/los-ronhingyas/gemmamalvido/" />
<meta property="og:site_name" content="Acampa 2018 - Pola paz e o dereito a refuxio" />
<meta property="article:modified_time" content="2018-06-07T12:20:29+00:00" />
<meta property="og:image" content="https://coruna2018.redeacampa.org/wp-content/uploads/GemmaMalvido-2.jpg" />
	<meta property="og:image:width" content="600" />
	<meta property="og:image:height" content="400" />
	<meta property="og:image:type" content="image/jpeg" />
<meta name="twitter:card" content="summary_large_image" />
<script type="application/ld+json" class="yoast-schema-graph">{"@context":"https:\/\/schema.org","@graph":[{"@type":"WebPage","@id":"https:\/\/coruna2018.redeacampa.org\/es\/events\/los-ronhingyas\/gemmamalvido\/","url":"https:\/\/coruna2018.redeacampa.org\/es\/events\/los-ronhingyas\/gemmamalvido\/","name":"Gemma Malvido | Acampa 2018 - Pola paz e o dereito a refuxio","isPartOf":{"@id":"https:\/\/coruna2018.redeacampa.org\/es\/#website"},"datePublished":"2018-06-07T12:20:19+00:00","dateModified":"2018-06-07T12:20:29+00:00","breadcrumb":{"@id":"https:\/\/coruna2018.redeacampa.org\/es\/events\/los-ronhingyas\/gemmamalvido\/#breadcrumb"},"inLanguage":"es","potentialAction":[{"@type":"ReadAction","target":["https:\/\/coruna2018.redeacampa.org\/es\/events\/los-ronhingyas\/gemmamalvido\/"]}]},{"@type":"BreadcrumbList","@id":"https:\/\/coruna2018.redeacampa.org\/es\/events\/los-ronhingyas\/gemmamalvido\/#breadcrumb","itemListElement":[{"@type":"ListItem","position":1,"name":"Portada","item":"https:\/\/coruna2018.redeacampa.org\/es\/"},{"@type":"ListItem","position":2,"name":"La crisis de los Rohingyas","item":"https:\/\/coruna2018.redeacampa.org\/es\/events\/los-ronhingyas\/"},{"@type":"ListItem","position":3,"name":"Gemma Malvido"}]},{"@type":"WebSite","@id":"https:\/\/coruna2018.redeacampa.org\/es\/#website","url":"https:\/\/coruna2018.redeacampa.org\/es\/","name":"Acampa 2018 - Pola paz e o dereito a refuxio","description":"Unha iniciativa cidadá sen fins de lucro integrada por colectivos sociais, culturais, educativos, veciñais, políticos, sindicais, artísticos, de persoas solidarias, de institucións e empresas con responsabilidade social que teñen como obxectivo a defensa dos dereitos humanos, o Dereito Internacional Humanitario e o Dereito a Refuxio.","potentialAction":[{"@type":"SearchAction","target":{"@type":"EntryPoint","urlTemplate":"https:\/\/coruna2018.redeacampa.org\/es\/?s={search_term_string}"},"query-input":{"@type":"PropertyValueSpecification","valueRequired":true,"valueName":"search_term_string"}}],"inLanguage":"es"}]}</script>
<!-- / Yoast SEO plugin. -->

Unha iniciativa cidadá sen fins de lucro integrada por colectivos sociais, culturais, educativos, veciñais, políticos, sindicais, artísticos, de persoas solidarias, de institucións e empresas con responsabilidade social que teñen como obxectivo a defensa dos dereitos humanos, o Dereito Internacional Humanitario e o Dereito a Refuxio.
