{"id":38012,"date":"2018-05-27T10:22:46","date_gmt":"2018-05-27T08:22:46","guid":{"rendered":"https:\/\/www.acampa.eu\/events\/de-la-barraca-de-lona-al-alimento-sostenible2\/"},"modified":"2018-05-28T09:24:37","modified_gmt":"2018-05-28T07:24:37","slug":"construccion-de-la-chabola-al-alimento-sostenible","status":"publish","type":"ajde_events","link":"https:\/\/coruna2018.redeacampa.org\/es\/events\/construccion-de-la-chabola-al-alimento-sostenible\/","title":{"rendered":"Construcci\u00f3n &#8211; De la chabola al alimento sostenible"},"content":{"rendered":"<blockquote><p>Marcos Sorrentino<\/p><\/blockquote>\n<p><img loading=\"lazy\" decoding=\"async\" class=\"size-full wp-image-37845\" src=\"\/wp-content\/uploads\/MarcosSorrentino.jpg\" alt=\"Marcos Sorrentino\" width=\"600\" height=\"400\" srcset=\"https:\/\/coruna2018.redeacampa.org\/wp-content\/uploads\/MarcosSorrentino.jpg 600w, https:\/\/coruna2018.redeacampa.org\/wp-content\/uploads\/MarcosSorrentino-300x200.jpg 300w\" sizes=\"(max-width: 600px) 100vw, 600px\" \/><\/p>\n<p>Marcos\u00a0 Sorrentino es docente de la Universidad de S\u00e3o Paulo, campus de\u00a0 Piracicaba\/Departamento de Ciencias Forestales, coordina el Laboratorio de Educaci\u00f3n y Pol\u00edtica Ambiental.<\/p>\n<p>Participa desde los a\u00f1os setenta de varias asociaciones, colectivos y redes de\u00a0 ambientalistas y de educaci\u00f3n ambiental.<\/p>\n<p>Fue director de EA en el Ministerio del Medio Ambiente del Brasil, de 2003 a 2008. Actualmente, desarrolla una investigaci\u00f3n sobre pol\u00edticas p\u00fablicas de EA junto a la Universidad de A Coru\u00f1a y el\u00a0 CEIDA.<\/p>\n<blockquote><p>Simone Portugal<\/p><\/blockquote>\n<p><img loading=\"lazy\" decoding=\"async\" class=\"size-full wp-image-37848\" src=\"\/wp-content\/uploads\/SimonePortugal.jpg\" alt=\"Simone Portugal\" width=\"600\" height=\"369\" srcset=\"https:\/\/coruna2018.redeacampa.org\/wp-content\/uploads\/SimonePortugal.jpg 600w, https:\/\/coruna2018.redeacampa.org\/wp-content\/uploads\/SimonePortugal-300x185.jpg 300w\" sizes=\"(max-width: 600px) 100vw, 600px\" \/><\/p>\n<p>Simone Portugal es maestra en Educaci\u00f3n por la Universidad de Brasilia. Graduada en Educaci\u00f3n Art\u00edstica &#8211; Licenciatura en M\u00fasica.<\/p>\n<p>Es investigadora colaboradora del Laboratorio de Educaci\u00f3n y Pol\u00edtica Ambiental &#8211; Hueca\/ Esalq\/ USP.<\/p>\n<p>Tiene experiencia en la elaboraci\u00f3n de libros y materiales did\u00e1cticos para ni\u00f1os\/las, j\u00f3venes y profesores\/as y en procesos de formaci\u00f3n de educadores\/as.<\/p>\n<blockquote><p>Organiza la Oficina de Cooperaci\u00f3n y Voluntariado<\/p><\/blockquote>\n","protected":false},"author":2,"featured_media":37851,"menu_order":0,"comment_status":"open","ping_status":"closed","template":"","meta":{"_et_pb_use_builder":"","_et_pb_old_content":"","_et_gb_content_width":"","inline_featured_image":false},"tags":[],"event_type":[150,157,59],"event_type_2":[],"class_list":["post-38012","ajde_events","type-ajde_events","status-publish","has-post-thumbnail","hentry","event_location-jardines-de-mendez-nunez","event_type-15-06-18-es","event_type-2018-actividades-adultos-es","event_type-2018-programa-es"],"yoast_head":"<!-- This site is optimized with the Yoast SEO plugin v27.4 - https:\/\/yoast.com\/product\/yoast-seo-wordpress\/ -->\n<title>Construcci\u00f3n - De la chabola al alimento sostenible | Acampa 2018 - Pola paz e o dereito a refuxio<\/title>\n<meta name=\"robots\" content=\"index, follow, max-snippet:-1, max-image-preview:large, max-video-preview:-1\" \/>\n<link rel=\"canonical\" href=\"https:\/\/coruna2018.redeacampa.org\/es\/events\/construccion-de-la-chabola-al-alimento-sostenible\/\" \/>\n<meta property=\"og:locale\" content=\"es_ES\" \/>\n<meta property=\"og:type\" content=\"article\" \/>\n<meta property=\"og:title\" content=\"Construcci\u00f3n - De la chabola al alimento sostenible | Acampa 2018 - Pola paz e o dereito a refuxio\" \/>\n<meta property=\"og:description\" content=\"Marcos Sorrentino Marcos\u00a0 Sorrentino es docente de la Universidad de S\u00e3o Paulo, campus de\u00a0 Piracicaba\/Departamento de Ciencias Forestales, coordina el Laboratorio de Educaci\u00f3n y Pol\u00edtica Ambiental. Participa desde los a\u00f1os setenta de varias asociaciones, colectivos y redes de\u00a0 ambientalistas y de educaci\u00f3n ambiental. Fue director de EA en el Ministerio del Medio Ambiente del Brasil, [&hellip;]\" \/>\n<meta property=\"og:url\" content=\"https:\/\/coruna2018.redeacampa.org\/es\/events\/construccion-de-la-chabola-al-alimento-sostenible\/\" \/>\n<meta property=\"og:site_name\" content=\"Acampa 2018 - Pola paz e o dereito a refuxio\" \/>\n<meta property=\"article:modified_time\" content=\"2018-05-28T07:24:37+00:00\" \/>\n<meta property=\"og:image\" content=\"https:\/\/coruna2018.redeacampa.org\/wp-content\/uploads\/SorrentinoPortugal.jpg\" \/>\n\t<meta property=\"og:image:width\" content=\"600\" \/>\n\t<meta property=\"og:image:height\" content=\"360\" \/>\n\t<meta property=\"og:image:type\" content=\"image\/jpeg\" \/>\n<meta name=\"twitter:card\" content=\"summary_large_image\" \/>\n<meta name=\"twitter:label1\" content=\"Tiempo de lectura\" \/>\n\t<meta name=\"twitter:data1\" content=\"1 minuto\" \/>\n<script type=\"application\/ld+json\" class=\"yoast-schema-graph\">{\"@context\":\"https:\\\/\\\/schema.org\",\"@graph\":[{\"@type\":\"WebPage\",\"@id\":\"https:\\\/\\\/coruna2018.redeacampa.org\\\/es\\\/events\\\/construccion-de-la-chabola-al-alimento-sostenible\\\/\",\"url\":\"https:\\\/\\\/coruna2018.redeacampa.org\\\/es\\\/events\\\/construccion-de-la-chabola-al-alimento-sostenible\\\/\",\"name\":\"Construcci\u00f3n - De la chabola al alimento sostenible | Acampa 2018 - Pola paz e o dereito a refuxio\",\"isPartOf\":{\"@id\":\"https:\\\/\\\/coruna2018.redeacampa.org\\\/es\\\/#website\"},\"primaryImageOfPage\":{\"@id\":\"https:\\\/\\\/coruna2018.redeacampa.org\\\/es\\\/events\\\/construccion-de-la-chabola-al-alimento-sostenible\\\/#primaryimage\"},\"image\":{\"@id\":\"https:\\\/\\\/coruna2018.redeacampa.org\\\/es\\\/events\\\/construccion-de-la-chabola-al-alimento-sostenible\\\/#primaryimage\"},\"thumbnailUrl\":\"https:\\\/\\\/coruna2018.redeacampa.org\\\/wp-content\\\/uploads\\\/SorrentinoPortugal.jpg\",\"datePublished\":\"2018-05-27T08:22:46+00:00\",\"dateModified\":\"2018-05-28T07:24:37+00:00\",\"breadcrumb\":{\"@id\":\"https:\\\/\\\/coruna2018.redeacampa.org\\\/es\\\/events\\\/construccion-de-la-chabola-al-alimento-sostenible\\\/#breadcrumb\"},\"inLanguage\":\"es\",\"potentialAction\":[{\"@type\":\"ReadAction\",\"target\":[\"https:\\\/\\\/coruna2018.redeacampa.org\\\/es\\\/events\\\/construccion-de-la-chabola-al-alimento-sostenible\\\/\"]}]},{\"@type\":\"ImageObject\",\"inLanguage\":\"es\",\"@id\":\"https:\\\/\\\/coruna2018.redeacampa.org\\\/es\\\/events\\\/construccion-de-la-chabola-al-alimento-sostenible\\\/#primaryimage\",\"url\":\"https:\\\/\\\/coruna2018.redeacampa.org\\\/wp-content\\\/uploads\\\/SorrentinoPortugal.jpg\",\"contentUrl\":\"https:\\\/\\\/coruna2018.redeacampa.org\\\/wp-content\\\/uploads\\\/SorrentinoPortugal.jpg\",\"width\":600,\"height\":360},{\"@type\":\"BreadcrumbList\",\"@id\":\"https:\\\/\\\/coruna2018.redeacampa.org\\\/es\\\/events\\\/construccion-de-la-chabola-al-alimento-sostenible\\\/#breadcrumb\",\"itemListElement\":[{\"@type\":\"ListItem\",\"position\":1,\"name\":\"Portada\",\"item\":\"https:\\\/\\\/coruna2018.redeacampa.org\\\/es\\\/\"},{\"@type\":\"ListItem\",\"position\":2,\"name\":\"Eventos\",\"item\":\"https:\\\/\\\/coruna2018.redeacampa.org\\\/es\\\/events\\\/\"},{\"@type\":\"ListItem\",\"position\":3,\"name\":\"Construcci\u00f3n &#8211; De la chabola al alimento sostenible\"}]},{\"@type\":\"WebSite\",\"@id\":\"https:\\\/\\\/coruna2018.redeacampa.org\\\/es\\\/#website\",\"url\":\"https:\\\/\\\/coruna2018.redeacampa.org\\\/es\\\/\",\"name\":\"Acampa 2018 - Pola paz e o dereito a refuxio\",\"description\":\"Unha iniciativa cidad\u00e1 sen fins de lucro integrada por colectivos sociais, culturais, educativos, veci\u00f1ais, pol\u00edticos, sindicais, art\u00edsticos, de persoas solidarias, de instituci\u00f3ns e empresas con responsabilidade social que te\u00f1en como obxectivo a defensa dos dereitos humanos, o Dereito Internacional Humanitario e o Dereito a Refuxio.\",\"potentialAction\":[{\"@type\":\"SearchAction\",\"target\":{\"@type\":\"EntryPoint\",\"urlTemplate\":\"https:\\\/\\\/coruna2018.redeacampa.org\\\/es\\\/?s={search_term_string}\"},\"query-input\":{\"@type\":\"PropertyValueSpecification\",\"valueRequired\":true,\"valueName\":\"search_term_string\"}}],\"inLanguage\":\"es\"}]}<\/script>\n<!-- \/ Yoast SEO plugin. -->","yoast_head_json":{"title":"Construcci\u00f3n - De la chabola al alimento sostenible | Acampa 2018 - Pola paz e o dereito a refuxio","robots":{"index":"index","follow":"follow","max-snippet":"max-snippet:-1","max-image-preview":"max-image-preview:large","max-video-preview":"max-video-preview:-1"},"canonical":"https:\/\/coruna2018.redeacampa.org\/es\/events\/construccion-de-la-chabola-al-alimento-sostenible\/","og_locale":"es_ES","og_type":"article","og_title":"Construcci\u00f3n - De la chabola al alimento sostenible | Acampa 2018 - Pola paz e o dereito a refuxio","og_description":"Marcos Sorrentino Marcos\u00a0 Sorrentino es docente de la Universidad de S\u00e3o Paulo, campus de\u00a0 Piracicaba\/Departamento de Ciencias Forestales, coordina el Laboratorio de Educaci\u00f3n y Pol\u00edtica Ambiental. Participa desde los a\u00f1os setenta de varias asociaciones, colectivos y redes de\u00a0 ambientalistas y de educaci\u00f3n ambiental. Fue director de EA en el Ministerio del Medio Ambiente del Brasil, [&hellip;]","og_url":"https:\/\/coruna2018.redeacampa.org\/es\/events\/construccion-de-la-chabola-al-alimento-sostenible\/","og_site_name":"Acampa 2018 - Pola paz e o dereito a refuxio","article_modified_time":"2018-05-28T07:24:37+00:00","og_image":[{"width":600,"height":360,"url":"https:\/\/coruna2018.redeacampa.org\/wp-content\/uploads\/SorrentinoPortugal.jpg","type":"image\/jpeg"}],"twitter_card":"summary_large_image","twitter_misc":{"Tiempo de lectura":"1 minuto"},"schema":{"@context":"https:\/\/schema.org","@graph":[{"@type":"WebPage","@id":"https:\/\/coruna2018.redeacampa.org\/es\/events\/construccion-de-la-chabola-al-alimento-sostenible\/","url":"https:\/\/coruna2018.redeacampa.org\/es\/events\/construccion-de-la-chabola-al-alimento-sostenible\/","name":"Construcci\u00f3n - De la chabola al alimento sostenible | Acampa 2018 - Pola paz e o dereito a refuxio","isPartOf":{"@id":"https:\/\/coruna2018.redeacampa.org\/es\/#website"},"primaryImageOfPage":{"@id":"https:\/\/coruna2018.redeacampa.org\/es\/events\/construccion-de-la-chabola-al-alimento-sostenible\/#primaryimage"},"image":{"@id":"https:\/\/coruna2018.redeacampa.org\/es\/events\/construccion-de-la-chabola-al-alimento-sostenible\/#primaryimage"},"thumbnailUrl":"https:\/\/coruna2018.redeacampa.org\/wp-content\/uploads\/SorrentinoPortugal.jpg","datePublished":"2018-05-27T08:22:46+00:00","dateModified":"2018-05-28T07:24:37+00:00","breadcrumb":{"@id":"https:\/\/coruna2018.redeacampa.org\/es\/events\/construccion-de-la-chabola-al-alimento-sostenible\/#breadcrumb"},"inLanguage":"es","potentialAction":[{"@type":"ReadAction","target":["https:\/\/coruna2018.redeacampa.org\/es\/events\/construccion-de-la-chabola-al-alimento-sostenible\/"]}]},{"@type":"ImageObject","inLanguage":"es","@id":"https:\/\/coruna2018.redeacampa.org\/es\/events\/construccion-de-la-chabola-al-alimento-sostenible\/#primaryimage","url":"https:\/\/coruna2018.redeacampa.org\/wp-content\/uploads\/SorrentinoPortugal.jpg","contentUrl":"https:\/\/coruna2018.redeacampa.org\/wp-content\/uploads\/SorrentinoPortugal.jpg","width":600,"height":360},{"@type":"BreadcrumbList","@id":"https:\/\/coruna2018.redeacampa.org\/es\/events\/construccion-de-la-chabola-al-alimento-sostenible\/#breadcrumb","itemListElement":[{"@type":"ListItem","position":1,"name":"Portada","item":"https:\/\/coruna2018.redeacampa.org\/es\/"},{"@type":"ListItem","position":2,"name":"Eventos","item":"https:\/\/coruna2018.redeacampa.org\/es\/events\/"},{"@type":"ListItem","position":3,"name":"Construcci\u00f3n &#8211; De la chabola al alimento sostenible"}]},{"@type":"WebSite","@id":"https:\/\/coruna2018.redeacampa.org\/es\/#website","url":"https:\/\/coruna2018.redeacampa.org\/es\/","name":"Acampa 2018 - Pola paz e o dereito a refuxio","description":"Unha iniciativa cidad\u00e1 sen fins de lucro integrada por colectivos sociais, culturais, educativos, veci\u00f1ais, pol\u00edticos, sindicais, art\u00edsticos, de persoas solidarias, de instituci\u00f3ns e empresas con responsabilidade social que te\u00f1en como obxectivo a defensa dos dereitos humanos, o Dereito Internacional Humanitario e o Dereito a Refuxio.","potentialAction":[{"@type":"SearchAction","target":{"@type":"EntryPoint","urlTemplate":"https:\/\/coruna2018.redeacampa.org\/es\/?s={search_term_string}"},"query-input":{"@type":"PropertyValueSpecification","valueRequired":true,"valueName":"search_term_string"}}],"inLanguage":"es"}]}},"_links":{"self":[{"href":"https:\/\/coruna2018.redeacampa.org\/es\/wp-json\/wp\/v2\/ajde_events\/38012","targetHints":{"allow":["GET"]}}],"collection":[{"href":"https:\/\/coruna2018.redeacampa.org\/es\/wp-json\/wp\/v2\/ajde_events"}],"about":[{"href":"https:\/\/coruna2018.redeacampa.org\/es\/wp-json\/wp\/v2\/types\/ajde_events"}],"author":[{"embeddable":true,"href":"https:\/\/coruna2018.redeacampa.org\/es\/wp-json\/wp\/v2\/users\/2"}],"replies":[{"embeddable":true,"href":"https:\/\/coruna2018.redeacampa.org\/es\/wp-json\/wp\/v2\/comments?post=38012"}],"wp:featuredmedia":[{"embeddable":true,"href":"https:\/\/coruna2018.redeacampa.org\/es\/wp-json\/wp\/v2\/media\/37851"}],"wp:attachment":[{"href":"https:\/\/coruna2018.redeacampa.org\/es\/wp-json\/wp\/v2\/media?parent=38012"}],"wp:term":[{"taxonomy":"post_tag","embeddable":true,"href":"https:\/\/coruna2018.redeacampa.org\/es\/wp-json\/wp\/v2\/tags?post=38012"},{"taxonomy":"event_type","embeddable":true,"href":"https:\/\/coruna2018.redeacampa.org\/es\/wp-json\/wp\/v2\/event_type?post=38012"},{"taxonomy":"event_type_2","embeddable":true,"href":"https:\/\/coruna2018.redeacampa.org\/es\/wp-json\/wp\/v2\/event_type_2?post=38012"}],"curies":[{"name":"wp","href":"https:\/\/api.w.org\/{rel}","templated":true}]}}

Construcción &#8211; De la chabola al alimento sostenible

<blockquote><p>Marcos Sorrentino</p></blockquote>
<p><img loading="lazy" decoding="async" class="size-full wp-image-37845" src="/wp-content/uploads/MarcosSorrentino.jpg" alt="Marcos Sorrentino" width="600" height="400" srcset="https://coruna2018.redeacampa.org/wp-content/uploads/MarcosSorrentino.jpg 600w, https://coruna2018.redeacampa.org/wp-content/uploads/MarcosSorrentino-300x200.jpg 300w" sizes="(max-width: 600px) 100vw, 600px" /></p>
<p>Marcos  Sorrentino es docente de la Universidad de São Paulo, campus de  Piracicaba/Departamento de Ciencias Forestales, coordina el Laboratorio de Educación y Política Ambiental.</p>
<p>Participa desde los años setenta de varias asociaciones, colectivos y redes de  ambientalistas y de educación ambiental.</p>
<p>Fue director de EA en el Ministerio del Medio Ambiente del Brasil, de 2003 a 2008. Actualmente, desarrolla una investigación sobre políticas públicas de EA junto a la Universidad de A Coruña y el  CEIDA.</p>
<blockquote><p>Simone Portugal</p></blockquote>
<p><img loading="lazy" decoding="async" class="size-full wp-image-37848" src="/wp-content/uploads/SimonePortugal.jpg" alt="Simone Portugal" width="600" height="369" srcset="https://coruna2018.redeacampa.org/wp-content/uploads/SimonePortugal.jpg 600w, https://coruna2018.redeacampa.org/wp-content/uploads/SimonePortugal-300x185.jpg 300w" sizes="(max-width: 600px) 100vw, 600px" /></p>
<p>Simone Portugal es maestra en Educación por la Universidad de Brasilia. Graduada en Educación Artística &#8211; Licenciatura en Música.</p>
<p>Es investigadora colaboradora del Laboratorio de Educación y Política Ambiental &#8211; Hueca/ Esalq/ USP.</p>
<p>Tiene experiencia en la elaboración de libros y materiales didácticos para niños/las, jóvenes y profesores/as y en procesos de formación de educadores/as.</p>
<blockquote><p>Organiza la Oficina de Cooperación y Voluntariado</p></blockquote>

<!-- This site is optimized with the Yoast SEO plugin v27.4 - https://yoast.com/product/yoast-seo-wordpress/ -->
<title>Construcción - De la chabola al alimento sostenible | Acampa 2018 - Pola paz e o dereito a refuxio</title>
<meta name="robots" content="index, follow, max-snippet:-1, max-image-preview:large, max-video-preview:-1" />
<link rel="canonical" href="https://coruna2018.redeacampa.org/es/events/construccion-de-la-chabola-al-alimento-sostenible/" />
<meta property="og:locale" content="es_ES" />
<meta property="og:type" content="article" />
<meta property="og:title" content="Construcción - De la chabola al alimento sostenible | Acampa 2018 - Pola paz e o dereito a refuxio" />
<meta property="og:description" content="Marcos Sorrentino Marcos  Sorrentino es docente de la Universidad de São Paulo, campus de  Piracicaba/Departamento de Ciencias Forestales, coordina el Laboratorio de Educación y Política Ambiental. Participa desde los años setenta de varias asociaciones, colectivos y redes de  ambientalistas y de educación ambiental. Fue director de EA en el Ministerio del Medio Ambiente del Brasil, [&hellip;]" />
<meta property="og:url" content="https://coruna2018.redeacampa.org/es/events/construccion-de-la-chabola-al-alimento-sostenible/" />
<meta property="og:site_name" content="Acampa 2018 - Pola paz e o dereito a refuxio" />
<meta property="article:modified_time" content="2018-05-28T07:24:37+00:00" />
<meta property="og:image" content="https://coruna2018.redeacampa.org/wp-content/uploads/SorrentinoPortugal.jpg" />
	<meta property="og:image:width" content="600" />
	<meta property="og:image:height" content="360" />
	<meta property="og:image:type" content="image/jpeg" />
<meta name="twitter:card" content="summary_large_image" />
<meta name="twitter:label1" content="Tiempo de lectura" />
	<meta name="twitter:data1" content="1 minuto" />
<script type="application/ld+json" class="yoast-schema-graph">{"@context":"https:\/\/schema.org","@graph":[{"@type":"WebPage","@id":"https:\/\/coruna2018.redeacampa.org\/es\/events\/construccion-de-la-chabola-al-alimento-sostenible\/","url":"https:\/\/coruna2018.redeacampa.org\/es\/events\/construccion-de-la-chabola-al-alimento-sostenible\/","name":"Construcción - De la chabola al alimento sostenible | Acampa 2018 - Pola paz e o dereito a refuxio","isPartOf":{"@id":"https:\/\/coruna2018.redeacampa.org\/es\/#website"},"primaryImageOfPage":{"@id":"https:\/\/coruna2018.redeacampa.org\/es\/events\/construccion-de-la-chabola-al-alimento-sostenible\/#primaryimage"},"image":{"@id":"https:\/\/coruna2018.redeacampa.org\/es\/events\/construccion-de-la-chabola-al-alimento-sostenible\/#primaryimage"},"thumbnailUrl":"https:\/\/coruna2018.redeacampa.org\/wp-content\/uploads\/SorrentinoPortugal.jpg","datePublished":"2018-05-27T08:22:46+00:00","dateModified":"2018-05-28T07:24:37+00:00","breadcrumb":{"@id":"https:\/\/coruna2018.redeacampa.org\/es\/events\/construccion-de-la-chabola-al-alimento-sostenible\/#breadcrumb"},"inLanguage":"es","potentialAction":[{"@type":"ReadAction","target":["https:\/\/coruna2018.redeacampa.org\/es\/events\/construccion-de-la-chabola-al-alimento-sostenible\/"]}]},{"@type":"ImageObject","inLanguage":"es","@id":"https:\/\/coruna2018.redeacampa.org\/es\/events\/construccion-de-la-chabola-al-alimento-sostenible\/#primaryimage","url":"https:\/\/coruna2018.redeacampa.org\/wp-content\/uploads\/SorrentinoPortugal.jpg","contentUrl":"https:\/\/coruna2018.redeacampa.org\/wp-content\/uploads\/SorrentinoPortugal.jpg","width":600,"height":360},{"@type":"BreadcrumbList","@id":"https:\/\/coruna2018.redeacampa.org\/es\/events\/construccion-de-la-chabola-al-alimento-sostenible\/#breadcrumb","itemListElement":[{"@type":"ListItem","position":1,"name":"Portada","item":"https:\/\/coruna2018.redeacampa.org\/es\/"},{"@type":"ListItem","position":2,"name":"Eventos","item":"https:\/\/coruna2018.redeacampa.org\/es\/events\/"},{"@type":"ListItem","position":3,"name":"Construcción &#8211; De la chabola al alimento sostenible"}]},{"@type":"WebSite","@id":"https:\/\/coruna2018.redeacampa.org\/es\/#website","url":"https:\/\/coruna2018.redeacampa.org\/es\/","name":"Acampa 2018 - Pola paz e o dereito a refuxio","description":"Unha iniciativa cidadá sen fins de lucro integrada por colectivos sociais, culturais, educativos, veciñais, políticos, sindicais, artísticos, de persoas solidarias, de institucións e empresas con responsabilidade social que teñen como obxectivo a defensa dos dereitos humanos, o Dereito Internacional Humanitario e o Dereito a Refuxio.","potentialAction":[{"@type":"SearchAction","target":{"@type":"EntryPoint","urlTemplate":"https:\/\/coruna2018.redeacampa.org\/es\/?s={search_term_string}"},"query-input":{"@type":"PropertyValueSpecification","valueRequired":true,"valueName":"search_term_string"}}],"inLanguage":"es"}]}</script>
<!-- / Yoast SEO plugin. -->

Construcción - De la chabola al alimento sostenible | Acampa 2018 - Pola paz e o dereito a refuxio

Marcos Sorrentino Marcos  Sorrentino es docente de la Universidad de São Paulo, campus de  Piracicaba/Departamento de Ciencias Forestales, coordina el Laboratorio de Educación y Política Ambiental. Participa desde los años setenta de varias asociaciones, colectivos y redes de  ambientalistas y de educación ambiental. Fue director de EA en el Ministerio del Medio Ambiente del Brasil, [&hellip;]

Unha iniciativa cidadá sen fins de lucro integrada por colectivos sociais, culturais, educativos, veciñais, políticos, sindicais, artísticos, de persoas solidarias, de institucións e empresas con responsabilidade social que teñen como obxectivo a defensa dos dereitos humanos, o Dereito Internacional Humanitario e o Dereito a Refuxio.
