{"id":37898,"date":"2018-05-23T08:52:55","date_gmt":"2018-05-23T06:52:55","guid":{"rendered":"https:\/\/www.acampa.eu\/?post_type=ajde_events&#038;p=37898"},"modified":"2018-06-07T11:17:48","modified_gmt":"2018-06-07T09:17:48","slug":"siento-haberme-ahogado","status":"publish","type":"ajde_events","link":"https:\/\/coruna2018.redeacampa.org\/es\/events\/siento-haberme-ahogado\/","title":{"rendered":"Siento haberme ahogado"},"content":{"rendered":"<p><strong>Siento haberme ahogado<\/strong>, una pel\u00edcula de M\u00e9dicos Sin Fronteras y Studio Kawakeb, dirigida por Hussein Nakhal y David Habchy.<\/p>\n<p>Duraci\u00f3n: 6\u2019 V\/O: \u00c1rabe con subt\u00edtulos en castellano<\/p>\n<blockquote><p>Presenta Mar\u00eda D\u00edaz (M\u00e9dicos sin Fronteras)<\/p><\/blockquote>\n<div id=\"attachment_38758\" style=\"width: 310px\" class=\"wp-caption alignnone\"><img loading=\"lazy\" decoding=\"async\" aria-describedby=\"caption-attachment-38758\" class=\"size-medium wp-image-38758\" src=\"\/wp-content\/uploads\/Maria-Diaz-300x225.jpg\" alt=\"Mar\u00eda D\u00edaz\" width=\"300\" height=\"225\" srcset=\"https:\/\/coruna2018.redeacampa.org\/wp-content\/uploads\/Maria-Diaz-300x225.jpg 300w, https:\/\/coruna2018.redeacampa.org\/wp-content\/uploads\/Maria-Diaz-768x576.jpg 768w, https:\/\/coruna2018.redeacampa.org\/wp-content\/uploads\/Maria-Diaz-1024x768.jpg 1024w, https:\/\/coruna2018.redeacampa.org\/wp-content\/uploads\/Maria-Diaz-510x382.jpg 510w, https:\/\/coruna2018.redeacampa.org\/wp-content\/uploads\/Maria-Diaz-1080x810.jpg 1080w\" sizes=\"(max-width: 300px) 100vw, 300px\" \/><p id=\"caption-attachment-38758\" class=\"wp-caption-text\">Mar\u00eda D\u00edaz<\/p><\/div>\n<p>Licenciada en Ciencias Pol\u00edticas, con m\u00e1ster en Cooperaci\u00f3n ao Desenvolvemento de la Universidade de Santiago de Compostela y un curso de Postgrado en Acci\u00f3n Humanitaria de la Universidad Abierta de Catalu\u00f1a (UOC).<\/p>\n<p>Realiz\u00f3 una asistencia t\u00e9cnica de un proyecto de cooperaci\u00f3n con Centroam\u00e9rica para la Direcci\u00f3n general de Cooperaci\u00f3n de la Junta de Galicia. Posteriormente ha ocup\u00f3 el puesto de coordinadora de secretar\u00eda t\u00e9cnica de la Coordinadora Gallega de ONGD y en la actualidad es la Delegada de M\u00e9dicos sin Fronteras en la zona noroeste (Asturias, Galicia y provincia de Le\u00f3n).<\/p>\n","protected":false},"author":2,"featured_media":37899,"menu_order":0,"comment_status":"open","ping_status":"closed","template":"","meta":{"_et_pb_use_builder":"","_et_pb_old_content":"","_et_gb_content_width":"","inline_featured_image":false},"tags":[],"event_type":[149,157,59],"event_type_2":[],"class_list":["post-37898","ajde_events","type-ajde_events","status-publish","has-post-thumbnail","hentry","event_location-carpa-de-audiovisuales","event_type-14-06-18-es","event_type-2018-actividades-adultos-es","event_type-2018-programa-es"],"yoast_head":"<!-- This site is optimized with the Yoast SEO plugin v27.4 - https:\/\/yoast.com\/product\/yoast-seo-wordpress\/ -->\n<title>Siento haberme ahogado | Acampa 2018 - Pola paz e o dereito a refuxio<\/title>\n<meta name=\"robots\" content=\"index, follow, max-snippet:-1, max-image-preview:large, max-video-preview:-1\" \/>\n<link rel=\"canonical\" href=\"https:\/\/coruna2018.redeacampa.org\/es\/events\/siento-haberme-ahogado\/\" \/>\n<meta property=\"og:locale\" content=\"es_ES\" \/>\n<meta property=\"og:type\" content=\"article\" \/>\n<meta property=\"og:title\" content=\"Siento haberme ahogado | Acampa 2018 - Pola paz e o dereito a refuxio\" \/>\n<meta property=\"og:description\" content=\"Siento haberme ahogado, una pel\u00edcula de M\u00e9dicos Sin Fronteras y Studio Kawakeb, dirigida por Hussein Nakhal y David Habchy. Duraci\u00f3n: 6\u2019 V\/O: \u00c1rabe con subt\u00edtulos en castellano Presenta Mar\u00eda D\u00edaz (M\u00e9dicos sin Fronteras) Licenciada en Ciencias Pol\u00edticas, con m\u00e1ster en Cooperaci\u00f3n ao Desenvolvemento de la Universidade de Santiago de Compostela y un curso de Postgrado [&hellip;]\" \/>\n<meta property=\"og:url\" content=\"https:\/\/coruna2018.redeacampa.org\/es\/events\/siento-haberme-ahogado\/\" \/>\n<meta property=\"og:site_name\" content=\"Acampa 2018 - Pola paz e o dereito a refuxio\" \/>\n<meta property=\"article:modified_time\" content=\"2018-06-07T09:17:48+00:00\" \/>\n<meta property=\"og:image\" content=\"https:\/\/coruna2018.redeacampa.org\/wp-content\/uploads\/SientoHabermeAhogado.jpg\" \/>\n\t<meta property=\"og:image:width\" content=\"600\" \/>\n\t<meta property=\"og:image:height\" content=\"337\" \/>\n\t<meta property=\"og:image:type\" content=\"image\/jpeg\" \/>\n<meta name=\"twitter:card\" content=\"summary_large_image\" \/>\n<meta name=\"twitter:label1\" content=\"Tiempo de lectura\" \/>\n\t<meta name=\"twitter:data1\" content=\"1 minuto\" \/>\n<script type=\"application\/ld+json\" class=\"yoast-schema-graph\">{\"@context\":\"https:\\\/\\\/schema.org\",\"@graph\":[{\"@type\":\"WebPage\",\"@id\":\"https:\\\/\\\/coruna2018.redeacampa.org\\\/es\\\/events\\\/siento-haberme-ahogado\\\/\",\"url\":\"https:\\\/\\\/coruna2018.redeacampa.org\\\/es\\\/events\\\/siento-haberme-ahogado\\\/\",\"name\":\"Siento haberme ahogado | Acampa 2018 - Pola paz e o dereito a refuxio\",\"isPartOf\":{\"@id\":\"https:\\\/\\\/coruna2018.redeacampa.org\\\/es\\\/#website\"},\"primaryImageOfPage\":{\"@id\":\"https:\\\/\\\/coruna2018.redeacampa.org\\\/es\\\/events\\\/siento-haberme-ahogado\\\/#primaryimage\"},\"image\":{\"@id\":\"https:\\\/\\\/coruna2018.redeacampa.org\\\/es\\\/events\\\/siento-haberme-ahogado\\\/#primaryimage\"},\"thumbnailUrl\":\"https:\\\/\\\/coruna2018.redeacampa.org\\\/wp-content\\\/uploads\\\/SientoHabermeAhogado.jpg\",\"datePublished\":\"2018-05-23T06:52:55+00:00\",\"dateModified\":\"2018-06-07T09:17:48+00:00\",\"breadcrumb\":{\"@id\":\"https:\\\/\\\/coruna2018.redeacampa.org\\\/es\\\/events\\\/siento-haberme-ahogado\\\/#breadcrumb\"},\"inLanguage\":\"es\",\"potentialAction\":[{\"@type\":\"ReadAction\",\"target\":[\"https:\\\/\\\/coruna2018.redeacampa.org\\\/es\\\/events\\\/siento-haberme-ahogado\\\/\"]}]},{\"@type\":\"ImageObject\",\"inLanguage\":\"es\",\"@id\":\"https:\\\/\\\/coruna2018.redeacampa.org\\\/es\\\/events\\\/siento-haberme-ahogado\\\/#primaryimage\",\"url\":\"https:\\\/\\\/coruna2018.redeacampa.org\\\/wp-content\\\/uploads\\\/SientoHabermeAhogado.jpg\",\"contentUrl\":\"https:\\\/\\\/coruna2018.redeacampa.org\\\/wp-content\\\/uploads\\\/SientoHabermeAhogado.jpg\",\"width\":600,\"height\":337,\"caption\":\"Siento Haberme Ahogado\"},{\"@type\":\"BreadcrumbList\",\"@id\":\"https:\\\/\\\/coruna2018.redeacampa.org\\\/es\\\/events\\\/siento-haberme-ahogado\\\/#breadcrumb\",\"itemListElement\":[{\"@type\":\"ListItem\",\"position\":1,\"name\":\"Portada\",\"item\":\"https:\\\/\\\/coruna2018.redeacampa.org\\\/es\\\/\"},{\"@type\":\"ListItem\",\"position\":2,\"name\":\"Eventos\",\"item\":\"https:\\\/\\\/coruna2018.redeacampa.org\\\/es\\\/events\\\/\"},{\"@type\":\"ListItem\",\"position\":3,\"name\":\"Siento haberme ahogado\"}]},{\"@type\":\"WebSite\",\"@id\":\"https:\\\/\\\/coruna2018.redeacampa.org\\\/es\\\/#website\",\"url\":\"https:\\\/\\\/coruna2018.redeacampa.org\\\/es\\\/\",\"name\":\"Acampa 2018 - Pola paz e o dereito a refuxio\",\"description\":\"Unha iniciativa cidad\u00e1 sen fins de lucro integrada por colectivos sociais, culturais, educativos, veci\u00f1ais, pol\u00edticos, sindicais, art\u00edsticos, de persoas solidarias, de instituci\u00f3ns e empresas con responsabilidade social que te\u00f1en como obxectivo a defensa dos dereitos humanos, o Dereito Internacional Humanitario e o Dereito a Refuxio.\",\"potentialAction\":[{\"@type\":\"SearchAction\",\"target\":{\"@type\":\"EntryPoint\",\"urlTemplate\":\"https:\\\/\\\/coruna2018.redeacampa.org\\\/es\\\/?s={search_term_string}\"},\"query-input\":{\"@type\":\"PropertyValueSpecification\",\"valueRequired\":true,\"valueName\":\"search_term_string\"}}],\"inLanguage\":\"es\"}]}<\/script>\n<!-- \/ Yoast SEO plugin. -->","yoast_head_json":{"title":"Siento haberme ahogado | Acampa 2018 - Pola paz e o dereito a refuxio","robots":{"index":"index","follow":"follow","max-snippet":"max-snippet:-1","max-image-preview":"max-image-preview:large","max-video-preview":"max-video-preview:-1"},"canonical":"https:\/\/coruna2018.redeacampa.org\/es\/events\/siento-haberme-ahogado\/","og_locale":"es_ES","og_type":"article","og_title":"Siento haberme ahogado | Acampa 2018 - Pola paz e o dereito a refuxio","og_description":"Siento haberme ahogado, una pel\u00edcula de M\u00e9dicos Sin Fronteras y Studio Kawakeb, dirigida por Hussein Nakhal y David Habchy. Duraci\u00f3n: 6\u2019 V\/O: \u00c1rabe con subt\u00edtulos en castellano Presenta Mar\u00eda D\u00edaz (M\u00e9dicos sin Fronteras) Licenciada en Ciencias Pol\u00edticas, con m\u00e1ster en Cooperaci\u00f3n ao Desenvolvemento de la Universidade de Santiago de Compostela y un curso de Postgrado [&hellip;]","og_url":"https:\/\/coruna2018.redeacampa.org\/es\/events\/siento-haberme-ahogado\/","og_site_name":"Acampa 2018 - Pola paz e o dereito a refuxio","article_modified_time":"2018-06-07T09:17:48+00:00","og_image":[{"width":600,"height":337,"url":"https:\/\/coruna2018.redeacampa.org\/wp-content\/uploads\/SientoHabermeAhogado.jpg","type":"image\/jpeg"}],"twitter_card":"summary_large_image","twitter_misc":{"Tiempo de lectura":"1 minuto"},"schema":{"@context":"https:\/\/schema.org","@graph":[{"@type":"WebPage","@id":"https:\/\/coruna2018.redeacampa.org\/es\/events\/siento-haberme-ahogado\/","url":"https:\/\/coruna2018.redeacampa.org\/es\/events\/siento-haberme-ahogado\/","name":"Siento haberme ahogado | Acampa 2018 - Pola paz e o dereito a refuxio","isPartOf":{"@id":"https:\/\/coruna2018.redeacampa.org\/es\/#website"},"primaryImageOfPage":{"@id":"https:\/\/coruna2018.redeacampa.org\/es\/events\/siento-haberme-ahogado\/#primaryimage"},"image":{"@id":"https:\/\/coruna2018.redeacampa.org\/es\/events\/siento-haberme-ahogado\/#primaryimage"},"thumbnailUrl":"https:\/\/coruna2018.redeacampa.org\/wp-content\/uploads\/SientoHabermeAhogado.jpg","datePublished":"2018-05-23T06:52:55+00:00","dateModified":"2018-06-07T09:17:48+00:00","breadcrumb":{"@id":"https:\/\/coruna2018.redeacampa.org\/es\/events\/siento-haberme-ahogado\/#breadcrumb"},"inLanguage":"es","potentialAction":[{"@type":"ReadAction","target":["https:\/\/coruna2018.redeacampa.org\/es\/events\/siento-haberme-ahogado\/"]}]},{"@type":"ImageObject","inLanguage":"es","@id":"https:\/\/coruna2018.redeacampa.org\/es\/events\/siento-haberme-ahogado\/#primaryimage","url":"https:\/\/coruna2018.redeacampa.org\/wp-content\/uploads\/SientoHabermeAhogado.jpg","contentUrl":"https:\/\/coruna2018.redeacampa.org\/wp-content\/uploads\/SientoHabermeAhogado.jpg","width":600,"height":337,"caption":"Siento Haberme Ahogado"},{"@type":"BreadcrumbList","@id":"https:\/\/coruna2018.redeacampa.org\/es\/events\/siento-haberme-ahogado\/#breadcrumb","itemListElement":[{"@type":"ListItem","position":1,"name":"Portada","item":"https:\/\/coruna2018.redeacampa.org\/es\/"},{"@type":"ListItem","position":2,"name":"Eventos","item":"https:\/\/coruna2018.redeacampa.org\/es\/events\/"},{"@type":"ListItem","position":3,"name":"Siento haberme ahogado"}]},{"@type":"WebSite","@id":"https:\/\/coruna2018.redeacampa.org\/es\/#website","url":"https:\/\/coruna2018.redeacampa.org\/es\/","name":"Acampa 2018 - Pola paz e o dereito a refuxio","description":"Unha iniciativa cidad\u00e1 sen fins de lucro integrada por colectivos sociais, culturais, educativos, veci\u00f1ais, pol\u00edticos, sindicais, art\u00edsticos, de persoas solidarias, de instituci\u00f3ns e empresas con responsabilidade social que te\u00f1en como obxectivo a defensa dos dereitos humanos, o Dereito Internacional Humanitario e o Dereito a Refuxio.","potentialAction":[{"@type":"SearchAction","target":{"@type":"EntryPoint","urlTemplate":"https:\/\/coruna2018.redeacampa.org\/es\/?s={search_term_string}"},"query-input":{"@type":"PropertyValueSpecification","valueRequired":true,"valueName":"search_term_string"}}],"inLanguage":"es"}]}},"_links":{"self":[{"href":"https:\/\/coruna2018.redeacampa.org\/es\/wp-json\/wp\/v2\/ajde_events\/37898","targetHints":{"allow":["GET"]}}],"collection":[{"href":"https:\/\/coruna2018.redeacampa.org\/es\/wp-json\/wp\/v2\/ajde_events"}],"about":[{"href":"https:\/\/coruna2018.redeacampa.org\/es\/wp-json\/wp\/v2\/types\/ajde_events"}],"author":[{"embeddable":true,"href":"https:\/\/coruna2018.redeacampa.org\/es\/wp-json\/wp\/v2\/users\/2"}],"replies":[{"embeddable":true,"href":"https:\/\/coruna2018.redeacampa.org\/es\/wp-json\/wp\/v2\/comments?post=37898"}],"wp:featuredmedia":[{"embeddable":true,"href":"https:\/\/coruna2018.redeacampa.org\/es\/wp-json\/wp\/v2\/media\/37899"}],"wp:attachment":[{"href":"https:\/\/coruna2018.redeacampa.org\/es\/wp-json\/wp\/v2\/media?parent=37898"}],"wp:term":[{"taxonomy":"post_tag","embeddable":true,"href":"https:\/\/coruna2018.redeacampa.org\/es\/wp-json\/wp\/v2\/tags?post=37898"},{"taxonomy":"event_type","embeddable":true,"href":"https:\/\/coruna2018.redeacampa.org\/es\/wp-json\/wp\/v2\/event_type?post=37898"},{"taxonomy":"event_type_2","embeddable":true,"href":"https:\/\/coruna2018.redeacampa.org\/es\/wp-json\/wp\/v2\/event_type_2?post=37898"}],"curies":[{"name":"wp","href":"https:\/\/api.w.org\/{rel}","templated":true}]}}

<p><strong>Siento haberme ahogado</strong>, una película de Médicos Sin Fronteras y Studio Kawakeb, dirigida por Hussein Nakhal y David Habchy.</p>
<p>Duración: 6’ V/O: Árabe con subtítulos en castellano</p>
<blockquote><p>Presenta María Díaz (Médicos sin Fronteras)</p></blockquote>
<div id="attachment_38758" style="width: 310px" class="wp-caption alignnone"><img loading="lazy" decoding="async" aria-describedby="caption-attachment-38758" class="size-medium wp-image-38758" src="/wp-content/uploads/Maria-Diaz-300x225.jpg" alt="María Díaz" width="300" height="225" srcset="https://coruna2018.redeacampa.org/wp-content/uploads/Maria-Diaz-300x225.jpg 300w, https://coruna2018.redeacampa.org/wp-content/uploads/Maria-Diaz-768x576.jpg 768w, https://coruna2018.redeacampa.org/wp-content/uploads/Maria-Diaz-1024x768.jpg 1024w, https://coruna2018.redeacampa.org/wp-content/uploads/Maria-Diaz-510x382.jpg 510w, https://coruna2018.redeacampa.org/wp-content/uploads/Maria-Diaz-1080x810.jpg 1080w" sizes="(max-width: 300px) 100vw, 300px" /><p id="caption-attachment-38758" class="wp-caption-text">María Díaz</p></div>
<p>Licenciada en Ciencias Políticas, con máster en Cooperación ao Desenvolvemento de la Universidade de Santiago de Compostela y un curso de Postgrado en Acción Humanitaria de la Universidad Abierta de Cataluña (UOC).</p>
<p>Realizó una asistencia técnica de un proyecto de cooperación con Centroamérica para la Dirección general de Cooperación de la Junta de Galicia. Posteriormente ha ocupó el puesto de coordinadora de secretaría técnica de la Coordinadora Gallega de ONGD y en la actualidad es la Delegada de Médicos sin Fronteras en la zona noroeste (Asturias, Galicia y provincia de León).</p>

<!-- This site is optimized with the Yoast SEO plugin v27.4 - https://yoast.com/product/yoast-seo-wordpress/ -->
<title>Siento haberme ahogado | Acampa 2018 - Pola paz e o dereito a refuxio</title>
<meta name="robots" content="index, follow, max-snippet:-1, max-image-preview:large, max-video-preview:-1" />
<link rel="canonical" href="https://coruna2018.redeacampa.org/es/events/siento-haberme-ahogado/" />
<meta property="og:locale" content="es_ES" />
<meta property="og:type" content="article" />
<meta property="og:title" content="Siento haberme ahogado | Acampa 2018 - Pola paz e o dereito a refuxio" />
<meta property="og:description" content="Siento haberme ahogado, una película de Médicos Sin Fronteras y Studio Kawakeb, dirigida por Hussein Nakhal y David Habchy. Duración: 6’ V/O: Árabe con subtítulos en castellano Presenta María Díaz (Médicos sin Fronteras) Licenciada en Ciencias Políticas, con máster en Cooperación ao Desenvolvemento de la Universidade de Santiago de Compostela y un curso de Postgrado [&hellip;]" />
<meta property="og:url" content="https://coruna2018.redeacampa.org/es/events/siento-haberme-ahogado/" />
<meta property="og:site_name" content="Acampa 2018 - Pola paz e o dereito a refuxio" />
<meta property="article:modified_time" content="2018-06-07T09:17:48+00:00" />
<meta property="og:image" content="https://coruna2018.redeacampa.org/wp-content/uploads/SientoHabermeAhogado.jpg" />
	<meta property="og:image:width" content="600" />
	<meta property="og:image:height" content="337" />
	<meta property="og:image:type" content="image/jpeg" />
<meta name="twitter:card" content="summary_large_image" />
<meta name="twitter:label1" content="Tiempo de lectura" />
	<meta name="twitter:data1" content="1 minuto" />
<script type="application/ld+json" class="yoast-schema-graph">{"@context":"https:\/\/schema.org","@graph":[{"@type":"WebPage","@id":"https:\/\/coruna2018.redeacampa.org\/es\/events\/siento-haberme-ahogado\/","url":"https:\/\/coruna2018.redeacampa.org\/es\/events\/siento-haberme-ahogado\/","name":"Siento haberme ahogado | Acampa 2018 - Pola paz e o dereito a refuxio","isPartOf":{"@id":"https:\/\/coruna2018.redeacampa.org\/es\/#website"},"primaryImageOfPage":{"@id":"https:\/\/coruna2018.redeacampa.org\/es\/events\/siento-haberme-ahogado\/#primaryimage"},"image":{"@id":"https:\/\/coruna2018.redeacampa.org\/es\/events\/siento-haberme-ahogado\/#primaryimage"},"thumbnailUrl":"https:\/\/coruna2018.redeacampa.org\/wp-content\/uploads\/SientoHabermeAhogado.jpg","datePublished":"2018-05-23T06:52:55+00:00","dateModified":"2018-06-07T09:17:48+00:00","breadcrumb":{"@id":"https:\/\/coruna2018.redeacampa.org\/es\/events\/siento-haberme-ahogado\/#breadcrumb"},"inLanguage":"es","potentialAction":[{"@type":"ReadAction","target":["https:\/\/coruna2018.redeacampa.org\/es\/events\/siento-haberme-ahogado\/"]}]},{"@type":"ImageObject","inLanguage":"es","@id":"https:\/\/coruna2018.redeacampa.org\/es\/events\/siento-haberme-ahogado\/#primaryimage","url":"https:\/\/coruna2018.redeacampa.org\/wp-content\/uploads\/SientoHabermeAhogado.jpg","contentUrl":"https:\/\/coruna2018.redeacampa.org\/wp-content\/uploads\/SientoHabermeAhogado.jpg","width":600,"height":337,"caption":"Siento Haberme Ahogado"},{"@type":"BreadcrumbList","@id":"https:\/\/coruna2018.redeacampa.org\/es\/events\/siento-haberme-ahogado\/#breadcrumb","itemListElement":[{"@type":"ListItem","position":1,"name":"Portada","item":"https:\/\/coruna2018.redeacampa.org\/es\/"},{"@type":"ListItem","position":2,"name":"Eventos","item":"https:\/\/coruna2018.redeacampa.org\/es\/events\/"},{"@type":"ListItem","position":3,"name":"Siento haberme ahogado"}]},{"@type":"WebSite","@id":"https:\/\/coruna2018.redeacampa.org\/es\/#website","url":"https:\/\/coruna2018.redeacampa.org\/es\/","name":"Acampa 2018 - Pola paz e o dereito a refuxio","description":"Unha iniciativa cidadá sen fins de lucro integrada por colectivos sociais, culturais, educativos, veciñais, políticos, sindicais, artísticos, de persoas solidarias, de institucións e empresas con responsabilidade social que teñen como obxectivo a defensa dos dereitos humanos, o Dereito Internacional Humanitario e o Dereito a Refuxio.","potentialAction":[{"@type":"SearchAction","target":{"@type":"EntryPoint","urlTemplate":"https:\/\/coruna2018.redeacampa.org\/es\/?s={search_term_string}"},"query-input":{"@type":"PropertyValueSpecification","valueRequired":true,"valueName":"search_term_string"}}],"inLanguage":"es"}]}</script>
<!-- / Yoast SEO plugin. -->

Siento haberme ahogado, una película de Médicos Sin Fronteras y Studio Kawakeb, dirigida por Hussein Nakhal y David Habchy. Duración: 6’ V/O: Árabe con subtítulos en castellano Presenta María Díaz (Médicos sin Fronteras) Licenciada en Ciencias Políticas, con máster en Cooperación ao Desenvolvemento de la Universidade de Santiago de Compostela y un curso de Postgrado [&hellip;]

Unha iniciativa cidadá sen fins de lucro integrada por colectivos sociais, culturais, educativos, veciñais, políticos, sindicais, artísticos, de persoas solidarias, de institucións e empresas con responsabilidade social que teñen como obxectivo a defensa dos dereitos humanos, o Dereito Internacional Humanitario e o Dereito a Refuxio.
