{"id":37754,"date":"2018-05-13T18:42:39","date_gmt":"2018-05-13T16:42:39","guid":{"rendered":"https:\/\/www.acampa.eu\/?post_type=ajde_events&#038;p=37754"},"modified":"2018-06-02T10:13:36","modified_gmt":"2018-06-02T08:13:36","slug":"fragil","status":"publish","type":"ajde_events","link":"https:\/\/coruna2018.redeacampa.org\/es\/events\/fragil\/","title":{"rendered":"Fr\u00e1gil"},"content":{"rendered":"<blockquote><p>Juan Pablo Moreiras \u2013 Fr\u00e1gil<\/p><\/blockquote>\n<p>Vivimos en un planeta que se transforma sin descanso desde hace 4.500 millones de a\u00f1os, pero el gran impacto ambiental que el desarrollo humano est\u00e1 teniendo sobre su propio h\u00e1bitat est\u00e1 acelerando un desequilibrio cada vez mayor entre los seres humanos y a la vez entre ellos y el resto de los seres vivos.<br \/>\nEl hombre es el \u00fanico animal que destruye el medio natural donde vive, gracias a su extraordinaria capacidad para modificarlo y adaptarlo a sus necesidades. Mientras cosecha un \u00e9xito arrollador para s\u00ed mismo, altera profundamente su entorno a gran velocidad, llegando a poner en peligro su propio futuro como especie. En su expansi\u00f3n contamina el agua, el aire y el suelo.<\/p>\n<p>Tres de cada cuatro especies de primates se extinguir\u00e1n en los pr\u00f3ximos 50 a\u00f1os. La causa principal es la agricultura, seguida por la explotaci\u00f3n maderera, la ganader\u00eda y la caza. Entre 1990 y 2010, las pr\u00e1cticas agr\u00edcolas han consumido 1,5 millones de kil\u00f3metros cuadrados de sus h\u00e1bitats, tres veces la superficie total de Espa\u00f1a. El orangut\u00e1n ha perdido el 60 % de su h\u00e1bitat en apenas dos d\u00e9cadas debido a las talas para la plantaci\u00f3n de palma aceitera. La \u00fanica manera de evitar esta extinci\u00f3n es desarrollar las econom\u00edas locales en los pa\u00edses tropicales, reducir las tasas de consumo en los desarrollados y proteger los bosques.<\/p>\n<p>Durante los pr\u00f3ximos a\u00f1os, millones de personas se ver\u00e1n forzadas a abandonar sus hogares debido a trastornos ambientales. Deforestaci\u00f3n, sequ\u00eda, cat\u00e1strofes naturales, desertizaci\u00f3n, contaminaci\u00f3n, p\u00e9rdida de diversidad biol\u00f3gica, explotaci\u00f3n desequilibrada de los recursos naturales\u2026<br \/>\nCon demasiada frecuencia, la gente vive en lugares con gran abundancia de recursos naturales pero con \u00edndices de pobreza insostenibles. La explotaci\u00f3n de estos recursos por parte de sociedades ricas que los demandan con voracidad se produce de manera irresponsable e injusta, y es la causa de muchas desigualdades que causan pobreza, hambre, guerra e ignorancia.<\/p>\n","protected":false},"author":2,"featured_media":38192,"menu_order":0,"comment_status":"open","ping_status":"closed","template":"","meta":{"_et_pb_use_builder":"","_et_pb_old_content":"","_et_gb_content_width":"","inline_featured_image":false},"tags":[],"event_type":[151,59,156],"event_type_2":[],"class_list":["post-37754","ajde_events","type-ajde_events","status-publish","has-post-thumbnail","hentry","event_location-exterior-cantones","event_type-16-06-18-es","event_type-2018-programa-es","event_type-2018-visitas-guiadas-es"],"yoast_head":"<!-- This site is optimized with the Yoast SEO plugin v27.4 - https:\/\/yoast.com\/product\/yoast-seo-wordpress\/ -->\n<title>Fr\u00e1gil | Acampa 2018 - Pola paz e o dereito a refuxio<\/title>\n<meta name=\"robots\" content=\"index, follow, max-snippet:-1, max-image-preview:large, max-video-preview:-1\" \/>\n<link rel=\"canonical\" href=\"https:\/\/coruna2018.redeacampa.org\/es\/events\/fragil\/\" \/>\n<meta property=\"og:locale\" content=\"es_ES\" \/>\n<meta property=\"og:type\" content=\"article\" \/>\n<meta property=\"og:title\" content=\"Fr\u00e1gil | Acampa 2018 - Pola paz e o dereito a refuxio\" \/>\n<meta property=\"og:description\" content=\"Juan Pablo Moreiras \u2013 Fr\u00e1gil Vivimos en un planeta que se transforma sin descanso desde hace 4.500 millones de a\u00f1os, pero el gran impacto ambiental que el desarrollo humano est\u00e1 teniendo sobre su propio h\u00e1bitat est\u00e1 acelerando un desequilibrio cada vez mayor entre los seres humanos y a la vez entre ellos y el resto [&hellip;]\" \/>\n<meta property=\"og:url\" content=\"https:\/\/coruna2018.redeacampa.org\/es\/events\/fragil\/\" \/>\n<meta property=\"og:site_name\" content=\"Acampa 2018 - Pola paz e o dereito a refuxio\" \/>\n<meta property=\"article:modified_time\" content=\"2018-06-02T08:13:36+00:00\" \/>\n<meta property=\"og:image\" content=\"https:\/\/coruna2018.redeacampa.org\/wp-content\/uploads\/JuanPabloMoreiras.jpg\" \/>\n\t<meta property=\"og:image:width\" content=\"600\" \/>\n\t<meta property=\"og:image:height\" content=\"394\" \/>\n\t<meta property=\"og:image:type\" content=\"image\/jpeg\" \/>\n<meta name=\"twitter:card\" content=\"summary_large_image\" \/>\n<meta name=\"twitter:label1\" content=\"Tiempo de lectura\" \/>\n\t<meta name=\"twitter:data1\" content=\"2 minutos\" \/>\n<script type=\"application\/ld+json\" class=\"yoast-schema-graph\">{\"@context\":\"https:\\\/\\\/schema.org\",\"@graph\":[{\"@type\":\"WebPage\",\"@id\":\"https:\\\/\\\/coruna2018.redeacampa.org\\\/es\\\/events\\\/fragil\\\/\",\"url\":\"https:\\\/\\\/coruna2018.redeacampa.org\\\/es\\\/events\\\/fragil\\\/\",\"name\":\"Fr\u00e1gil | Acampa 2018 - Pola paz e o dereito a refuxio\",\"isPartOf\":{\"@id\":\"https:\\\/\\\/coruna2018.redeacampa.org\\\/es\\\/#website\"},\"primaryImageOfPage\":{\"@id\":\"https:\\\/\\\/coruna2018.redeacampa.org\\\/es\\\/events\\\/fragil\\\/#primaryimage\"},\"image\":{\"@id\":\"https:\\\/\\\/coruna2018.redeacampa.org\\\/es\\\/events\\\/fragil\\\/#primaryimage\"},\"thumbnailUrl\":\"https:\\\/\\\/coruna2018.redeacampa.org\\\/wp-content\\\/uploads\\\/JuanPabloMoreiras.jpg\",\"datePublished\":\"2018-05-13T16:42:39+00:00\",\"dateModified\":\"2018-06-02T08:13:36+00:00\",\"breadcrumb\":{\"@id\":\"https:\\\/\\\/coruna2018.redeacampa.org\\\/es\\\/events\\\/fragil\\\/#breadcrumb\"},\"inLanguage\":\"es\",\"potentialAction\":[{\"@type\":\"ReadAction\",\"target\":[\"https:\\\/\\\/coruna2018.redeacampa.org\\\/es\\\/events\\\/fragil\\\/\"]}]},{\"@type\":\"ImageObject\",\"inLanguage\":\"es\",\"@id\":\"https:\\\/\\\/coruna2018.redeacampa.org\\\/es\\\/events\\\/fragil\\\/#primaryimage\",\"url\":\"https:\\\/\\\/coruna2018.redeacampa.org\\\/wp-content\\\/uploads\\\/JuanPabloMoreiras.jpg\",\"contentUrl\":\"https:\\\/\\\/coruna2018.redeacampa.org\\\/wp-content\\\/uploads\\\/JuanPabloMoreiras.jpg\",\"width\":600,\"height\":394,\"caption\":\"Juan Pablo Moreiras\"},{\"@type\":\"BreadcrumbList\",\"@id\":\"https:\\\/\\\/coruna2018.redeacampa.org\\\/es\\\/events\\\/fragil\\\/#breadcrumb\",\"itemListElement\":[{\"@type\":\"ListItem\",\"position\":1,\"name\":\"Portada\",\"item\":\"https:\\\/\\\/coruna2018.redeacampa.org\\\/es\\\/\"},{\"@type\":\"ListItem\",\"position\":2,\"name\":\"Eventos\",\"item\":\"https:\\\/\\\/coruna2018.redeacampa.org\\\/es\\\/events\\\/\"},{\"@type\":\"ListItem\",\"position\":3,\"name\":\"Fr\u00e1gil\"}]},{\"@type\":\"WebSite\",\"@id\":\"https:\\\/\\\/coruna2018.redeacampa.org\\\/es\\\/#website\",\"url\":\"https:\\\/\\\/coruna2018.redeacampa.org\\\/es\\\/\",\"name\":\"Acampa 2018 - Pola paz e o dereito a refuxio\",\"description\":\"Unha iniciativa cidad\u00e1 sen fins de lucro integrada por colectivos sociais, culturais, educativos, veci\u00f1ais, pol\u00edticos, sindicais, art\u00edsticos, de persoas solidarias, de instituci\u00f3ns e empresas con responsabilidade social que te\u00f1en como obxectivo a defensa dos dereitos humanos, o Dereito Internacional Humanitario e o Dereito a Refuxio.\",\"potentialAction\":[{\"@type\":\"SearchAction\",\"target\":{\"@type\":\"EntryPoint\",\"urlTemplate\":\"https:\\\/\\\/coruna2018.redeacampa.org\\\/es\\\/?s={search_term_string}\"},\"query-input\":{\"@type\":\"PropertyValueSpecification\",\"valueRequired\":true,\"valueName\":\"search_term_string\"}}],\"inLanguage\":\"es\"}]}<\/script>\n<!-- \/ Yoast SEO plugin. -->","yoast_head_json":{"title":"Fr\u00e1gil | Acampa 2018 - Pola paz e o dereito a refuxio","robots":{"index":"index","follow":"follow","max-snippet":"max-snippet:-1","max-image-preview":"max-image-preview:large","max-video-preview":"max-video-preview:-1"},"canonical":"https:\/\/coruna2018.redeacampa.org\/es\/events\/fragil\/","og_locale":"es_ES","og_type":"article","og_title":"Fr\u00e1gil | Acampa 2018 - Pola paz e o dereito a refuxio","og_description":"Juan Pablo Moreiras \u2013 Fr\u00e1gil Vivimos en un planeta que se transforma sin descanso desde hace 4.500 millones de a\u00f1os, pero el gran impacto ambiental que el desarrollo humano est\u00e1 teniendo sobre su propio h\u00e1bitat est\u00e1 acelerando un desequilibrio cada vez mayor entre los seres humanos y a la vez entre ellos y el resto [&hellip;]","og_url":"https:\/\/coruna2018.redeacampa.org\/es\/events\/fragil\/","og_site_name":"Acampa 2018 - Pola paz e o dereito a refuxio","article_modified_time":"2018-06-02T08:13:36+00:00","og_image":[{"width":600,"height":394,"url":"https:\/\/coruna2018.redeacampa.org\/wp-content\/uploads\/JuanPabloMoreiras.jpg","type":"image\/jpeg"}],"twitter_card":"summary_large_image","twitter_misc":{"Tiempo de lectura":"2 minutos"},"schema":{"@context":"https:\/\/schema.org","@graph":[{"@type":"WebPage","@id":"https:\/\/coruna2018.redeacampa.org\/es\/events\/fragil\/","url":"https:\/\/coruna2018.redeacampa.org\/es\/events\/fragil\/","name":"Fr\u00e1gil | Acampa 2018 - Pola paz e o dereito a refuxio","isPartOf":{"@id":"https:\/\/coruna2018.redeacampa.org\/es\/#website"},"primaryImageOfPage":{"@id":"https:\/\/coruna2018.redeacampa.org\/es\/events\/fragil\/#primaryimage"},"image":{"@id":"https:\/\/coruna2018.redeacampa.org\/es\/events\/fragil\/#primaryimage"},"thumbnailUrl":"https:\/\/coruna2018.redeacampa.org\/wp-content\/uploads\/JuanPabloMoreiras.jpg","datePublished":"2018-05-13T16:42:39+00:00","dateModified":"2018-06-02T08:13:36+00:00","breadcrumb":{"@id":"https:\/\/coruna2018.redeacampa.org\/es\/events\/fragil\/#breadcrumb"},"inLanguage":"es","potentialAction":[{"@type":"ReadAction","target":["https:\/\/coruna2018.redeacampa.org\/es\/events\/fragil\/"]}]},{"@type":"ImageObject","inLanguage":"es","@id":"https:\/\/coruna2018.redeacampa.org\/es\/events\/fragil\/#primaryimage","url":"https:\/\/coruna2018.redeacampa.org\/wp-content\/uploads\/JuanPabloMoreiras.jpg","contentUrl":"https:\/\/coruna2018.redeacampa.org\/wp-content\/uploads\/JuanPabloMoreiras.jpg","width":600,"height":394,"caption":"Juan Pablo Moreiras"},{"@type":"BreadcrumbList","@id":"https:\/\/coruna2018.redeacampa.org\/es\/events\/fragil\/#breadcrumb","itemListElement":[{"@type":"ListItem","position":1,"name":"Portada","item":"https:\/\/coruna2018.redeacampa.org\/es\/"},{"@type":"ListItem","position":2,"name":"Eventos","item":"https:\/\/coruna2018.redeacampa.org\/es\/events\/"},{"@type":"ListItem","position":3,"name":"Fr\u00e1gil"}]},{"@type":"WebSite","@id":"https:\/\/coruna2018.redeacampa.org\/es\/#website","url":"https:\/\/coruna2018.redeacampa.org\/es\/","name":"Acampa 2018 - Pola paz e o dereito a refuxio","description":"Unha iniciativa cidad\u00e1 sen fins de lucro integrada por colectivos sociais, culturais, educativos, veci\u00f1ais, pol\u00edticos, sindicais, art\u00edsticos, de persoas solidarias, de instituci\u00f3ns e empresas con responsabilidade social que te\u00f1en como obxectivo a defensa dos dereitos humanos, o Dereito Internacional Humanitario e o Dereito a Refuxio.","potentialAction":[{"@type":"SearchAction","target":{"@type":"EntryPoint","urlTemplate":"https:\/\/coruna2018.redeacampa.org\/es\/?s={search_term_string}"},"query-input":{"@type":"PropertyValueSpecification","valueRequired":true,"valueName":"search_term_string"}}],"inLanguage":"es"}]}},"_links":{"self":[{"href":"https:\/\/coruna2018.redeacampa.org\/es\/wp-json\/wp\/v2\/ajde_events\/37754","targetHints":{"allow":["GET"]}}],"collection":[{"href":"https:\/\/coruna2018.redeacampa.org\/es\/wp-json\/wp\/v2\/ajde_events"}],"about":[{"href":"https:\/\/coruna2018.redeacampa.org\/es\/wp-json\/wp\/v2\/types\/ajde_events"}],"author":[{"embeddable":true,"href":"https:\/\/coruna2018.redeacampa.org\/es\/wp-json\/wp\/v2\/users\/2"}],"replies":[{"embeddable":true,"href":"https:\/\/coruna2018.redeacampa.org\/es\/wp-json\/wp\/v2\/comments?post=37754"}],"wp:featuredmedia":[{"embeddable":true,"href":"https:\/\/coruna2018.redeacampa.org\/es\/wp-json\/wp\/v2\/media\/38192"}],"wp:attachment":[{"href":"https:\/\/coruna2018.redeacampa.org\/es\/wp-json\/wp\/v2\/media?parent=37754"}],"wp:term":[{"taxonomy":"post_tag","embeddable":true,"href":"https:\/\/coruna2018.redeacampa.org\/es\/wp-json\/wp\/v2\/tags?post=37754"},{"taxonomy":"event_type","embeddable":true,"href":"https:\/\/coruna2018.redeacampa.org\/es\/wp-json\/wp\/v2\/event_type?post=37754"},{"taxonomy":"event_type_2","embeddable":true,"href":"https:\/\/coruna2018.redeacampa.org\/es\/wp-json\/wp\/v2\/event_type_2?post=37754"}],"curies":[{"name":"wp","href":"https:\/\/api.w.org\/{rel}","templated":true}]}}

Frágil

<blockquote><p>Juan Pablo Moreiras – Frágil</p></blockquote>
<p>Vivimos en un planeta que se transforma sin descanso desde hace 4.500 millones de años, pero el gran impacto ambiental que el desarrollo humano está teniendo sobre su propio hábitat está acelerando un desequilibrio cada vez mayor entre los seres humanos y a la vez entre ellos y el resto de los seres vivos.<br />
El hombre es el único animal que destruye el medio natural donde vive, gracias a su extraordinaria capacidad para modificarlo y adaptarlo a sus necesidades. Mientras cosecha un éxito arrollador para sí mismo, altera profundamente su entorno a gran velocidad, llegando a poner en peligro su propio futuro como especie. En su expansión contamina el agua, el aire y el suelo.</p>
<p>Tres de cada cuatro especies de primates se extinguirán en los próximos 50 años. La causa principal es la agricultura, seguida por la explotación maderera, la ganadería y la caza. Entre 1990 y 2010, las prácticas agrícolas han consumido 1,5 millones de kilómetros cuadrados de sus hábitats, tres veces la superficie total de España. El orangután ha perdido el 60 % de su hábitat en apenas dos décadas debido a las talas para la plantación de palma aceitera. La única manera de evitar esta extinción es desarrollar las economías locales en los países tropicales, reducir las tasas de consumo en los desarrollados y proteger los bosques.</p>
<p>Durante los próximos años, millones de personas se verán forzadas a abandonar sus hogares debido a trastornos ambientales. Deforestación, sequía, catástrofes naturales, desertización, contaminación, pérdida de diversidad biológica, explotación desequilibrada de los recursos naturales…<br />
Con demasiada frecuencia, la gente vive en lugares con gran abundancia de recursos naturales pero con índices de pobreza insostenibles. La explotación de estos recursos por parte de sociedades ricas que los demandan con voracidad se produce de manera irresponsable e injusta, y es la causa de muchas desigualdades que causan pobreza, hambre, guerra e ignorancia.</p>

<!-- This site is optimized with the Yoast SEO plugin v27.4 - https://yoast.com/product/yoast-seo-wordpress/ -->
<title>Frágil | Acampa 2018 - Pola paz e o dereito a refuxio</title>
<meta name="robots" content="index, follow, max-snippet:-1, max-image-preview:large, max-video-preview:-1" />
<link rel="canonical" href="https://coruna2018.redeacampa.org/es/events/fragil/" />
<meta property="og:locale" content="es_ES" />
<meta property="og:type" content="article" />
<meta property="og:title" content="Frágil | Acampa 2018 - Pola paz e o dereito a refuxio" />
<meta property="og:description" content="Juan Pablo Moreiras – Frágil Vivimos en un planeta que se transforma sin descanso desde hace 4.500 millones de años, pero el gran impacto ambiental que el desarrollo humano está teniendo sobre su propio hábitat está acelerando un desequilibrio cada vez mayor entre los seres humanos y a la vez entre ellos y el resto [&hellip;]" />
<meta property="og:url" content="https://coruna2018.redeacampa.org/es/events/fragil/" />
<meta property="og:site_name" content="Acampa 2018 - Pola paz e o dereito a refuxio" />
<meta property="article:modified_time" content="2018-06-02T08:13:36+00:00" />
<meta property="og:image" content="https://coruna2018.redeacampa.org/wp-content/uploads/JuanPabloMoreiras.jpg" />
	<meta property="og:image:width" content="600" />
	<meta property="og:image:height" content="394" />
	<meta property="og:image:type" content="image/jpeg" />
<meta name="twitter:card" content="summary_large_image" />
<meta name="twitter:label1" content="Tiempo de lectura" />
	<meta name="twitter:data1" content="2 minutos" />
<script type="application/ld+json" class="yoast-schema-graph">{"@context":"https:\/\/schema.org","@graph":[{"@type":"WebPage","@id":"https:\/\/coruna2018.redeacampa.org\/es\/events\/fragil\/","url":"https:\/\/coruna2018.redeacampa.org\/es\/events\/fragil\/","name":"Frágil | Acampa 2018 - Pola paz e o dereito a refuxio","isPartOf":{"@id":"https:\/\/coruna2018.redeacampa.org\/es\/#website"},"primaryImageOfPage":{"@id":"https:\/\/coruna2018.redeacampa.org\/es\/events\/fragil\/#primaryimage"},"image":{"@id":"https:\/\/coruna2018.redeacampa.org\/es\/events\/fragil\/#primaryimage"},"thumbnailUrl":"https:\/\/coruna2018.redeacampa.org\/wp-content\/uploads\/JuanPabloMoreiras.jpg","datePublished":"2018-05-13T16:42:39+00:00","dateModified":"2018-06-02T08:13:36+00:00","breadcrumb":{"@id":"https:\/\/coruna2018.redeacampa.org\/es\/events\/fragil\/#breadcrumb"},"inLanguage":"es","potentialAction":[{"@type":"ReadAction","target":["https:\/\/coruna2018.redeacampa.org\/es\/events\/fragil\/"]}]},{"@type":"ImageObject","inLanguage":"es","@id":"https:\/\/coruna2018.redeacampa.org\/es\/events\/fragil\/#primaryimage","url":"https:\/\/coruna2018.redeacampa.org\/wp-content\/uploads\/JuanPabloMoreiras.jpg","contentUrl":"https:\/\/coruna2018.redeacampa.org\/wp-content\/uploads\/JuanPabloMoreiras.jpg","width":600,"height":394,"caption":"Juan Pablo Moreiras"},{"@type":"BreadcrumbList","@id":"https:\/\/coruna2018.redeacampa.org\/es\/events\/fragil\/#breadcrumb","itemListElement":[{"@type":"ListItem","position":1,"name":"Portada","item":"https:\/\/coruna2018.redeacampa.org\/es\/"},{"@type":"ListItem","position":2,"name":"Eventos","item":"https:\/\/coruna2018.redeacampa.org\/es\/events\/"},{"@type":"ListItem","position":3,"name":"Frágil"}]},{"@type":"WebSite","@id":"https:\/\/coruna2018.redeacampa.org\/es\/#website","url":"https:\/\/coruna2018.redeacampa.org\/es\/","name":"Acampa 2018 - Pola paz e o dereito a refuxio","description":"Unha iniciativa cidadá sen fins de lucro integrada por colectivos sociais, culturais, educativos, veciñais, políticos, sindicais, artísticos, de persoas solidarias, de institucións e empresas con responsabilidade social que teñen como obxectivo a defensa dos dereitos humanos, o Dereito Internacional Humanitario e o Dereito a Refuxio.","potentialAction":[{"@type":"SearchAction","target":{"@type":"EntryPoint","urlTemplate":"https:\/\/coruna2018.redeacampa.org\/es\/?s={search_term_string}"},"query-input":{"@type":"PropertyValueSpecification","valueRequired":true,"valueName":"search_term_string"}}],"inLanguage":"es"}]}</script>
<!-- / Yoast SEO plugin. -->

Frágil | Acampa 2018 - Pola paz e o dereito a refuxio

Juan Pablo Moreiras – Frágil Vivimos en un planeta que se transforma sin descanso desde hace 4.500 millones de años, pero el gran impacto ambiental que el desarrollo humano está teniendo sobre su propio hábitat está acelerando un desequilibrio cada vez mayor entre los seres humanos y a la vez entre ellos y el resto [&hellip;]

Unha iniciativa cidadá sen fins de lucro integrada por colectivos sociais, culturais, educativos, veciñais, políticos, sindicais, artísticos, de persoas solidarias, de institucións e empresas con responsabilidade social que teñen como obxectivo a defensa dos dereitos humanos, o Dereito Internacional Humanitario e o Dereito a Refuxio.
