{"version":"1.0","provider_name":"Acampa 2018 - Pola paz e o dereito a refuxio","provider_url":"https:\/\/coruna2018.redeacampa.org\/es\/","author_name":"Quique Varela","author_url":"https:\/\/coruna2018.redeacampa.org\/es\/author\/evarela\/","title":"Visita guiada | Acampa 2018 - Pola paz e o dereito a refuxio","type":"rich","width":600,"height":338,"html":"<blockquote class=\"wp-embedded-content\" data-secret=\"oLhK9U5xxY\"><a href=\"https:\/\/coruna2018.redeacampa.org\/es\/events\/visita-guiada-4\/\">Visita guiada<\/a><\/blockquote><iframe sandbox=\"allow-scripts\" security=\"restricted\" src=\"https:\/\/coruna2018.redeacampa.org\/es\/events\/visita-guiada-4\/embed\/#?secret=oLhK9U5xxY\" width=\"600\" height=\"338\" title=\"\u00abVisita guiada\u00bb \u2014 Acampa 2018 - Pola paz e o dereito a refuxio\" data-secret=\"oLhK9U5xxY\" frameborder=\"0\" marginwidth=\"0\" marginheight=\"0\" scrolling=\"no\" class=\"wp-embedded-content\"><\/iframe><script type=\"text\/javascript\">\n\/* <![CDATA[ *\/\n\/*! This file is auto-generated *\/\n!function(d,l){\"use strict\";l.querySelector&&d.addEventListener&&\"undefined\"!=typeof URL&&(d.wp=d.wp||{},d.wp.receiveEmbedMessage||(d.wp.receiveEmbedMessage=function(e){var t=e.data;if((t||t.secret||t.message||t.value)&&!\/[^a-zA-Z0-9]\/.test(t.secret)){for(var s,r,n,a=l.querySelectorAll('iframe[data-secret=\"'+t.secret+'\"]'),o=l.querySelectorAll('blockquote[data-secret=\"'+t.secret+'\"]'),c=new RegExp(\"^https?:$\",\"i\"),i=0;i<o.length;i++)o[i].style.display=\"none\";for(i=0;i<a.length;i++)s=a[i],e.source===s.contentWindow&&(s.removeAttribute(\"style\"),\"height\"===t.message?(1e3<(r=parseInt(t.value,10))?r=1e3:~~r<200&&(r=200),s.height=r):\"link\"===t.message&&(r=new URL(s.getAttribute(\"src\")),n=new URL(t.value),c.test(n.protocol))&&n.host===r.host&&l.activeElement===s&&(d.top.location.href=t.value))}},d.addEventListener(\"message\",d.wp.receiveEmbedMessage,!1),l.addEventListener(\"DOMContentLoaded\",function(){for(var e,t,s=l.querySelectorAll(\"iframe.wp-embedded-content\"),r=0;r<s.length;r++)(t=(e=s[r]).getAttribute(\"data-secret\"))||(t=Math.random().toString(36).substring(2,12),e.src+=\"#?secret=\"+t,e.setAttribute(\"data-secret\",t)),e.contentWindow.postMessage({message:\"ready\",secret:t},\"*\")},!1)))}(window,document);\n\/\/# sourceURL=https:\/\/coruna2018.redeacampa.org\/wp-includes\/js\/wp-embed.min.js\n\/* ]]> *\/\n<\/script>\n","description":"Gu\u00eda: Marga Gonzalez (AI) En relaci\u00f3n con la ONG Amnist\u00eda Internacional, lleva 34 a\u00f1os colaborando activamente con la citada organizaci\u00f3n, siendo la socia n\u00famero 1163 de m\u00e1s de 84.404 que hay en la actualidad. Desde el inicio tuvo numerosas responsabilidades dentro de la entidad: Miembro del Comit\u00e9 Ejecutivo de AI. Coordinadora de AI Galicia. Tesorera [&hellip;]","thumbnail_url":"https:\/\/coruna2018.redeacampa.org\/wp-content\/uploads\/MargaGonzalez-248x300.jpg"}

Guía: Marga Gonzalez (AI) En relación con la ONG Amnistía Internacional, lleva 34 años colaborando activamente con la citada organización, siendo la socia número 1163 de más de 84.404 que hay en la actualidad. Desde el inicio tuvo numerosas responsabilidades dentro de la entidad: Miembro del Comité Ejecutivo de AI. Coordinadora de AI Galicia. Tesorera [&hellip;]
