{"version":"1.0","provider_name":"Acampa 2018 - Pola paz e o dereito a refuxio","provider_url":"https:\/\/coruna2018.redeacampa.org\/es\/","author_name":"Quique Varela","author_url":"https:\/\/coruna2018.redeacampa.org\/es\/author\/evarela\/","title":"Fr\u00e1gil | Acampa 2018 - Pola paz e o dereito a refuxio","type":"rich","width":600,"height":338,"html":"<blockquote class=\"wp-embedded-content\" data-secret=\"gQLQ4F0pXe\"><a href=\"https:\/\/coruna2018.redeacampa.org\/es\/events\/fragil\/\">Fr\u00e1gil<\/a><\/blockquote><iframe sandbox=\"allow-scripts\" security=\"restricted\" src=\"https:\/\/coruna2018.redeacampa.org\/es\/events\/fragil\/embed\/#?secret=gQLQ4F0pXe\" width=\"600\" height=\"338\" title=\"\u00abFr\u00e1gil\u00bb \u2014 Acampa 2018 - Pola paz e o dereito a refuxio\" data-secret=\"gQLQ4F0pXe\" frameborder=\"0\" marginwidth=\"0\" marginheight=\"0\" scrolling=\"no\" class=\"wp-embedded-content\"><\/iframe><script type=\"text\/javascript\">\n\/* <![CDATA[ *\/\n\/*! This file is auto-generated *\/\n!function(d,l){\"use strict\";l.querySelector&&d.addEventListener&&\"undefined\"!=typeof URL&&(d.wp=d.wp||{},d.wp.receiveEmbedMessage||(d.wp.receiveEmbedMessage=function(e){var t=e.data;if((t||t.secret||t.message||t.value)&&!\/[^a-zA-Z0-9]\/.test(t.secret)){for(var s,r,n,a=l.querySelectorAll('iframe[data-secret=\"'+t.secret+'\"]'),o=l.querySelectorAll('blockquote[data-secret=\"'+t.secret+'\"]'),c=new RegExp(\"^https?:$\",\"i\"),i=0;i<o.length;i++)o[i].style.display=\"none\";for(i=0;i<a.length;i++)s=a[i],e.source===s.contentWindow&&(s.removeAttribute(\"style\"),\"height\"===t.message?(1e3<(r=parseInt(t.value,10))?r=1e3:~~r<200&&(r=200),s.height=r):\"link\"===t.message&&(r=new URL(s.getAttribute(\"src\")),n=new URL(t.value),c.test(n.protocol))&&n.host===r.host&&l.activeElement===s&&(d.top.location.href=t.value))}},d.addEventListener(\"message\",d.wp.receiveEmbedMessage,!1),l.addEventListener(\"DOMContentLoaded\",function(){for(var e,t,s=l.querySelectorAll(\"iframe.wp-embedded-content\"),r=0;r<s.length;r++)(t=(e=s[r]).getAttribute(\"data-secret\"))||(t=Math.random().toString(36).substring(2,12),e.src+=\"#?secret=\"+t,e.setAttribute(\"data-secret\",t)),e.contentWindow.postMessage({message:\"ready\",secret:t},\"*\")},!1)))}(window,document);\n\/\/# sourceURL=https:\/\/coruna2018.redeacampa.org\/wp-includes\/js\/wp-embed.min.js\n\/* ]]> *\/\n<\/script>\n","thumbnail_url":"https:\/\/coruna2018.redeacampa.org\/wp-content\/uploads\/JuanPabloMoreiras.jpg","thumbnail_width":600,"thumbnail_height":394,"description":"Juan Pablo Moreiras \u2013 Fr\u00e1gil Vivimos en un planeta que se transforma sin descanso desde hace 4.500 millones de a\u00f1os, pero el gran impacto ambiental que el desarrollo humano est\u00e1 teniendo sobre su propio h\u00e1bitat est\u00e1 acelerando un desequilibrio cada vez mayor entre los seres humanos y a la vez entre ellos y el resto [&hellip;]"}

Frágil | Acampa 2018 - Pola paz e o dereito a refuxio

<blockquote class="wp-embedded-content" data-secret="gQLQ4F0pXe"><a href="https://coruna2018.redeacampa.org/es/events/fragil/">Frágil</a></blockquote><iframe sandbox="allow-scripts" security="restricted" src="https://coruna2018.redeacampa.org/es/events/fragil/embed/#?secret=gQLQ4F0pXe" width="600" height="338" title="«Frágil» — Acampa 2018 - Pola paz e o dereito a refuxio" data-secret="gQLQ4F0pXe" frameborder="0" marginwidth="0" marginheight="0" scrolling="no" class="wp-embedded-content"></iframe><script type="text/javascript">
/* <![CDATA[ */
/*! This file is auto-generated */
!function(d,l){"use strict";l.querySelector&&d.addEventListener&&"undefined"!=typeof URL&&(d.wp=d.wp||{},d.wp.receiveEmbedMessage||(d.wp.receiveEmbedMessage=function(e){var t=e.data;if((t||t.secret||t.message||t.value)&&!/[^a-zA-Z0-9]/.test(t.secret)){for(var s,r,n,a=l.querySelectorAll('iframe[data-secret="'+t.secret+'"]'),o=l.querySelectorAll('blockquote[data-secret="'+t.secret+'"]'),c=new RegExp("^https?:$","i"),i=0;i<o.length;i++)o[i].style.display="none";for(i=0;i<a.length;i++)s=a[i],e.source===s.contentWindow&&(s.removeAttribute("style"),"height"===t.message?(1e3<(r=parseInt(t.value,10))?r=1e3:~~r<200&&(r=200),s.height=r):"link"===t.message&&(r=new URL(s.getAttribute("src")),n=new URL(t.value),c.test(n.protocol))&&n.host===r.host&&l.activeElement===s&&(d.top.location.href=t.value))}},d.addEventListener("message",d.wp.receiveEmbedMessage,!1),l.addEventListener("DOMContentLoaded",function(){for(var e,t,s=l.querySelectorAll("iframe.wp-embedded-content"),r=0;r<s.length;r++)(t=(e=s[r]).getAttribute("data-secret"))||(t=Math.random().toString(36).substring(2,12),e.src+="#?secret="+t,e.setAttribute("data-secret",t)),e.contentWindow.postMessage({message:"ready",secret:t},"*")},!1)))}(window,document);
//# sourceURL=https://coruna2018.redeacampa.org/wp-includes/js/wp-embed.min.js
/* ]]> */
</script>

Juan Pablo Moreiras – Frágil Vivimos en un planeta que se transforma sin descanso desde hace 4.500 millones de años, pero el gran impacto ambiental que el desarrollo humano está teniendo sobre su propio hábitat está acelerando un desequilibrio cada vez mayor entre los seres humanos y a la vez entre ellos y el resto [&hellip;]
