{"id":37544,"date":"2018-04-29T13:06:51","date_gmt":"2018-04-29T11:06:51","guid":{"rendered":"https:\/\/www.acampa.eu\/wp-content\/uploads\/OscarCamps.jpg"},"modified":"2018-04-29T13:06:51","modified_gmt":"2018-04-29T11:06:51","slug":"oscarcamps-2","status":"inherit","type":"attachment","link":"https:\/\/coruna2018.redeacampa.org\/en\/events\/oscar-camps\/oscarcamps-2\/","title":{"rendered":"Oscar Camps"},"author":2,"featured_media":0,"comment_status":"open","ping_status":"closed","template":"","meta":{"_et_pb_use_builder":"","_et_pb_old_content":"","_et_gb_content_width":"","inline_featured_image":false},"class_list":["post-37544","attachment","type-attachment","status-inherit","hentry"],"yoast_head":"<!-- This site is optimized with the Yoast SEO plugin v27.4 - https:\/\/yoast.com\/product\/yoast-seo-wordpress\/ -->\n<title>Oscar Camps | Acampa 2018 - Pola paz e o dereito a refuxio<\/title>\n<meta name=\"robots\" content=\"index, follow, max-snippet:-1, max-image-preview:large, max-video-preview:-1\" \/>\n<link rel=\"canonical\" href=\"https:\/\/coruna2018.redeacampa.org\/en\/events\/oscar-camps\/oscarcamps-2\/\" \/>\n<meta property=\"og:locale\" content=\"en_US\" \/>\n<meta property=\"og:type\" content=\"article\" \/>\n<meta property=\"og:title\" content=\"Oscar Camps | Acampa 2018 - Pola paz e o dereito a refuxio\" \/>\n<meta property=\"og:description\" content=\"Oscar Camps\" \/>\n<meta property=\"og:url\" content=\"https:\/\/coruna2018.redeacampa.org\/en\/events\/oscar-camps\/oscarcamps-2\/\" \/>\n<meta property=\"og:site_name\" content=\"Acampa 2018 - Pola paz e o dereito a refuxio\" \/>\n<meta property=\"og:image\" content=\"https:\/\/coruna2018.redeacampa.org\/wp-content\/uploads\/OscarCamps.jpg\" \/>\n\t<meta property=\"og:image:width\" content=\"700\" \/>\n\t<meta property=\"og:image:height\" content=\"350\" \/>\n\t<meta property=\"og:image:type\" content=\"image\/jpeg\" \/>\n<meta name=\"twitter:card\" content=\"summary_large_image\" \/>\n<script type=\"application\/ld+json\" class=\"yoast-schema-graph\">{\"@context\":\"https:\\\/\\\/schema.org\",\"@graph\":[{\"@type\":\"WebPage\",\"@id\":\"https:\\\/\\\/coruna2018.redeacampa.org\\\/en\\\/events\\\/oscar-camps\\\/oscarcamps-2\\\/\",\"url\":\"https:\\\/\\\/coruna2018.redeacampa.org\\\/en\\\/events\\\/oscar-camps\\\/oscarcamps-2\\\/\",\"name\":\"Oscar Camps | Acampa 2018 - Pola paz e o dereito a refuxio\",\"isPartOf\":{\"@id\":\"https:\\\/\\\/coruna2018.redeacampa.org\\\/en\\\/#website\"},\"datePublished\":\"2018-04-29T11:06:51+00:00\",\"breadcrumb\":{\"@id\":\"https:\\\/\\\/coruna2018.redeacampa.org\\\/en\\\/events\\\/oscar-camps\\\/oscarcamps-2\\\/#breadcrumb\"},\"inLanguage\":\"en-US\",\"potentialAction\":[{\"@type\":\"ReadAction\",\"target\":[\"https:\\\/\\\/coruna2018.redeacampa.org\\\/en\\\/events\\\/oscar-camps\\\/oscarcamps-2\\\/\"]}]},{\"@type\":\"BreadcrumbList\",\"@id\":\"https:\\\/\\\/coruna2018.redeacampa.org\\\/en\\\/events\\\/oscar-camps\\\/oscarcamps-2\\\/#breadcrumb\",\"itemListElement\":[{\"@type\":\"ListItem\",\"position\":1,\"name\":\"Portada\",\"item\":\"https:\\\/\\\/coruna2018.redeacampa.org\\\/en\\\/\"},{\"@type\":\"ListItem\",\"position\":2,\"name\":\"Saving lives, obligation or crime?\",\"item\":\"https:\\\/\\\/coruna2018.redeacampa.org\\\/en\\\/events\\\/oscar-camps\\\/\"},{\"@type\":\"ListItem\",\"position\":3,\"name\":\"Oscar Camps\"}]},{\"@type\":\"WebSite\",\"@id\":\"https:\\\/\\\/coruna2018.redeacampa.org\\\/en\\\/#website\",\"url\":\"https:\\\/\\\/coruna2018.redeacampa.org\\\/en\\\/\",\"name\":\"Acampa 2018 - Pola paz e o dereito a refuxio\",\"description\":\"Unha iniciativa cidad\u00e1 sen fins de lucro integrada por colectivos sociais, culturais, educativos, veci\u00f1ais, pol\u00edticos, sindicais, art\u00edsticos, de persoas solidarias, de instituci\u00f3ns e empresas con responsabilidade social que te\u00f1en como obxectivo a defensa dos dereitos humanos, o Dereito Internacional Humanitario e o Dereito a Refuxio.\",\"potentialAction\":[{\"@type\":\"SearchAction\",\"target\":{\"@type\":\"EntryPoint\",\"urlTemplate\":\"https:\\\/\\\/coruna2018.redeacampa.org\\\/en\\\/?s={search_term_string}\"},\"query-input\":{\"@type\":\"PropertyValueSpecification\",\"valueRequired\":true,\"valueName\":\"search_term_string\"}}],\"inLanguage\":\"en-US\"}]}<\/script>\n<!-- \/ Yoast SEO plugin. -->","yoast_head_json":{"title":"Oscar Camps | Acampa 2018 - Pola paz e o dereito a refuxio","robots":{"index":"index","follow":"follow","max-snippet":"max-snippet:-1","max-image-preview":"max-image-preview:large","max-video-preview":"max-video-preview:-1"},"canonical":"https:\/\/coruna2018.redeacampa.org\/en\/events\/oscar-camps\/oscarcamps-2\/","og_locale":"en_US","og_type":"article","og_title":"Oscar Camps | Acampa 2018 - Pola paz e o dereito a refuxio","og_description":"Oscar Camps","og_url":"https:\/\/coruna2018.redeacampa.org\/en\/events\/oscar-camps\/oscarcamps-2\/","og_site_name":"Acampa 2018 - Pola paz e o dereito a refuxio","og_image":[{"width":700,"height":350,"url":"https:\/\/coruna2018.redeacampa.org\/wp-content\/uploads\/OscarCamps.jpg","type":"image\/jpeg"}],"twitter_card":"summary_large_image","schema":{"@context":"https:\/\/schema.org","@graph":[{"@type":"WebPage","@id":"https:\/\/coruna2018.redeacampa.org\/en\/events\/oscar-camps\/oscarcamps-2\/","url":"https:\/\/coruna2018.redeacampa.org\/en\/events\/oscar-camps\/oscarcamps-2\/","name":"Oscar Camps | Acampa 2018 - Pola paz e o dereito a refuxio","isPartOf":{"@id":"https:\/\/coruna2018.redeacampa.org\/en\/#website"},"datePublished":"2018-04-29T11:06:51+00:00","breadcrumb":{"@id":"https:\/\/coruna2018.redeacampa.org\/en\/events\/oscar-camps\/oscarcamps-2\/#breadcrumb"},"inLanguage":"en-US","potentialAction":[{"@type":"ReadAction","target":["https:\/\/coruna2018.redeacampa.org\/en\/events\/oscar-camps\/oscarcamps-2\/"]}]},{"@type":"BreadcrumbList","@id":"https:\/\/coruna2018.redeacampa.org\/en\/events\/oscar-camps\/oscarcamps-2\/#breadcrumb","itemListElement":[{"@type":"ListItem","position":1,"name":"Portada","item":"https:\/\/coruna2018.redeacampa.org\/en\/"},{"@type":"ListItem","position":2,"name":"Saving lives, obligation or crime?","item":"https:\/\/coruna2018.redeacampa.org\/en\/events\/oscar-camps\/"},{"@type":"ListItem","position":3,"name":"Oscar Camps"}]},{"@type":"WebSite","@id":"https:\/\/coruna2018.redeacampa.org\/en\/#website","url":"https:\/\/coruna2018.redeacampa.org\/en\/","name":"Acampa 2018 - Pola paz e o dereito a refuxio","description":"Unha iniciativa cidad\u00e1 sen fins de lucro integrada por colectivos sociais, culturais, educativos, veci\u00f1ais, pol\u00edticos, sindicais, art\u00edsticos, de persoas solidarias, de instituci\u00f3ns e empresas con responsabilidade social que te\u00f1en como obxectivo a defensa dos dereitos humanos, o Dereito Internacional Humanitario e o Dereito a Refuxio.","potentialAction":[{"@type":"SearchAction","target":{"@type":"EntryPoint","urlTemplate":"https:\/\/coruna2018.redeacampa.org\/en\/?s={search_term_string}"},"query-input":{"@type":"PropertyValueSpecification","valueRequired":true,"valueName":"search_term_string"}}],"inLanguage":"en-US"}]}},"description":{"rendered":"<p class=\"attachment\"><a href='https:\/\/coruna2018.redeacampa.org\/wp-content\/uploads\/OscarCamps.jpg'><img loading=\"lazy\" decoding=\"async\" width=\"300\" height=\"150\" src=\"https:\/\/coruna2018.redeacampa.org\/wp-content\/uploads\/OscarCamps-300x150.jpg\" class=\"attachment-medium size-medium\" alt=\"Oscar Camps\" srcset=\"https:\/\/coruna2018.redeacampa.org\/wp-content\/uploads\/OscarCamps-300x150.jpg 300w, https:\/\/coruna2018.redeacampa.org\/wp-content\/uploads\/OscarCamps.jpg 700w\" sizes=\"(max-width: 300px) 100vw, 300px\" \/><\/a><\/p>\n<p>Oscar Camps<\/p>\n"},"caption":{"rendered":"<p>Oscar Camps<\/p>\n"},"alt_text":"Oscar Camps","media_type":"image","mime_type":"image\/jpeg","media_details":{"width":700,"height":350,"file":"OscarCamps.jpg","sizes":{"thumbnail":{"file":"OscarCamps-150x150.jpg","width":150,"height":150,"mime_type":"image\/jpeg","source_url":"https:\/\/coruna2018.redeacampa.org\/wp-content\/uploads\/OscarCamps-150x150.jpg"},"medium":{"file":"OscarCamps-300x150.jpg","width":300,"height":150,"mime_type":"image\/jpeg","source_url":"https:\/\/coruna2018.redeacampa.org\/wp-content\/uploads\/OscarCamps-300x150.jpg"},"et-pb-post-main-image":{"file":"OscarCamps-400x250.jpg","width":400,"height":250,"mime_type":"image\/jpeg","source_url":"https:\/\/coruna2018.redeacampa.org\/wp-content\/uploads\/OscarCamps-400x250.jpg"},"et-pb-portfolio-image":{"file":"OscarCamps-400x284.jpg","width":400,"height":284,"mime_type":"image\/jpeg","source_url":"https:\/\/coruna2018.redeacampa.org\/wp-content\/uploads\/OscarCamps-400x284.jpg"},"et-pb-portfolio-module-image":{"file":"OscarCamps-510x350.jpg","width":510,"height":350,"mime_type":"image\/jpeg","source_url":"https:\/\/coruna2018.redeacampa.org\/wp-content\/uploads\/OscarCamps-510x350.jpg"},"et-pb-gallery-module-image-portrait":{"file":"OscarCamps-400x350.jpg","width":400,"height":350,"mime_type":"image\/jpeg","source_url":"https:\/\/coruna2018.redeacampa.org\/wp-content\/uploads\/OscarCamps-400x350.jpg"},"full":{"file":"OscarCamps.jpg","width":700,"height":350,"mime_type":"image\/jpeg","source_url":"https:\/\/coruna2018.redeacampa.org\/wp-content\/uploads\/OscarCamps.jpg"}},"image_meta":{"aperture":"0","credit":"","camera":"","caption":"","created_timestamp":"0","copyright":"","focal_length":"0","iso":"0","shutter_speed":"0","title":"","orientation":"0","keywords":[]}},"post":37570,"source_url":"https:\/\/coruna2018.redeacampa.org\/wp-content\/uploads\/OscarCamps.jpg","_links":{"self":[{"href":"https:\/\/coruna2018.redeacampa.org\/en\/wp-json\/wp\/v2\/media\/37544","targetHints":{"allow":["GET"]}}],"collection":[{"href":"https:\/\/coruna2018.redeacampa.org\/en\/wp-json\/wp\/v2\/media"}],"about":[{"href":"https:\/\/coruna2018.redeacampa.org\/en\/wp-json\/wp\/v2\/types\/attachment"}],"author":[{"embeddable":true,"href":"https:\/\/coruna2018.redeacampa.org\/en\/wp-json\/wp\/v2\/users\/2"}],"replies":[{"embeddable":true,"href":"https:\/\/coruna2018.redeacampa.org\/en\/wp-json\/wp\/v2\/comments?post=37544"}],"wp:attached-to":[{"embeddable":true,"post_type":"ajde_events","id":37570,"href":"https:\/\/coruna2018.redeacampa.org\/en\/wp-json\/wp\/v2\/ajde_events\/37570"}],"curies":[{"name":"wp","href":"https:\/\/api.w.org\/{rel}","templated":true}]}}

<!-- This site is optimized with the Yoast SEO plugin v27.4 - https://yoast.com/product/yoast-seo-wordpress/ -->
<title>Oscar Camps | Acampa 2018 - Pola paz e o dereito a refuxio</title>
<meta name="robots" content="index, follow, max-snippet:-1, max-image-preview:large, max-video-preview:-1" />
<link rel="canonical" href="https://coruna2018.redeacampa.org/en/events/oscar-camps/oscarcamps-2/" />
<meta property="og:locale" content="en_US" />
<meta property="og:type" content="article" />
<meta property="og:title" content="Oscar Camps | Acampa 2018 - Pola paz e o dereito a refuxio" />
<meta property="og:description" content="Oscar Camps" />
<meta property="og:url" content="https://coruna2018.redeacampa.org/en/events/oscar-camps/oscarcamps-2/" />
<meta property="og:site_name" content="Acampa 2018 - Pola paz e o dereito a refuxio" />
<meta property="og:image" content="https://coruna2018.redeacampa.org/wp-content/uploads/OscarCamps.jpg" />
	<meta property="og:image:width" content="700" />
	<meta property="og:image:height" content="350" />
	<meta property="og:image:type" content="image/jpeg" />
<meta name="twitter:card" content="summary_large_image" />
<script type="application/ld+json" class="yoast-schema-graph">{"@context":"https:\/\/schema.org","@graph":[{"@type":"WebPage","@id":"https:\/\/coruna2018.redeacampa.org\/en\/events\/oscar-camps\/oscarcamps-2\/","url":"https:\/\/coruna2018.redeacampa.org\/en\/events\/oscar-camps\/oscarcamps-2\/","name":"Oscar Camps | Acampa 2018 - Pola paz e o dereito a refuxio","isPartOf":{"@id":"https:\/\/coruna2018.redeacampa.org\/en\/#website"},"datePublished":"2018-04-29T11:06:51+00:00","breadcrumb":{"@id":"https:\/\/coruna2018.redeacampa.org\/en\/events\/oscar-camps\/oscarcamps-2\/#breadcrumb"},"inLanguage":"en-US","potentialAction":[{"@type":"ReadAction","target":["https:\/\/coruna2018.redeacampa.org\/en\/events\/oscar-camps\/oscarcamps-2\/"]}]},{"@type":"BreadcrumbList","@id":"https:\/\/coruna2018.redeacampa.org\/en\/events\/oscar-camps\/oscarcamps-2\/#breadcrumb","itemListElement":[{"@type":"ListItem","position":1,"name":"Portada","item":"https:\/\/coruna2018.redeacampa.org\/en\/"},{"@type":"ListItem","position":2,"name":"Saving lives, obligation or crime?","item":"https:\/\/coruna2018.redeacampa.org\/en\/events\/oscar-camps\/"},{"@type":"ListItem","position":3,"name":"Oscar Camps"}]},{"@type":"WebSite","@id":"https:\/\/coruna2018.redeacampa.org\/en\/#website","url":"https:\/\/coruna2018.redeacampa.org\/en\/","name":"Acampa 2018 - Pola paz e o dereito a refuxio","description":"Unha iniciativa cidadá sen fins de lucro integrada por colectivos sociais, culturais, educativos, veciñais, políticos, sindicais, artísticos, de persoas solidarias, de institucións e empresas con responsabilidade social que teñen como obxectivo a defensa dos dereitos humanos, o Dereito Internacional Humanitario e o Dereito a Refuxio.","potentialAction":[{"@type":"SearchAction","target":{"@type":"EntryPoint","urlTemplate":"https:\/\/coruna2018.redeacampa.org\/en\/?s={search_term_string}"},"query-input":{"@type":"PropertyValueSpecification","valueRequired":true,"valueName":"search_term_string"}}],"inLanguage":"en-US"}]}</script>
<!-- / Yoast SEO plugin. -->

Unha iniciativa cidadá sen fins de lucro integrada por colectivos sociais, culturais, educativos, veciñais, políticos, sindicais, artísticos, de persoas solidarias, de institucións e empresas con responsabilidade social que teñen como obxectivo a defensa dos dereitos humanos, o Dereito Internacional Humanitario e o Dereito a Refuxio.
