{"id":39025,"date":"2018-06-11T09:39:25","date_gmt":"2018-06-11T07:39:25","guid":{"rendered":"https:\/\/www.acampa.eu\/events\/avaliacion-do-evento-de-sensibilizacion-acampa-2018-pola-paz-e-o-dereito-ao-refuxio\/"},"modified":"2018-06-12T14:21:31","modified_gmt":"2018-06-12T12:21:31","slug":"evaluation-of-the-awareness-raising-event-acampa-2018-pola-paz-e-o-dereito-ao-refuxio","status":"publish","type":"ajde_events","link":"https:\/\/coruna2018.redeacampa.org\/en\/events\/evaluation-of-the-awareness-raising-event-acampa-2018-pola-paz-e-o-dereito-ao-refuxio\/","title":{"rendered":"Evaluation of the awareness raising event &#8220;Acampa 2018 pola Paz e o Dereito ao Refuxio&#8221;"},"content":{"rendered":"<p>Evaluating is a fundamental function when it comes to carrying out a project, especially when we are talking about an awareness project of this magnitude. The main objective that we intend to achieve is to investigate the sensitizing impact of the different activities that are carried out throughout the three days of the event Camp for peace and the right to refuge 2018 on the citizens who approach and participate in them. To achieve this, a mixed methodology will be used using more quantitative data collection techniques such as the survey, and more qualitative techniques such as observation.<\/p>\n<p>Evaluating the impact of an event like this is not easy, because there are many activities that take place in these days and many hands are needed, so teamwork is a fundamental task in this evaluation.<\/p>\n<p>Lorena Boga, supported by the technique of the CPVO Lorena Rilo and the professor of the UDC Iria V\u00e1zquez, has the collaboration of a team of young volunteers trained in different disciplines in the social field who will support her in putting these data collection tools into practice. They are Araceli Mac\u00edas (Social Educator), Helena L\u00f3pez (Sociologist), Mar\u00eda Alonso (Occupational Therapist), Paola Berm\u00fadez (Social Educator) and Vanessa M\u00edguez (Sociologist), a multi-disciplinary team that can contribute multiple points of view to the evaluation.<\/p>\n<p>With all of this, the aim is to prepare a final report with the data obtained that will allow us to give visibility to the great work that is being done in Acampa, to see to what extent the objectives set are being met, and to collect the opinions and suggestions of the citizens in order to improve year after year.<\/p>\n","protected":false},"author":2,"featured_media":0,"menu_order":0,"comment_status":"open","ping_status":"closed","template":"","meta":{"_et_pb_use_builder":"","_et_pb_old_content":"","_et_gb_content_width":"","inline_featured_image":false},"tags":[],"event_type":[202],"event_type_2":[],"class_list":["post-39025","ajde_events","type-ajde_events","status-publish","hentry","event_type-2018-actividades-paralelas-en"],"yoast_head":"<!-- This site is optimized with the Yoast SEO plugin v27.4 - https:\/\/yoast.com\/product\/yoast-seo-wordpress\/ -->\n<title>Evaluation of the awareness raising event &quot;Acampa 2018 pola Paz e o Dereito ao Refuxio&quot; | Acampa 2018 - Pola paz e o dereito a refuxio<\/title>\n<meta name=\"robots\" content=\"index, follow, max-snippet:-1, max-image-preview:large, max-video-preview:-1\" \/>\n<link rel=\"canonical\" href=\"https:\/\/coruna2018.redeacampa.org\/en\/events\/evaluation-of-the-awareness-raising-event-acampa-2018-pola-paz-e-o-dereito-ao-refuxio\/\" \/>\n<meta property=\"og:locale\" content=\"en_US\" \/>\n<meta property=\"og:type\" content=\"article\" \/>\n<meta property=\"og:title\" content=\"Evaluation of the awareness raising event &quot;Acampa 2018 pola Paz e o Dereito ao Refuxio&quot; | Acampa 2018 - Pola paz e o dereito a refuxio\" \/>\n<meta property=\"og:description\" content=\"Evaluating is a fundamental function when it comes to carrying out a project, especially when we are talking about an awareness project of this magnitude. The main objective that we intend to achieve is to investigate the sensitizing impact of the different activities that are carried out throughout the three days of the event Camp [&hellip;]\" \/>\n<meta property=\"og:url\" content=\"https:\/\/coruna2018.redeacampa.org\/en\/events\/evaluation-of-the-awareness-raising-event-acampa-2018-pola-paz-e-o-dereito-ao-refuxio\/\" \/>\n<meta property=\"og:site_name\" content=\"Acampa 2018 - Pola paz e o dereito a refuxio\" \/>\n<meta property=\"article:modified_time\" content=\"2018-06-12T12:21:31+00:00\" \/>\n<meta name=\"twitter:card\" content=\"summary_large_image\" \/>\n<meta name=\"twitter:label1\" content=\"Est. reading time\" \/>\n\t<meta name=\"twitter:data1\" content=\"1 minute\" \/>\n<script type=\"application\/ld+json\" class=\"yoast-schema-graph\">{\"@context\":\"https:\\\/\\\/schema.org\",\"@graph\":[{\"@type\":\"WebPage\",\"@id\":\"https:\\\/\\\/coruna2018.redeacampa.org\\\/en\\\/events\\\/evaluation-of-the-awareness-raising-event-acampa-2018-pola-paz-e-o-dereito-ao-refuxio\\\/\",\"url\":\"https:\\\/\\\/coruna2018.redeacampa.org\\\/en\\\/events\\\/evaluation-of-the-awareness-raising-event-acampa-2018-pola-paz-e-o-dereito-ao-refuxio\\\/\",\"name\":\"Evaluation of the awareness raising event \\\"Acampa 2018 pola Paz e o Dereito ao Refuxio\\\" | Acampa 2018 - Pola paz e o dereito a refuxio\",\"isPartOf\":{\"@id\":\"https:\\\/\\\/coruna2018.redeacampa.org\\\/en\\\/#website\"},\"datePublished\":\"2018-06-11T07:39:25+00:00\",\"dateModified\":\"2018-06-12T12:21:31+00:00\",\"breadcrumb\":{\"@id\":\"https:\\\/\\\/coruna2018.redeacampa.org\\\/en\\\/events\\\/evaluation-of-the-awareness-raising-event-acampa-2018-pola-paz-e-o-dereito-ao-refuxio\\\/#breadcrumb\"},\"inLanguage\":\"en-US\",\"potentialAction\":[{\"@type\":\"ReadAction\",\"target\":[\"https:\\\/\\\/coruna2018.redeacampa.org\\\/en\\\/events\\\/evaluation-of-the-awareness-raising-event-acampa-2018-pola-paz-e-o-dereito-ao-refuxio\\\/\"]}]},{\"@type\":\"BreadcrumbList\",\"@id\":\"https:\\\/\\\/coruna2018.redeacampa.org\\\/en\\\/events\\\/evaluation-of-the-awareness-raising-event-acampa-2018-pola-paz-e-o-dereito-ao-refuxio\\\/#breadcrumb\",\"itemListElement\":[{\"@type\":\"ListItem\",\"position\":1,\"name\":\"Portada\",\"item\":\"https:\\\/\\\/coruna2018.redeacampa.org\\\/en\\\/\"},{\"@type\":\"ListItem\",\"position\":2,\"name\":\"Events\",\"item\":\"https:\\\/\\\/coruna2018.redeacampa.org\\\/en\\\/events\\\/\"},{\"@type\":\"ListItem\",\"position\":3,\"name\":\"Evaluation of the awareness raising event &#8220;Acampa 2018 pola Paz e o Dereito ao Refuxio&#8221;\"}]},{\"@type\":\"WebSite\",\"@id\":\"https:\\\/\\\/coruna2018.redeacampa.org\\\/en\\\/#website\",\"url\":\"https:\\\/\\\/coruna2018.redeacampa.org\\\/en\\\/\",\"name\":\"Acampa 2018 - Pola paz e o dereito a refuxio\",\"description\":\"Unha iniciativa cidad\u00e1 sen fins de lucro integrada por colectivos sociais, culturais, educativos, veci\u00f1ais, pol\u00edticos, sindicais, art\u00edsticos, de persoas solidarias, de instituci\u00f3ns e empresas con responsabilidade social que te\u00f1en como obxectivo a defensa dos dereitos humanos, o Dereito Internacional Humanitario e o Dereito a Refuxio.\",\"potentialAction\":[{\"@type\":\"SearchAction\",\"target\":{\"@type\":\"EntryPoint\",\"urlTemplate\":\"https:\\\/\\\/coruna2018.redeacampa.org\\\/en\\\/?s={search_term_string}\"},\"query-input\":{\"@type\":\"PropertyValueSpecification\",\"valueRequired\":true,\"valueName\":\"search_term_string\"}}],\"inLanguage\":\"en-US\"}]}<\/script>\n<!-- \/ Yoast SEO plugin. -->","yoast_head_json":{"title":"Evaluation of the awareness raising event \"Acampa 2018 pola Paz e o Dereito ao Refuxio\" | Acampa 2018 - Pola paz e o dereito a refuxio","robots":{"index":"index","follow":"follow","max-snippet":"max-snippet:-1","max-image-preview":"max-image-preview:large","max-video-preview":"max-video-preview:-1"},"canonical":"https:\/\/coruna2018.redeacampa.org\/en\/events\/evaluation-of-the-awareness-raising-event-acampa-2018-pola-paz-e-o-dereito-ao-refuxio\/","og_locale":"en_US","og_type":"article","og_title":"Evaluation of the awareness raising event \"Acampa 2018 pola Paz e o Dereito ao Refuxio\" | Acampa 2018 - Pola paz e o dereito a refuxio","og_description":"Evaluating is a fundamental function when it comes to carrying out a project, especially when we are talking about an awareness project of this magnitude. The main objective that we intend to achieve is to investigate the sensitizing impact of the different activities that are carried out throughout the three days of the event Camp [&hellip;]","og_url":"https:\/\/coruna2018.redeacampa.org\/en\/events\/evaluation-of-the-awareness-raising-event-acampa-2018-pola-paz-e-o-dereito-ao-refuxio\/","og_site_name":"Acampa 2018 - Pola paz e o dereito a refuxio","article_modified_time":"2018-06-12T12:21:31+00:00","twitter_card":"summary_large_image","twitter_misc":{"Est. reading time":"1 minute"},"schema":{"@context":"https:\/\/schema.org","@graph":[{"@type":"WebPage","@id":"https:\/\/coruna2018.redeacampa.org\/en\/events\/evaluation-of-the-awareness-raising-event-acampa-2018-pola-paz-e-o-dereito-ao-refuxio\/","url":"https:\/\/coruna2018.redeacampa.org\/en\/events\/evaluation-of-the-awareness-raising-event-acampa-2018-pola-paz-e-o-dereito-ao-refuxio\/","name":"Evaluation of the awareness raising event \"Acampa 2018 pola Paz e o Dereito ao Refuxio\" | Acampa 2018 - Pola paz e o dereito a refuxio","isPartOf":{"@id":"https:\/\/coruna2018.redeacampa.org\/en\/#website"},"datePublished":"2018-06-11T07:39:25+00:00","dateModified":"2018-06-12T12:21:31+00:00","breadcrumb":{"@id":"https:\/\/coruna2018.redeacampa.org\/en\/events\/evaluation-of-the-awareness-raising-event-acampa-2018-pola-paz-e-o-dereito-ao-refuxio\/#breadcrumb"},"inLanguage":"en-US","potentialAction":[{"@type":"ReadAction","target":["https:\/\/coruna2018.redeacampa.org\/en\/events\/evaluation-of-the-awareness-raising-event-acampa-2018-pola-paz-e-o-dereito-ao-refuxio\/"]}]},{"@type":"BreadcrumbList","@id":"https:\/\/coruna2018.redeacampa.org\/en\/events\/evaluation-of-the-awareness-raising-event-acampa-2018-pola-paz-e-o-dereito-ao-refuxio\/#breadcrumb","itemListElement":[{"@type":"ListItem","position":1,"name":"Portada","item":"https:\/\/coruna2018.redeacampa.org\/en\/"},{"@type":"ListItem","position":2,"name":"Events","item":"https:\/\/coruna2018.redeacampa.org\/en\/events\/"},{"@type":"ListItem","position":3,"name":"Evaluation of the awareness raising event &#8220;Acampa 2018 pola Paz e o Dereito ao Refuxio&#8221;"}]},{"@type":"WebSite","@id":"https:\/\/coruna2018.redeacampa.org\/en\/#website","url":"https:\/\/coruna2018.redeacampa.org\/en\/","name":"Acampa 2018 - Pola paz e o dereito a refuxio","description":"Unha iniciativa cidad\u00e1 sen fins de lucro integrada por colectivos sociais, culturais, educativos, veci\u00f1ais, pol\u00edticos, sindicais, art\u00edsticos, de persoas solidarias, de instituci\u00f3ns e empresas con responsabilidade social que te\u00f1en como obxectivo a defensa dos dereitos humanos, o Dereito Internacional Humanitario e o Dereito a Refuxio.","potentialAction":[{"@type":"SearchAction","target":{"@type":"EntryPoint","urlTemplate":"https:\/\/coruna2018.redeacampa.org\/en\/?s={search_term_string}"},"query-input":{"@type":"PropertyValueSpecification","valueRequired":true,"valueName":"search_term_string"}}],"inLanguage":"en-US"}]}},"_links":{"self":[{"href":"https:\/\/coruna2018.redeacampa.org\/en\/wp-json\/wp\/v2\/ajde_events\/39025","targetHints":{"allow":["GET"]}}],"collection":[{"href":"https:\/\/coruna2018.redeacampa.org\/en\/wp-json\/wp\/v2\/ajde_events"}],"about":[{"href":"https:\/\/coruna2018.redeacampa.org\/en\/wp-json\/wp\/v2\/types\/ajde_events"}],"author":[{"embeddable":true,"href":"https:\/\/coruna2018.redeacampa.org\/en\/wp-json\/wp\/v2\/users\/2"}],"replies":[{"embeddable":true,"href":"https:\/\/coruna2018.redeacampa.org\/en\/wp-json\/wp\/v2\/comments?post=39025"}],"wp:attachment":[{"href":"https:\/\/coruna2018.redeacampa.org\/en\/wp-json\/wp\/v2\/media?parent=39025"}],"wp:term":[{"taxonomy":"post_tag","embeddable":true,"href":"https:\/\/coruna2018.redeacampa.org\/en\/wp-json\/wp\/v2\/tags?post=39025"},{"taxonomy":"event_type","embeddable":true,"href":"https:\/\/coruna2018.redeacampa.org\/en\/wp-json\/wp\/v2\/event_type?post=39025"},{"taxonomy":"event_type_2","embeddable":true,"href":"https:\/\/coruna2018.redeacampa.org\/en\/wp-json\/wp\/v2\/event_type_2?post=39025"}],"curies":[{"name":"wp","href":"https:\/\/api.w.org\/{rel}","templated":true}]}}

<p>Evaluating is a fundamental function when it comes to carrying out a project, especially when we are talking about an awareness project of this magnitude. The main objective that we intend to achieve is to investigate the sensitizing impact of the different activities that are carried out throughout the three days of the event Camp for peace and the right to refuge 2018 on the citizens who approach and participate in them. To achieve this, a mixed methodology will be used using more quantitative data collection techniques such as the survey, and more qualitative techniques such as observation.</p>
<p>Evaluating the impact of an event like this is not easy, because there are many activities that take place in these days and many hands are needed, so teamwork is a fundamental task in this evaluation.</p>
<p>Lorena Boga, supported by the technique of the CPVO Lorena Rilo and the professor of the UDC Iria Vázquez, has the collaboration of a team of young volunteers trained in different disciplines in the social field who will support her in putting these data collection tools into practice. They are Araceli Macías (Social Educator), Helena López (Sociologist), María Alonso (Occupational Therapist), Paola Bermúdez (Social Educator) and Vanessa Míguez (Sociologist), a multi-disciplinary team that can contribute multiple points of view to the evaluation.</p>
<p>With all of this, the aim is to prepare a final report with the data obtained that will allow us to give visibility to the great work that is being done in Acampa, to see to what extent the objectives set are being met, and to collect the opinions and suggestions of the citizens in order to improve year after year.</p>

<!-- This site is optimized with the Yoast SEO plugin v27.4 - https://yoast.com/product/yoast-seo-wordpress/ -->
<title>Evaluation of the awareness raising event &quot;Acampa 2018 pola Paz e o Dereito ao Refuxio&quot; | Acampa 2018 - Pola paz e o dereito a refuxio</title>
<meta name="robots" content="index, follow, max-snippet:-1, max-image-preview:large, max-video-preview:-1" />
<link rel="canonical" href="https://coruna2018.redeacampa.org/en/events/evaluation-of-the-awareness-raising-event-acampa-2018-pola-paz-e-o-dereito-ao-refuxio/" />
<meta property="og:locale" content="en_US" />
<meta property="og:type" content="article" />
<meta property="og:title" content="Evaluation of the awareness raising event &quot;Acampa 2018 pola Paz e o Dereito ao Refuxio&quot; | Acampa 2018 - Pola paz e o dereito a refuxio" />
<meta property="og:description" content="Evaluating is a fundamental function when it comes to carrying out a project, especially when we are talking about an awareness project of this magnitude. The main objective that we intend to achieve is to investigate the sensitizing impact of the different activities that are carried out throughout the three days of the event Camp [&hellip;]" />
<meta property="og:url" content="https://coruna2018.redeacampa.org/en/events/evaluation-of-the-awareness-raising-event-acampa-2018-pola-paz-e-o-dereito-ao-refuxio/" />
<meta property="og:site_name" content="Acampa 2018 - Pola paz e o dereito a refuxio" />
<meta property="article:modified_time" content="2018-06-12T12:21:31+00:00" />
<meta name="twitter:card" content="summary_large_image" />
<meta name="twitter:label1" content="Est. reading time" />
	<meta name="twitter:data1" content="1 minute" />
<script type="application/ld+json" class="yoast-schema-graph">{"@context":"https:\/\/schema.org","@graph":[{"@type":"WebPage","@id":"https:\/\/coruna2018.redeacampa.org\/en\/events\/evaluation-of-the-awareness-raising-event-acampa-2018-pola-paz-e-o-dereito-ao-refuxio\/","url":"https:\/\/coruna2018.redeacampa.org\/en\/events\/evaluation-of-the-awareness-raising-event-acampa-2018-pola-paz-e-o-dereito-ao-refuxio\/","name":"Evaluation of the awareness raising event \"Acampa 2018 pola Paz e o Dereito ao Refuxio\" | Acampa 2018 - Pola paz e o dereito a refuxio","isPartOf":{"@id":"https:\/\/coruna2018.redeacampa.org\/en\/#website"},"datePublished":"2018-06-11T07:39:25+00:00","dateModified":"2018-06-12T12:21:31+00:00","breadcrumb":{"@id":"https:\/\/coruna2018.redeacampa.org\/en\/events\/evaluation-of-the-awareness-raising-event-acampa-2018-pola-paz-e-o-dereito-ao-refuxio\/#breadcrumb"},"inLanguage":"en-US","potentialAction":[{"@type":"ReadAction","target":["https:\/\/coruna2018.redeacampa.org\/en\/events\/evaluation-of-the-awareness-raising-event-acampa-2018-pola-paz-e-o-dereito-ao-refuxio\/"]}]},{"@type":"BreadcrumbList","@id":"https:\/\/coruna2018.redeacampa.org\/en\/events\/evaluation-of-the-awareness-raising-event-acampa-2018-pola-paz-e-o-dereito-ao-refuxio\/#breadcrumb","itemListElement":[{"@type":"ListItem","position":1,"name":"Portada","item":"https:\/\/coruna2018.redeacampa.org\/en\/"},{"@type":"ListItem","position":2,"name":"Events","item":"https:\/\/coruna2018.redeacampa.org\/en\/events\/"},{"@type":"ListItem","position":3,"name":"Evaluation of the awareness raising event &#8220;Acampa 2018 pola Paz e o Dereito ao Refuxio&#8221;"}]},{"@type":"WebSite","@id":"https:\/\/coruna2018.redeacampa.org\/en\/#website","url":"https:\/\/coruna2018.redeacampa.org\/en\/","name":"Acampa 2018 - Pola paz e o dereito a refuxio","description":"Unha iniciativa cidadá sen fins de lucro integrada por colectivos sociais, culturais, educativos, veciñais, políticos, sindicais, artísticos, de persoas solidarias, de institucións e empresas con responsabilidade social que teñen como obxectivo a defensa dos dereitos humanos, o Dereito Internacional Humanitario e o Dereito a Refuxio.","potentialAction":[{"@type":"SearchAction","target":{"@type":"EntryPoint","urlTemplate":"https:\/\/coruna2018.redeacampa.org\/en\/?s={search_term_string}"},"query-input":{"@type":"PropertyValueSpecification","valueRequired":true,"valueName":"search_term_string"}}],"inLanguage":"en-US"}]}</script>
<!-- / Yoast SEO plugin. -->

Unha iniciativa cidadá sen fins de lucro integrada por colectivos sociais, culturais, educativos, veciñais, políticos, sindicais, artísticos, de persoas solidarias, de institucións e empresas con responsabilidade social que teñen como obxectivo a defensa dos dereitos humanos, o Dereito Internacional Humanitario e o Dereito a Refuxio.
