{"id":38892,"date":"2018-06-08T12:16:37","date_gmt":"2018-06-08T10:16:37","guid":{"rendered":"https:\/\/www.acampa.eu\/events\/rocodromo-derribemos-los-muros-2\/"},"modified":"2018-06-09T15:29:28","modified_gmt":"2018-06-09T13:29:28","slug":"rocodromo-derribemos-los-muros-2","status":"publish","type":"ajde_events","link":"https:\/\/coruna2018.redeacampa.org\/en\/events\/rocodromo-derribemos-los-muros-2\/","title":{"rendered":"Rock climbing wall: let&#8217;s tear down the walls"},"content":{"rendered":"<blockquote><p><span id=\"result_box\" class=\"short_text\" lang=\"en\"><span class=\"\">Organize<\/span><\/span>: AMI Asociaci\u00f3n de Monta\u00f1eros Independientes<\/p><\/blockquote>\n<div id=\"attachment_38996\" style=\"width: 310px\" class=\"wp-caption alignnone\"><a href=\"http:\/\/amimontanismo.es\/\"><img loading=\"lazy\" decoding=\"async\" aria-describedby=\"caption-attachment-38996\" class=\"size-medium wp-image-38996\" src=\"\/wp-content\/uploads\/ami-300x150.jpg\" alt=\"Asociaci\u00f3n de Monta\u00f1eros Independientes\" width=\"300\" height=\"150\" \/><\/a><p id=\"caption-attachment-38996\" class=\"wp-caption-text\">Asociaci\u00f3n de Monta\u00f1eros Independientes<\/p><\/div>\n<p>&nbsp;<\/p>\n","protected":false},"author":2,"featured_media":38998,"menu_order":0,"comment_status":"open","ping_status":"closed","template":"","meta":{"_et_pb_use_builder":"","_et_pb_old_content":"","_et_gb_content_width":"","inline_featured_image":false},"tags":[],"event_type":[164,172,106],"event_type_2":[],"class_list":["post-38892","ajde_events","type-ajde_events","status-publish","has-post-thumbnail","hentry","event_location-mendez-nunez-gardens","event_type-16-06-18-en","event_type-2018-actividades-infantiles-en","event_type-2018-program-en"],"yoast_head":"<!-- This site is optimized with the Yoast SEO plugin v27.4 - https:\/\/yoast.com\/product\/yoast-seo-wordpress\/ -->\n<title>Rock climbing wall: let&#039;s tear down the walls | Acampa 2018 - Pola paz e o dereito a refuxio<\/title>\n<meta name=\"robots\" content=\"index, follow, max-snippet:-1, max-image-preview:large, max-video-preview:-1\" \/>\n<link rel=\"canonical\" href=\"https:\/\/coruna2018.redeacampa.org\/en\/events\/rocodromo-derribemos-los-muros-2\/\" \/>\n<meta property=\"og:locale\" content=\"en_US\" \/>\n<meta property=\"og:type\" content=\"article\" \/>\n<meta property=\"og:title\" content=\"Rock climbing wall: let&#039;s tear down the walls | Acampa 2018 - Pola paz e o dereito a refuxio\" \/>\n<meta property=\"og:description\" content=\"Organize: AMI Asociaci\u00f3n de Monta\u00f1eros Independientes &nbsp;\" \/>\n<meta property=\"og:url\" content=\"https:\/\/coruna2018.redeacampa.org\/en\/events\/rocodromo-derribemos-los-muros-2\/\" \/>\n<meta property=\"og:site_name\" content=\"Acampa 2018 - Pola paz e o dereito a refuxio\" \/>\n<meta property=\"article:modified_time\" content=\"2018-06-09T13:29:28+00:00\" \/>\n<meta property=\"og:image\" content=\"https:\/\/coruna2018.redeacampa.org\/wp-content\/uploads\/Rocodromo.jpg\" \/>\n\t<meta property=\"og:image:width\" content=\"2000\" \/>\n\t<meta property=\"og:image:height\" content=\"1500\" \/>\n\t<meta property=\"og:image:type\" content=\"image\/jpeg\" \/>\n<meta name=\"twitter:card\" content=\"summary_large_image\" \/>\n<script type=\"application\/ld+json\" class=\"yoast-schema-graph\">{\"@context\":\"https:\\\/\\\/schema.org\",\"@graph\":[{\"@type\":\"WebPage\",\"@id\":\"https:\\\/\\\/coruna2018.redeacampa.org\\\/en\\\/events\\\/rocodromo-derribemos-los-muros-2\\\/\",\"url\":\"https:\\\/\\\/coruna2018.redeacampa.org\\\/en\\\/events\\\/rocodromo-derribemos-los-muros-2\\\/\",\"name\":\"Rock climbing wall: let's tear down the walls | Acampa 2018 - Pola paz e o dereito a refuxio\",\"isPartOf\":{\"@id\":\"https:\\\/\\\/coruna2018.redeacampa.org\\\/en\\\/#website\"},\"primaryImageOfPage\":{\"@id\":\"https:\\\/\\\/coruna2018.redeacampa.org\\\/en\\\/events\\\/rocodromo-derribemos-los-muros-2\\\/#primaryimage\"},\"image\":{\"@id\":\"https:\\\/\\\/coruna2018.redeacampa.org\\\/en\\\/events\\\/rocodromo-derribemos-los-muros-2\\\/#primaryimage\"},\"thumbnailUrl\":\"https:\\\/\\\/coruna2018.redeacampa.org\\\/wp-content\\\/uploads\\\/Rocodromo.jpg\",\"datePublished\":\"2018-06-08T10:16:37+00:00\",\"dateModified\":\"2018-06-09T13:29:28+00:00\",\"breadcrumb\":{\"@id\":\"https:\\\/\\\/coruna2018.redeacampa.org\\\/en\\\/events\\\/rocodromo-derribemos-los-muros-2\\\/#breadcrumb\"},\"inLanguage\":\"en-US\",\"potentialAction\":[{\"@type\":\"ReadAction\",\"target\":[\"https:\\\/\\\/coruna2018.redeacampa.org\\\/en\\\/events\\\/rocodromo-derribemos-los-muros-2\\\/\"]}]},{\"@type\":\"ImageObject\",\"inLanguage\":\"en-US\",\"@id\":\"https:\\\/\\\/coruna2018.redeacampa.org\\\/en\\\/events\\\/rocodromo-derribemos-los-muros-2\\\/#primaryimage\",\"url\":\"https:\\\/\\\/coruna2018.redeacampa.org\\\/wp-content\\\/uploads\\\/Rocodromo.jpg\",\"contentUrl\":\"https:\\\/\\\/coruna2018.redeacampa.org\\\/wp-content\\\/uploads\\\/Rocodromo.jpg\",\"width\":2000,\"height\":1500,\"caption\":\"Roc\u00f3dromo\"},{\"@type\":\"BreadcrumbList\",\"@id\":\"https:\\\/\\\/coruna2018.redeacampa.org\\\/en\\\/events\\\/rocodromo-derribemos-los-muros-2\\\/#breadcrumb\",\"itemListElement\":[{\"@type\":\"ListItem\",\"position\":1,\"name\":\"Portada\",\"item\":\"https:\\\/\\\/coruna2018.redeacampa.org\\\/en\\\/\"},{\"@type\":\"ListItem\",\"position\":2,\"name\":\"Events\",\"item\":\"https:\\\/\\\/coruna2018.redeacampa.org\\\/en\\\/events\\\/\"},{\"@type\":\"ListItem\",\"position\":3,\"name\":\"Rock climbing wall: let&#8217;s tear down the walls\"}]},{\"@type\":\"WebSite\",\"@id\":\"https:\\\/\\\/coruna2018.redeacampa.org\\\/en\\\/#website\",\"url\":\"https:\\\/\\\/coruna2018.redeacampa.org\\\/en\\\/\",\"name\":\"Acampa 2018 - Pola paz e o dereito a refuxio\",\"description\":\"Unha iniciativa cidad\u00e1 sen fins de lucro integrada por colectivos sociais, culturais, educativos, veci\u00f1ais, pol\u00edticos, sindicais, art\u00edsticos, de persoas solidarias, de instituci\u00f3ns e empresas con responsabilidade social que te\u00f1en como obxectivo a defensa dos dereitos humanos, o Dereito Internacional Humanitario e o Dereito a Refuxio.\",\"potentialAction\":[{\"@type\":\"SearchAction\",\"target\":{\"@type\":\"EntryPoint\",\"urlTemplate\":\"https:\\\/\\\/coruna2018.redeacampa.org\\\/en\\\/?s={search_term_string}\"},\"query-input\":{\"@type\":\"PropertyValueSpecification\",\"valueRequired\":true,\"valueName\":\"search_term_string\"}}],\"inLanguage\":\"en-US\"}]}<\/script>\n<!-- \/ Yoast SEO plugin. -->","yoast_head_json":{"title":"Rock climbing wall: let's tear down the walls | Acampa 2018 - Pola paz e o dereito a refuxio","robots":{"index":"index","follow":"follow","max-snippet":"max-snippet:-1","max-image-preview":"max-image-preview:large","max-video-preview":"max-video-preview:-1"},"canonical":"https:\/\/coruna2018.redeacampa.org\/en\/events\/rocodromo-derribemos-los-muros-2\/","og_locale":"en_US","og_type":"article","og_title":"Rock climbing wall: let's tear down the walls | Acampa 2018 - Pola paz e o dereito a refuxio","og_description":"Organize: AMI Asociaci\u00f3n de Monta\u00f1eros Independientes &nbsp;","og_url":"https:\/\/coruna2018.redeacampa.org\/en\/events\/rocodromo-derribemos-los-muros-2\/","og_site_name":"Acampa 2018 - Pola paz e o dereito a refuxio","article_modified_time":"2018-06-09T13:29:28+00:00","og_image":[{"width":2000,"height":1500,"url":"https:\/\/coruna2018.redeacampa.org\/wp-content\/uploads\/Rocodromo.jpg","type":"image\/jpeg"}],"twitter_card":"summary_large_image","schema":{"@context":"https:\/\/schema.org","@graph":[{"@type":"WebPage","@id":"https:\/\/coruna2018.redeacampa.org\/en\/events\/rocodromo-derribemos-los-muros-2\/","url":"https:\/\/coruna2018.redeacampa.org\/en\/events\/rocodromo-derribemos-los-muros-2\/","name":"Rock climbing wall: let's tear down the walls | Acampa 2018 - Pola paz e o dereito a refuxio","isPartOf":{"@id":"https:\/\/coruna2018.redeacampa.org\/en\/#website"},"primaryImageOfPage":{"@id":"https:\/\/coruna2018.redeacampa.org\/en\/events\/rocodromo-derribemos-los-muros-2\/#primaryimage"},"image":{"@id":"https:\/\/coruna2018.redeacampa.org\/en\/events\/rocodromo-derribemos-los-muros-2\/#primaryimage"},"thumbnailUrl":"https:\/\/coruna2018.redeacampa.org\/wp-content\/uploads\/Rocodromo.jpg","datePublished":"2018-06-08T10:16:37+00:00","dateModified":"2018-06-09T13:29:28+00:00","breadcrumb":{"@id":"https:\/\/coruna2018.redeacampa.org\/en\/events\/rocodromo-derribemos-los-muros-2\/#breadcrumb"},"inLanguage":"en-US","potentialAction":[{"@type":"ReadAction","target":["https:\/\/coruna2018.redeacampa.org\/en\/events\/rocodromo-derribemos-los-muros-2\/"]}]},{"@type":"ImageObject","inLanguage":"en-US","@id":"https:\/\/coruna2018.redeacampa.org\/en\/events\/rocodromo-derribemos-los-muros-2\/#primaryimage","url":"https:\/\/coruna2018.redeacampa.org\/wp-content\/uploads\/Rocodromo.jpg","contentUrl":"https:\/\/coruna2018.redeacampa.org\/wp-content\/uploads\/Rocodromo.jpg","width":2000,"height":1500,"caption":"Roc\u00f3dromo"},{"@type":"BreadcrumbList","@id":"https:\/\/coruna2018.redeacampa.org\/en\/events\/rocodromo-derribemos-los-muros-2\/#breadcrumb","itemListElement":[{"@type":"ListItem","position":1,"name":"Portada","item":"https:\/\/coruna2018.redeacampa.org\/en\/"},{"@type":"ListItem","position":2,"name":"Events","item":"https:\/\/coruna2018.redeacampa.org\/en\/events\/"},{"@type":"ListItem","position":3,"name":"Rock climbing wall: let&#8217;s tear down the walls"}]},{"@type":"WebSite","@id":"https:\/\/coruna2018.redeacampa.org\/en\/#website","url":"https:\/\/coruna2018.redeacampa.org\/en\/","name":"Acampa 2018 - Pola paz e o dereito a refuxio","description":"Unha iniciativa cidad\u00e1 sen fins de lucro integrada por colectivos sociais, culturais, educativos, veci\u00f1ais, pol\u00edticos, sindicais, art\u00edsticos, de persoas solidarias, de instituci\u00f3ns e empresas con responsabilidade social que te\u00f1en como obxectivo a defensa dos dereitos humanos, o Dereito Internacional Humanitario e o Dereito a Refuxio.","potentialAction":[{"@type":"SearchAction","target":{"@type":"EntryPoint","urlTemplate":"https:\/\/coruna2018.redeacampa.org\/en\/?s={search_term_string}"},"query-input":{"@type":"PropertyValueSpecification","valueRequired":true,"valueName":"search_term_string"}}],"inLanguage":"en-US"}]}},"_links":{"self":[{"href":"https:\/\/coruna2018.redeacampa.org\/en\/wp-json\/wp\/v2\/ajde_events\/38892","targetHints":{"allow":["GET"]}}],"collection":[{"href":"https:\/\/coruna2018.redeacampa.org\/en\/wp-json\/wp\/v2\/ajde_events"}],"about":[{"href":"https:\/\/coruna2018.redeacampa.org\/en\/wp-json\/wp\/v2\/types\/ajde_events"}],"author":[{"embeddable":true,"href":"https:\/\/coruna2018.redeacampa.org\/en\/wp-json\/wp\/v2\/users\/2"}],"replies":[{"embeddable":true,"href":"https:\/\/coruna2018.redeacampa.org\/en\/wp-json\/wp\/v2\/comments?post=38892"}],"wp:featuredmedia":[{"embeddable":true,"href":"https:\/\/coruna2018.redeacampa.org\/en\/wp-json\/wp\/v2\/media\/38998"}],"wp:attachment":[{"href":"https:\/\/coruna2018.redeacampa.org\/en\/wp-json\/wp\/v2\/media?parent=38892"}],"wp:term":[{"taxonomy":"post_tag","embeddable":true,"href":"https:\/\/coruna2018.redeacampa.org\/en\/wp-json\/wp\/v2\/tags?post=38892"},{"taxonomy":"event_type","embeddable":true,"href":"https:\/\/coruna2018.redeacampa.org\/en\/wp-json\/wp\/v2\/event_type?post=38892"},{"taxonomy":"event_type_2","embeddable":true,"href":"https:\/\/coruna2018.redeacampa.org\/en\/wp-json\/wp\/v2\/event_type_2?post=38892"}],"curies":[{"name":"wp","href":"https:\/\/api.w.org\/{rel}","templated":true}]}}

<blockquote><p><span id="result_box" class="short_text" lang="en"><span class="">Organize</span></span>: AMI Asociación de Montañeros Independientes</p></blockquote>
<div id="attachment_38996" style="width: 310px" class="wp-caption alignnone"><a href="http://amimontanismo.es/"><img loading="lazy" decoding="async" aria-describedby="caption-attachment-38996" class="size-medium wp-image-38996" src="/wp-content/uploads/ami-300x150.jpg" alt="Asociación de Montañeros Independientes" width="300" height="150" /></a><p id="caption-attachment-38996" class="wp-caption-text">Asociación de Montañeros Independientes</p></div>
<p>&nbsp;</p>

<!-- This site is optimized with the Yoast SEO plugin v27.4 - https://yoast.com/product/yoast-seo-wordpress/ -->
<title>Rock climbing wall: let&#039;s tear down the walls | Acampa 2018 - Pola paz e o dereito a refuxio</title>
<meta name="robots" content="index, follow, max-snippet:-1, max-image-preview:large, max-video-preview:-1" />
<link rel="canonical" href="https://coruna2018.redeacampa.org/en/events/rocodromo-derribemos-los-muros-2/" />
<meta property="og:locale" content="en_US" />
<meta property="og:type" content="article" />
<meta property="og:title" content="Rock climbing wall: let&#039;s tear down the walls | Acampa 2018 - Pola paz e o dereito a refuxio" />
<meta property="og:description" content="Organize: AMI Asociación de Montañeros Independientes &nbsp;" />
<meta property="og:url" content="https://coruna2018.redeacampa.org/en/events/rocodromo-derribemos-los-muros-2/" />
<meta property="og:site_name" content="Acampa 2018 - Pola paz e o dereito a refuxio" />
<meta property="article:modified_time" content="2018-06-09T13:29:28+00:00" />
<meta property="og:image" content="https://coruna2018.redeacampa.org/wp-content/uploads/Rocodromo.jpg" />
	<meta property="og:image:width" content="2000" />
	<meta property="og:image:height" content="1500" />
	<meta property="og:image:type" content="image/jpeg" />
<meta name="twitter:card" content="summary_large_image" />
<script type="application/ld+json" class="yoast-schema-graph">{"@context":"https:\/\/schema.org","@graph":[{"@type":"WebPage","@id":"https:\/\/coruna2018.redeacampa.org\/en\/events\/rocodromo-derribemos-los-muros-2\/","url":"https:\/\/coruna2018.redeacampa.org\/en\/events\/rocodromo-derribemos-los-muros-2\/","name":"Rock climbing wall: let's tear down the walls | Acampa 2018 - Pola paz e o dereito a refuxio","isPartOf":{"@id":"https:\/\/coruna2018.redeacampa.org\/en\/#website"},"primaryImageOfPage":{"@id":"https:\/\/coruna2018.redeacampa.org\/en\/events\/rocodromo-derribemos-los-muros-2\/#primaryimage"},"image":{"@id":"https:\/\/coruna2018.redeacampa.org\/en\/events\/rocodromo-derribemos-los-muros-2\/#primaryimage"},"thumbnailUrl":"https:\/\/coruna2018.redeacampa.org\/wp-content\/uploads\/Rocodromo.jpg","datePublished":"2018-06-08T10:16:37+00:00","dateModified":"2018-06-09T13:29:28+00:00","breadcrumb":{"@id":"https:\/\/coruna2018.redeacampa.org\/en\/events\/rocodromo-derribemos-los-muros-2\/#breadcrumb"},"inLanguage":"en-US","potentialAction":[{"@type":"ReadAction","target":["https:\/\/coruna2018.redeacampa.org\/en\/events\/rocodromo-derribemos-los-muros-2\/"]}]},{"@type":"ImageObject","inLanguage":"en-US","@id":"https:\/\/coruna2018.redeacampa.org\/en\/events\/rocodromo-derribemos-los-muros-2\/#primaryimage","url":"https:\/\/coruna2018.redeacampa.org\/wp-content\/uploads\/Rocodromo.jpg","contentUrl":"https:\/\/coruna2018.redeacampa.org\/wp-content\/uploads\/Rocodromo.jpg","width":2000,"height":1500,"caption":"Rocódromo"},{"@type":"BreadcrumbList","@id":"https:\/\/coruna2018.redeacampa.org\/en\/events\/rocodromo-derribemos-los-muros-2\/#breadcrumb","itemListElement":[{"@type":"ListItem","position":1,"name":"Portada","item":"https:\/\/coruna2018.redeacampa.org\/en\/"},{"@type":"ListItem","position":2,"name":"Events","item":"https:\/\/coruna2018.redeacampa.org\/en\/events\/"},{"@type":"ListItem","position":3,"name":"Rock climbing wall: let&#8217;s tear down the walls"}]},{"@type":"WebSite","@id":"https:\/\/coruna2018.redeacampa.org\/en\/#website","url":"https:\/\/coruna2018.redeacampa.org\/en\/","name":"Acampa 2018 - Pola paz e o dereito a refuxio","description":"Unha iniciativa cidadá sen fins de lucro integrada por colectivos sociais, culturais, educativos, veciñais, políticos, sindicais, artísticos, de persoas solidarias, de institucións e empresas con responsabilidade social que teñen como obxectivo a defensa dos dereitos humanos, o Dereito Internacional Humanitario e o Dereito a Refuxio.","potentialAction":[{"@type":"SearchAction","target":{"@type":"EntryPoint","urlTemplate":"https:\/\/coruna2018.redeacampa.org\/en\/?s={search_term_string}"},"query-input":{"@type":"PropertyValueSpecification","valueRequired":true,"valueName":"search_term_string"}}],"inLanguage":"en-US"}]}</script>
<!-- / Yoast SEO plugin. -->

Organize: AMI Asociación de Montañeros Independientes &nbsp;

Rocódromo

Unha iniciativa cidadá sen fins de lucro integrada por colectivos sociais, culturais, educativos, veciñais, políticos, sindicais, artísticos, de persoas solidarias, de institucións e empresas con responsabilidade social que teñen como obxectivo a defensa dos dereitos humanos, o Dereito Internacional Humanitario e o Dereito a Refuxio.
