{"id":38754,"date":"2018-06-07T09:50:21","date_gmt":"2018-06-07T07:50:21","guid":{"rendered":"https:\/\/www.acampa.eu\/events\/exit\/"},"modified":"2018-06-11T14:35:04","modified_gmt":"2018-06-11T12:35:04","slug":"exit","status":"publish","type":"ajde_events","link":"https:\/\/coruna2018.redeacampa.org\/en\/events\/exit\/","title":{"rendered":"Exit"},"content":{"rendered":"<div class=\"eventon_desc_in\">\n<div class=\"page\" title=\"Page 2\">\n<div class=\"layoutArea\">\n<div class=\"column\">\n<h2><strong>EXIT<\/strong><\/h2>\n<p><img loading=\"lazy\" decoding=\"async\" class=\"alignnone wp-image-39049 size-medium\" src=\"\/wp-content\/uploads\/EXIT-3-214x300.jpg\" alt=\"EXIT\" width=\"214\" height=\"300\" srcset=\"https:\/\/coruna2018.redeacampa.org\/wp-content\/uploads\/EXIT-3-214x300.jpg 214w, https:\/\/coruna2018.redeacampa.org\/wp-content\/uploads\/EXIT-3.jpg 685w\" sizes=\"(max-width: 214px) 100vw, 214px\" \/><\/p>\n<p>It is a band of versions born in 2008. It was originally created to be the resident group of the prestigious Mardi Gras hall in A Coru\u00f1a, one of the most important live music clubs in Spain. It is there where he has developed most of his activity, playing every Thursday night and reaping multiple full and legion of fans. It is also worth mentioning its participation in festivals and events such as the Northwest Pop Rock or the Nordestazo of Malpica.<\/p>\n<p>The EXIT repertoire, which currently includes more than 250 tracks, is full of rock classics from different decades of history. All of them anthems that transport the audience to the best times of the great rock bands.<\/p>\n<p>Their sound, pure and refined, has made them one of the best and most reputable bands of current versions, a fact that is backed by the loyalty of an audience that has made them the only survivors of the stable programming in the scene of live music halls in A Coru\u00f1a.<\/p>\n<p>Many have been the cri\u0301ticas that have left evidence of the good work of the band, some of them included in newspapers such as La Opini\u00f3n or La Voz de Galicia, or in specialized websites such as empuje.net or Underworld Corun\u0303a.<\/p>\n<p>Bowie, Kiss, AC\/DC, Rolling Stones, Ramones, Led Zeppelin, Hendrix&#8230; are just some of the artists that EXIT brings to the stage in their performances, making them a true ecstasy for any music lover.<\/p>\n<p>The current band consists of Ton Eir\u00edn on lead vocals, guitar and harmonica, JC Nogueira on guitar and vocals, Lago Doval on drums and Miguel Su\u00e1rez on bass and vocals.<\/p>\n<div class=\"column\">\n<p><strong>Enlaces Web<br \/>\n<\/strong><\/p>\n<\/div>\n<div class=\"page\" title=\"Page 4\">\n<div class=\"layoutArea\">\n<div class=\"column\">\n<p><a href=\"http:\/\/www.salamardigras.com\">www.salamardigras.com<\/a><br \/>\n<a href=\"http:\/\/www.facebook.com\/exitrocks\">www.facebook.com\/exitrocks<\/a><\/p>\n<p><strong>Enlaces de V\u00eddeo<br \/>\n<\/strong><\/p>\n<p><a href=\"http:\/\/www.youtube.com\/playlist?list=PLmGwfexukKYd8ESJRnxSeG3gyotWo7ScP\">http:\/\/www.youtube.com\/playlist?list=PLmGwfexukKYd8ESJRnxSeG3gyotWo7ScP<\/a><br \/>\n<a href=\"http:\/\/www.youtube.com\/playlist?list=PLmGwfexukKYcXVBMEToEpNfHWzv5J64iK\">http:\/\/www.youtube.com\/playlist?list=PLmGwfexukKYcXVBMEToEpNfHWzv5J64iK<\/a><br \/>\n<a href=\"https:\/\/www.youtube.com\/watch?v=o-sz-o8i-Pc\">https:\/\/www.youtube.com\/watch?v=o-sz-o8i-Pc<\/a><\/p>\n<\/div>\n<\/div>\n<\/div>\n<\/div>\n<\/div>\n<\/div>\n<\/div>\n","protected":false},"author":2,"featured_media":39043,"menu_order":0,"comment_status":"open","ping_status":"closed","template":"","meta":{"_et_pb_use_builder":"","_et_pb_old_content":"","_et_gb_content_width":"","inline_featured_image":false},"tags":[],"event_type":[177,161,106],"event_type_2":[],"class_list":["post-38754","ajde_events","type-ajde_events","status-publish","has-post-thumbnail","hentry","event_location-carpa-central-en","event_type-14-06-18-en","event_type-2018-conciertos-en","event_type-2018-program-en"],"yoast_head":"<!-- This site is optimized with the Yoast SEO plugin v27.4 - https:\/\/yoast.com\/product\/yoast-seo-wordpress\/ -->\n<title>Exit | Acampa 2018 - Pola paz e o dereito a refuxio<\/title>\n<meta name=\"robots\" content=\"index, follow, max-snippet:-1, max-image-preview:large, max-video-preview:-1\" \/>\n<link rel=\"canonical\" href=\"https:\/\/coruna2018.redeacampa.org\/en\/events\/exit\/\" \/>\n<meta property=\"og:locale\" content=\"en_US\" \/>\n<meta property=\"og:type\" content=\"article\" \/>\n<meta property=\"og:title\" content=\"Exit | Acampa 2018 - Pola paz e o dereito a refuxio\" \/>\n<meta property=\"og:description\" content=\"EXIT It is a band of versions born in 2008. It was originally created to be the resident group of the prestigious Mardi Gras hall in A Coru\u00f1a, one of the most important live music clubs in Spain. It is there where he has developed most of his activity, playing every Thursday night and reaping [&hellip;]\" \/>\n<meta property=\"og:url\" content=\"https:\/\/coruna2018.redeacampa.org\/en\/events\/exit\/\" \/>\n<meta property=\"og:site_name\" content=\"Acampa 2018 - Pola paz e o dereito a refuxio\" \/>\n<meta property=\"article:modified_time\" content=\"2018-06-11T12:35:04+00:00\" \/>\n<meta property=\"og:image\" content=\"https:\/\/coruna2018.redeacampa.org\/wp-content\/uploads\/exit-1-724x1024.jpg\" \/>\n\t<meta property=\"og:image:width\" content=\"724\" \/>\n\t<meta property=\"og:image:height\" content=\"1024\" \/>\n\t<meta property=\"og:image:type\" content=\"image\/jpeg\" \/>\n<meta name=\"twitter:card\" content=\"summary_large_image\" \/>\n<meta name=\"twitter:label1\" content=\"Est. reading time\" \/>\n\t<meta name=\"twitter:data1\" content=\"2 minutes\" \/>\n<script type=\"application\/ld+json\" class=\"yoast-schema-graph\">{\"@context\":\"https:\\\/\\\/schema.org\",\"@graph\":[{\"@type\":\"WebPage\",\"@id\":\"https:\\\/\\\/coruna2018.redeacampa.org\\\/en\\\/events\\\/exit\\\/\",\"url\":\"https:\\\/\\\/coruna2018.redeacampa.org\\\/en\\\/events\\\/exit\\\/\",\"name\":\"Exit | Acampa 2018 - Pola paz e o dereito a refuxio\",\"isPartOf\":{\"@id\":\"https:\\\/\\\/coruna2018.redeacampa.org\\\/en\\\/#website\"},\"primaryImageOfPage\":{\"@id\":\"https:\\\/\\\/coruna2018.redeacampa.org\\\/en\\\/events\\\/exit\\\/#primaryimage\"},\"image\":{\"@id\":\"https:\\\/\\\/coruna2018.redeacampa.org\\\/en\\\/events\\\/exit\\\/#primaryimage\"},\"thumbnailUrl\":\"https:\\\/\\\/coruna2018.redeacampa.org\\\/wp-content\\\/uploads\\\/exit-1.jpg\",\"datePublished\":\"2018-06-07T07:50:21+00:00\",\"dateModified\":\"2018-06-11T12:35:04+00:00\",\"breadcrumb\":{\"@id\":\"https:\\\/\\\/coruna2018.redeacampa.org\\\/en\\\/events\\\/exit\\\/#breadcrumb\"},\"inLanguage\":\"en-US\",\"potentialAction\":[{\"@type\":\"ReadAction\",\"target\":[\"https:\\\/\\\/coruna2018.redeacampa.org\\\/en\\\/events\\\/exit\\\/\"]}]},{\"@type\":\"ImageObject\",\"inLanguage\":\"en-US\",\"@id\":\"https:\\\/\\\/coruna2018.redeacampa.org\\\/en\\\/events\\\/exit\\\/#primaryimage\",\"url\":\"https:\\\/\\\/coruna2018.redeacampa.org\\\/wp-content\\\/uploads\\\/exit-1.jpg\",\"contentUrl\":\"https:\\\/\\\/coruna2018.redeacampa.org\\\/wp-content\\\/uploads\\\/exit-1.jpg\",\"width\":2480,\"height\":3508,\"caption\":\"EXIT\"},{\"@type\":\"BreadcrumbList\",\"@id\":\"https:\\\/\\\/coruna2018.redeacampa.org\\\/en\\\/events\\\/exit\\\/#breadcrumb\",\"itemListElement\":[{\"@type\":\"ListItem\",\"position\":1,\"name\":\"Portada\",\"item\":\"https:\\\/\\\/coruna2018.redeacampa.org\\\/en\\\/\"},{\"@type\":\"ListItem\",\"position\":2,\"name\":\"Events\",\"item\":\"https:\\\/\\\/coruna2018.redeacampa.org\\\/en\\\/events\\\/\"},{\"@type\":\"ListItem\",\"position\":3,\"name\":\"Exit\"}]},{\"@type\":\"WebSite\",\"@id\":\"https:\\\/\\\/coruna2018.redeacampa.org\\\/en\\\/#website\",\"url\":\"https:\\\/\\\/coruna2018.redeacampa.org\\\/en\\\/\",\"name\":\"Acampa 2018 - Pola paz e o dereito a refuxio\",\"description\":\"Unha iniciativa cidad\u00e1 sen fins de lucro integrada por colectivos sociais, culturais, educativos, veci\u00f1ais, pol\u00edticos, sindicais, art\u00edsticos, de persoas solidarias, de instituci\u00f3ns e empresas con responsabilidade social que te\u00f1en como obxectivo a defensa dos dereitos humanos, o Dereito Internacional Humanitario e o Dereito a Refuxio.\",\"potentialAction\":[{\"@type\":\"SearchAction\",\"target\":{\"@type\":\"EntryPoint\",\"urlTemplate\":\"https:\\\/\\\/coruna2018.redeacampa.org\\\/en\\\/?s={search_term_string}\"},\"query-input\":{\"@type\":\"PropertyValueSpecification\",\"valueRequired\":true,\"valueName\":\"search_term_string\"}}],\"inLanguage\":\"en-US\"}]}<\/script>\n<!-- \/ Yoast SEO plugin. -->","yoast_head_json":{"title":"Exit | Acampa 2018 - Pola paz e o dereito a refuxio","robots":{"index":"index","follow":"follow","max-snippet":"max-snippet:-1","max-image-preview":"max-image-preview:large","max-video-preview":"max-video-preview:-1"},"canonical":"https:\/\/coruna2018.redeacampa.org\/en\/events\/exit\/","og_locale":"en_US","og_type":"article","og_title":"Exit | Acampa 2018 - Pola paz e o dereito a refuxio","og_description":"EXIT It is a band of versions born in 2008. It was originally created to be the resident group of the prestigious Mardi Gras hall in A Coru\u00f1a, one of the most important live music clubs in Spain. It is there where he has developed most of his activity, playing every Thursday night and reaping [&hellip;]","og_url":"https:\/\/coruna2018.redeacampa.org\/en\/events\/exit\/","og_site_name":"Acampa 2018 - Pola paz e o dereito a refuxio","article_modified_time":"2018-06-11T12:35:04+00:00","og_image":[{"width":724,"height":1024,"url":"https:\/\/coruna2018.redeacampa.org\/wp-content\/uploads\/exit-1-724x1024.jpg","type":"image\/jpeg"}],"twitter_card":"summary_large_image","twitter_misc":{"Est. reading time":"2 minutes"},"schema":{"@context":"https:\/\/schema.org","@graph":[{"@type":"WebPage","@id":"https:\/\/coruna2018.redeacampa.org\/en\/events\/exit\/","url":"https:\/\/coruna2018.redeacampa.org\/en\/events\/exit\/","name":"Exit | Acampa 2018 - Pola paz e o dereito a refuxio","isPartOf":{"@id":"https:\/\/coruna2018.redeacampa.org\/en\/#website"},"primaryImageOfPage":{"@id":"https:\/\/coruna2018.redeacampa.org\/en\/events\/exit\/#primaryimage"},"image":{"@id":"https:\/\/coruna2018.redeacampa.org\/en\/events\/exit\/#primaryimage"},"thumbnailUrl":"https:\/\/coruna2018.redeacampa.org\/wp-content\/uploads\/exit-1.jpg","datePublished":"2018-06-07T07:50:21+00:00","dateModified":"2018-06-11T12:35:04+00:00","breadcrumb":{"@id":"https:\/\/coruna2018.redeacampa.org\/en\/events\/exit\/#breadcrumb"},"inLanguage":"en-US","potentialAction":[{"@type":"ReadAction","target":["https:\/\/coruna2018.redeacampa.org\/en\/events\/exit\/"]}]},{"@type":"ImageObject","inLanguage":"en-US","@id":"https:\/\/coruna2018.redeacampa.org\/en\/events\/exit\/#primaryimage","url":"https:\/\/coruna2018.redeacampa.org\/wp-content\/uploads\/exit-1.jpg","contentUrl":"https:\/\/coruna2018.redeacampa.org\/wp-content\/uploads\/exit-1.jpg","width":2480,"height":3508,"caption":"EXIT"},{"@type":"BreadcrumbList","@id":"https:\/\/coruna2018.redeacampa.org\/en\/events\/exit\/#breadcrumb","itemListElement":[{"@type":"ListItem","position":1,"name":"Portada","item":"https:\/\/coruna2018.redeacampa.org\/en\/"},{"@type":"ListItem","position":2,"name":"Events","item":"https:\/\/coruna2018.redeacampa.org\/en\/events\/"},{"@type":"ListItem","position":3,"name":"Exit"}]},{"@type":"WebSite","@id":"https:\/\/coruna2018.redeacampa.org\/en\/#website","url":"https:\/\/coruna2018.redeacampa.org\/en\/","name":"Acampa 2018 - Pola paz e o dereito a refuxio","description":"Unha iniciativa cidad\u00e1 sen fins de lucro integrada por colectivos sociais, culturais, educativos, veci\u00f1ais, pol\u00edticos, sindicais, art\u00edsticos, de persoas solidarias, de instituci\u00f3ns e empresas con responsabilidade social que te\u00f1en como obxectivo a defensa dos dereitos humanos, o Dereito Internacional Humanitario e o Dereito a Refuxio.","potentialAction":[{"@type":"SearchAction","target":{"@type":"EntryPoint","urlTemplate":"https:\/\/coruna2018.redeacampa.org\/en\/?s={search_term_string}"},"query-input":{"@type":"PropertyValueSpecification","valueRequired":true,"valueName":"search_term_string"}}],"inLanguage":"en-US"}]}},"_links":{"self":[{"href":"https:\/\/coruna2018.redeacampa.org\/en\/wp-json\/wp\/v2\/ajde_events\/38754","targetHints":{"allow":["GET"]}}],"collection":[{"href":"https:\/\/coruna2018.redeacampa.org\/en\/wp-json\/wp\/v2\/ajde_events"}],"about":[{"href":"https:\/\/coruna2018.redeacampa.org\/en\/wp-json\/wp\/v2\/types\/ajde_events"}],"author":[{"embeddable":true,"href":"https:\/\/coruna2018.redeacampa.org\/en\/wp-json\/wp\/v2\/users\/2"}],"replies":[{"embeddable":true,"href":"https:\/\/coruna2018.redeacampa.org\/en\/wp-json\/wp\/v2\/comments?post=38754"}],"wp:featuredmedia":[{"embeddable":true,"href":"https:\/\/coruna2018.redeacampa.org\/en\/wp-json\/wp\/v2\/media\/39043"}],"wp:attachment":[{"href":"https:\/\/coruna2018.redeacampa.org\/en\/wp-json\/wp\/v2\/media?parent=38754"}],"wp:term":[{"taxonomy":"post_tag","embeddable":true,"href":"https:\/\/coruna2018.redeacampa.org\/en\/wp-json\/wp\/v2\/tags?post=38754"},{"taxonomy":"event_type","embeddable":true,"href":"https:\/\/coruna2018.redeacampa.org\/en\/wp-json\/wp\/v2\/event_type?post=38754"},{"taxonomy":"event_type_2","embeddable":true,"href":"https:\/\/coruna2018.redeacampa.org\/en\/wp-json\/wp\/v2\/event_type_2?post=38754"}],"curies":[{"name":"wp","href":"https:\/\/api.w.org\/{rel}","templated":true}]}}

<div class="eventon_desc_in">
<div class="page" title="Page 2">
<div class="layoutArea">
<div class="column">
<h2><strong>EXIT</strong></h2>
<p><img loading="lazy" decoding="async" class="alignnone wp-image-39049 size-medium" src="/wp-content/uploads/EXIT-3-214x300.jpg" alt="EXIT" width="214" height="300" srcset="https://coruna2018.redeacampa.org/wp-content/uploads/EXIT-3-214x300.jpg 214w, https://coruna2018.redeacampa.org/wp-content/uploads/EXIT-3.jpg 685w" sizes="(max-width: 214px) 100vw, 214px" /></p>
<p>It is a band of versions born in 2008. It was originally created to be the resident group of the prestigious Mardi Gras hall in A Coruña, one of the most important live music clubs in Spain. It is there where he has developed most of his activity, playing every Thursday night and reaping multiple full and legion of fans. It is also worth mentioning its participation in festivals and events such as the Northwest Pop Rock or the Nordestazo of Malpica.</p>
<p>The EXIT repertoire, which currently includes more than 250 tracks, is full of rock classics from different decades of history. All of them anthems that transport the audience to the best times of the great rock bands.</p>
<p>Their sound, pure and refined, has made them one of the best and most reputable bands of current versions, a fact that is backed by the loyalty of an audience that has made them the only survivors of the stable programming in the scene of live music halls in A Coruña.</p>
<p>Many have been the críticas that have left evidence of the good work of the band, some of them included in newspapers such as La Opinión or La Voz de Galicia, or in specialized websites such as empuje.net or Underworld Coruña.</p>
<p>Bowie, Kiss, AC/DC, Rolling Stones, Ramones, Led Zeppelin, Hendrix&#8230; are just some of the artists that EXIT brings to the stage in their performances, making them a true ecstasy for any music lover.</p>
<p>The current band consists of Ton Eirín on lead vocals, guitar and harmonica, JC Nogueira on guitar and vocals, Lago Doval on drums and Miguel Suárez on bass and vocals.</p>
<div class="column">
<p><strong>Enlaces Web<br />
</strong></p>
</div>
<div class="page" title="Page 4">
<div class="layoutArea">
<div class="column">
<p><a href="http://www.salamardigras.com">www.salamardigras.com</a><br />
<a href="http://www.facebook.com/exitrocks">www.facebook.com/exitrocks</a></p>
<p><strong>Enlaces de Vídeo<br />
</strong></p>
<p><a href="http://www.youtube.com/playlist?list=PLmGwfexukKYd8ESJRnxSeG3gyotWo7ScP">http://www.youtube.com/playlist?list=PLmGwfexukKYd8ESJRnxSeG3gyotWo7ScP</a><br />
<a href="http://www.youtube.com/playlist?list=PLmGwfexukKYcXVBMEToEpNfHWzv5J64iK">http://www.youtube.com/playlist?list=PLmGwfexukKYcXVBMEToEpNfHWzv5J64iK</a><br />
<a href="https://www.youtube.com/watch?v=o-sz-o8i-Pc">https://www.youtube.com/watch?v=o-sz-o8i-Pc</a></p>
</div>
</div>
</div>
</div>
</div>
</div>
</div>

<!-- This site is optimized with the Yoast SEO plugin v27.4 - https://yoast.com/product/yoast-seo-wordpress/ -->
<title>Exit | Acampa 2018 - Pola paz e o dereito a refuxio</title>
<meta name="robots" content="index, follow, max-snippet:-1, max-image-preview:large, max-video-preview:-1" />
<link rel="canonical" href="https://coruna2018.redeacampa.org/en/events/exit/" />
<meta property="og:locale" content="en_US" />
<meta property="og:type" content="article" />
<meta property="og:title" content="Exit | Acampa 2018 - Pola paz e o dereito a refuxio" />
<meta property="og:description" content="EXIT It is a band of versions born in 2008. It was originally created to be the resident group of the prestigious Mardi Gras hall in A Coruña, one of the most important live music clubs in Spain. It is there where he has developed most of his activity, playing every Thursday night and reaping [&hellip;]" />
<meta property="og:url" content="https://coruna2018.redeacampa.org/en/events/exit/" />
<meta property="og:site_name" content="Acampa 2018 - Pola paz e o dereito a refuxio" />
<meta property="article:modified_time" content="2018-06-11T12:35:04+00:00" />
<meta property="og:image" content="https://coruna2018.redeacampa.org/wp-content/uploads/exit-1-724x1024.jpg" />
	<meta property="og:image:width" content="724" />
	<meta property="og:image:height" content="1024" />
	<meta property="og:image:type" content="image/jpeg" />
<meta name="twitter:card" content="summary_large_image" />
<meta name="twitter:label1" content="Est. reading time" />
	<meta name="twitter:data1" content="2 minutes" />
<script type="application/ld+json" class="yoast-schema-graph">{"@context":"https:\/\/schema.org","@graph":[{"@type":"WebPage","@id":"https:\/\/coruna2018.redeacampa.org\/en\/events\/exit\/","url":"https:\/\/coruna2018.redeacampa.org\/en\/events\/exit\/","name":"Exit | Acampa 2018 - Pola paz e o dereito a refuxio","isPartOf":{"@id":"https:\/\/coruna2018.redeacampa.org\/en\/#website"},"primaryImageOfPage":{"@id":"https:\/\/coruna2018.redeacampa.org\/en\/events\/exit\/#primaryimage"},"image":{"@id":"https:\/\/coruna2018.redeacampa.org\/en\/events\/exit\/#primaryimage"},"thumbnailUrl":"https:\/\/coruna2018.redeacampa.org\/wp-content\/uploads\/exit-1.jpg","datePublished":"2018-06-07T07:50:21+00:00","dateModified":"2018-06-11T12:35:04+00:00","breadcrumb":{"@id":"https:\/\/coruna2018.redeacampa.org\/en\/events\/exit\/#breadcrumb"},"inLanguage":"en-US","potentialAction":[{"@type":"ReadAction","target":["https:\/\/coruna2018.redeacampa.org\/en\/events\/exit\/"]}]},{"@type":"ImageObject","inLanguage":"en-US","@id":"https:\/\/coruna2018.redeacampa.org\/en\/events\/exit\/#primaryimage","url":"https:\/\/coruna2018.redeacampa.org\/wp-content\/uploads\/exit-1.jpg","contentUrl":"https:\/\/coruna2018.redeacampa.org\/wp-content\/uploads\/exit-1.jpg","width":2480,"height":3508,"caption":"EXIT"},{"@type":"BreadcrumbList","@id":"https:\/\/coruna2018.redeacampa.org\/en\/events\/exit\/#breadcrumb","itemListElement":[{"@type":"ListItem","position":1,"name":"Portada","item":"https:\/\/coruna2018.redeacampa.org\/en\/"},{"@type":"ListItem","position":2,"name":"Events","item":"https:\/\/coruna2018.redeacampa.org\/en\/events\/"},{"@type":"ListItem","position":3,"name":"Exit"}]},{"@type":"WebSite","@id":"https:\/\/coruna2018.redeacampa.org\/en\/#website","url":"https:\/\/coruna2018.redeacampa.org\/en\/","name":"Acampa 2018 - Pola paz e o dereito a refuxio","description":"Unha iniciativa cidadá sen fins de lucro integrada por colectivos sociais, culturais, educativos, veciñais, políticos, sindicais, artísticos, de persoas solidarias, de institucións e empresas con responsabilidade social que teñen como obxectivo a defensa dos dereitos humanos, o Dereito Internacional Humanitario e o Dereito a Refuxio.","potentialAction":[{"@type":"SearchAction","target":{"@type":"EntryPoint","urlTemplate":"https:\/\/coruna2018.redeacampa.org\/en\/?s={search_term_string}"},"query-input":{"@type":"PropertyValueSpecification","valueRequired":true,"valueName":"search_term_string"}}],"inLanguage":"en-US"}]}</script>
<!-- / Yoast SEO plugin. -->

EXIT It is a band of versions born in 2008. It was originally created to be the resident group of the prestigious Mardi Gras hall in A Coruña, one of the most important live music clubs in Spain. It is there where he has developed most of his activity, playing every Thursday night and reaping [&hellip;]

Unha iniciativa cidadá sen fins de lucro integrada por colectivos sociais, culturais, educativos, veciñais, políticos, sindicais, artísticos, de persoas solidarias, de institucións e empresas con responsabilidade social que teñen como obxectivo a defensa dos dereitos humanos, o Dereito Internacional Humanitario e o Dereito a Refuxio.
