{"id":37758,"date":"2018-05-13T18:42:39","date_gmt":"2018-05-13T16:42:39","guid":{"rendered":"https:\/\/www.acampa.eu\/events\/james-wihtlow-delano\/"},"modified":"2018-06-02T10:14:28","modified_gmt":"2018-06-02T08:14:28","slug":"fragile","status":"publish","type":"ajde_events","link":"https:\/\/coruna2018.redeacampa.org\/en\/events\/fragile\/","title":{"rendered":"Fragile"},"content":{"rendered":"<blockquote><p>Juan Pablo Moreiras \u2013 Fragile<\/p><\/blockquote>\n<p>We live on a planet that has been restlessly changing for 4,500 million years, but the great environmental impact that human development is making on its own habitat is accelerating a growing imbalance between human beings and at the same time between them and the rest of living creatures. Human is the only animal that destroys the natural environment where he lives, thanks to his extraordinary capacity to modify it and adapt it to his needs. While reaching an overwhelming success for himself, he deeply alters its environment at great speed, even endangering his own future as a species. In his expansion he pollutes water, air and soil.<\/p>\n<p>Three out of four primate species will become extinct in the next 50 years. The main cause is agriculture, followed by logging, livestock and hunting. Between 1990 and 2010, agricultural practices have consumed 1.5 million square kilometres of their habitats, three times the total area of \u200b\u200bSpain. The orangutan has lost 60% of its habitat in just two decades due to the felling for the oil palm plantation. The only way to avoid this extinction is to develop local economies in tropical countries, reduce consumption rates in developed countries and protect the forests worldwide.<\/p>\n<p>Over the next few years, millions of people will be forced to leave their homes due to environmental upsets. Deforestation, drought, natural catastrophes, desertification, pollution, loss of biological diversity, unbalanced exploitation of natural resources\u2026 Too often, people live in places with a great abundance of natural resources but with unsustainable poverty rates. The exploitation of these resources by rich societies that demand them with voracity occurs irresponsibly and unfairly, and is the cause of many inequalities that cause poverty, hunger, war and ignorance.<\/p>\n","protected":false},"author":2,"featured_media":38193,"menu_order":0,"comment_status":"open","ping_status":"closed","template":"","meta":{"_et_pb_use_builder":"","_et_pb_old_content":"","_et_gb_content_width":"","inline_featured_image":false},"tags":[],"event_type":[164,106,170],"event_type_2":[],"class_list":["post-37758","ajde_events","type-ajde_events","status-publish","has-post-thumbnail","hentry","event_location-outdoor-cantones-en","event_type-16-06-18-en","event_type-2018-program-en","event_type-2018-visitas-guiadas-en"],"yoast_head":"<!-- This site is optimized with the Yoast SEO plugin v27.4 - https:\/\/yoast.com\/product\/yoast-seo-wordpress\/ -->\n<title>Fragile | Acampa 2018 - Pola paz e o dereito a refuxio<\/title>\n<meta name=\"robots\" content=\"index, follow, max-snippet:-1, max-image-preview:large, max-video-preview:-1\" \/>\n<link rel=\"canonical\" href=\"https:\/\/coruna2018.redeacampa.org\/en\/events\/fragile\/\" \/>\n<meta property=\"og:locale\" content=\"en_US\" \/>\n<meta property=\"og:type\" content=\"article\" \/>\n<meta property=\"og:title\" content=\"Fragile | Acampa 2018 - Pola paz e o dereito a refuxio\" \/>\n<meta property=\"og:description\" content=\"Juan Pablo Moreiras \u2013 Fragile We live on a planet that has been restlessly changing for 4,500 million years, but the great environmental impact that human development is making on its own habitat is accelerating a growing imbalance between human beings and at the same time between them and the rest of living creatures. Human [&hellip;]\" \/>\n<meta property=\"og:url\" content=\"https:\/\/coruna2018.redeacampa.org\/en\/events\/fragile\/\" \/>\n<meta property=\"og:site_name\" content=\"Acampa 2018 - Pola paz e o dereito a refuxio\" \/>\n<meta property=\"article:modified_time\" content=\"2018-06-02T08:14:28+00:00\" \/>\n<meta property=\"og:image\" content=\"https:\/\/coruna2018.redeacampa.org\/wp-content\/uploads\/JuanPabloMoreiras.jpg\" \/>\n\t<meta property=\"og:image:width\" content=\"600\" \/>\n\t<meta property=\"og:image:height\" content=\"394\" \/>\n\t<meta property=\"og:image:type\" content=\"image\/jpeg\" \/>\n<meta name=\"twitter:card\" content=\"summary_large_image\" \/>\n<meta name=\"twitter:label1\" content=\"Est. reading time\" \/>\n\t<meta name=\"twitter:data1\" content=\"1 minute\" \/>\n<script type=\"application\/ld+json\" class=\"yoast-schema-graph\">{\"@context\":\"https:\\\/\\\/schema.org\",\"@graph\":[{\"@type\":\"WebPage\",\"@id\":\"https:\\\/\\\/coruna2018.redeacampa.org\\\/en\\\/events\\\/fragile\\\/\",\"url\":\"https:\\\/\\\/coruna2018.redeacampa.org\\\/en\\\/events\\\/fragile\\\/\",\"name\":\"Fragile | Acampa 2018 - Pola paz e o dereito a refuxio\",\"isPartOf\":{\"@id\":\"https:\\\/\\\/coruna2018.redeacampa.org\\\/en\\\/#website\"},\"primaryImageOfPage\":{\"@id\":\"https:\\\/\\\/coruna2018.redeacampa.org\\\/en\\\/events\\\/fragile\\\/#primaryimage\"},\"image\":{\"@id\":\"https:\\\/\\\/coruna2018.redeacampa.org\\\/en\\\/events\\\/fragile\\\/#primaryimage\"},\"thumbnailUrl\":\"https:\\\/\\\/coruna2018.redeacampa.org\\\/wp-content\\\/uploads\\\/JuanPabloMoreiras.jpg\",\"datePublished\":\"2018-05-13T16:42:39+00:00\",\"dateModified\":\"2018-06-02T08:14:28+00:00\",\"breadcrumb\":{\"@id\":\"https:\\\/\\\/coruna2018.redeacampa.org\\\/en\\\/events\\\/fragile\\\/#breadcrumb\"},\"inLanguage\":\"en-US\",\"potentialAction\":[{\"@type\":\"ReadAction\",\"target\":[\"https:\\\/\\\/coruna2018.redeacampa.org\\\/en\\\/events\\\/fragile\\\/\"]}]},{\"@type\":\"ImageObject\",\"inLanguage\":\"en-US\",\"@id\":\"https:\\\/\\\/coruna2018.redeacampa.org\\\/en\\\/events\\\/fragile\\\/#primaryimage\",\"url\":\"https:\\\/\\\/coruna2018.redeacampa.org\\\/wp-content\\\/uploads\\\/JuanPabloMoreiras.jpg\",\"contentUrl\":\"https:\\\/\\\/coruna2018.redeacampa.org\\\/wp-content\\\/uploads\\\/JuanPabloMoreiras.jpg\",\"width\":600,\"height\":394,\"caption\":\"Juan Pablo Moreiras\"},{\"@type\":\"BreadcrumbList\",\"@id\":\"https:\\\/\\\/coruna2018.redeacampa.org\\\/en\\\/events\\\/fragile\\\/#breadcrumb\",\"itemListElement\":[{\"@type\":\"ListItem\",\"position\":1,\"name\":\"Portada\",\"item\":\"https:\\\/\\\/coruna2018.redeacampa.org\\\/en\\\/\"},{\"@type\":\"ListItem\",\"position\":2,\"name\":\"Events\",\"item\":\"https:\\\/\\\/coruna2018.redeacampa.org\\\/en\\\/events\\\/\"},{\"@type\":\"ListItem\",\"position\":3,\"name\":\"Fragile\"}]},{\"@type\":\"WebSite\",\"@id\":\"https:\\\/\\\/coruna2018.redeacampa.org\\\/en\\\/#website\",\"url\":\"https:\\\/\\\/coruna2018.redeacampa.org\\\/en\\\/\",\"name\":\"Acampa 2018 - Pola paz e o dereito a refuxio\",\"description\":\"Unha iniciativa cidad\u00e1 sen fins de lucro integrada por colectivos sociais, culturais, educativos, veci\u00f1ais, pol\u00edticos, sindicais, art\u00edsticos, de persoas solidarias, de instituci\u00f3ns e empresas con responsabilidade social que te\u00f1en como obxectivo a defensa dos dereitos humanos, o Dereito Internacional Humanitario e o Dereito a Refuxio.\",\"potentialAction\":[{\"@type\":\"SearchAction\",\"target\":{\"@type\":\"EntryPoint\",\"urlTemplate\":\"https:\\\/\\\/coruna2018.redeacampa.org\\\/en\\\/?s={search_term_string}\"},\"query-input\":{\"@type\":\"PropertyValueSpecification\",\"valueRequired\":true,\"valueName\":\"search_term_string\"}}],\"inLanguage\":\"en-US\"}]}<\/script>\n<!-- \/ Yoast SEO plugin. -->","yoast_head_json":{"title":"Fragile | Acampa 2018 - Pola paz e o dereito a refuxio","robots":{"index":"index","follow":"follow","max-snippet":"max-snippet:-1","max-image-preview":"max-image-preview:large","max-video-preview":"max-video-preview:-1"},"canonical":"https:\/\/coruna2018.redeacampa.org\/en\/events\/fragile\/","og_locale":"en_US","og_type":"article","og_title":"Fragile | Acampa 2018 - Pola paz e o dereito a refuxio","og_description":"Juan Pablo Moreiras \u2013 Fragile We live on a planet that has been restlessly changing for 4,500 million years, but the great environmental impact that human development is making on its own habitat is accelerating a growing imbalance between human beings and at the same time between them and the rest of living creatures. Human [&hellip;]","og_url":"https:\/\/coruna2018.redeacampa.org\/en\/events\/fragile\/","og_site_name":"Acampa 2018 - Pola paz e o dereito a refuxio","article_modified_time":"2018-06-02T08:14:28+00:00","og_image":[{"width":600,"height":394,"url":"https:\/\/coruna2018.redeacampa.org\/wp-content\/uploads\/JuanPabloMoreiras.jpg","type":"image\/jpeg"}],"twitter_card":"summary_large_image","twitter_misc":{"Est. reading time":"1 minute"},"schema":{"@context":"https:\/\/schema.org","@graph":[{"@type":"WebPage","@id":"https:\/\/coruna2018.redeacampa.org\/en\/events\/fragile\/","url":"https:\/\/coruna2018.redeacampa.org\/en\/events\/fragile\/","name":"Fragile | Acampa 2018 - Pola paz e o dereito a refuxio","isPartOf":{"@id":"https:\/\/coruna2018.redeacampa.org\/en\/#website"},"primaryImageOfPage":{"@id":"https:\/\/coruna2018.redeacampa.org\/en\/events\/fragile\/#primaryimage"},"image":{"@id":"https:\/\/coruna2018.redeacampa.org\/en\/events\/fragile\/#primaryimage"},"thumbnailUrl":"https:\/\/coruna2018.redeacampa.org\/wp-content\/uploads\/JuanPabloMoreiras.jpg","datePublished":"2018-05-13T16:42:39+00:00","dateModified":"2018-06-02T08:14:28+00:00","breadcrumb":{"@id":"https:\/\/coruna2018.redeacampa.org\/en\/events\/fragile\/#breadcrumb"},"inLanguage":"en-US","potentialAction":[{"@type":"ReadAction","target":["https:\/\/coruna2018.redeacampa.org\/en\/events\/fragile\/"]}]},{"@type":"ImageObject","inLanguage":"en-US","@id":"https:\/\/coruna2018.redeacampa.org\/en\/events\/fragile\/#primaryimage","url":"https:\/\/coruna2018.redeacampa.org\/wp-content\/uploads\/JuanPabloMoreiras.jpg","contentUrl":"https:\/\/coruna2018.redeacampa.org\/wp-content\/uploads\/JuanPabloMoreiras.jpg","width":600,"height":394,"caption":"Juan Pablo Moreiras"},{"@type":"BreadcrumbList","@id":"https:\/\/coruna2018.redeacampa.org\/en\/events\/fragile\/#breadcrumb","itemListElement":[{"@type":"ListItem","position":1,"name":"Portada","item":"https:\/\/coruna2018.redeacampa.org\/en\/"},{"@type":"ListItem","position":2,"name":"Events","item":"https:\/\/coruna2018.redeacampa.org\/en\/events\/"},{"@type":"ListItem","position":3,"name":"Fragile"}]},{"@type":"WebSite","@id":"https:\/\/coruna2018.redeacampa.org\/en\/#website","url":"https:\/\/coruna2018.redeacampa.org\/en\/","name":"Acampa 2018 - Pola paz e o dereito a refuxio","description":"Unha iniciativa cidad\u00e1 sen fins de lucro integrada por colectivos sociais, culturais, educativos, veci\u00f1ais, pol\u00edticos, sindicais, art\u00edsticos, de persoas solidarias, de instituci\u00f3ns e empresas con responsabilidade social que te\u00f1en como obxectivo a defensa dos dereitos humanos, o Dereito Internacional Humanitario e o Dereito a Refuxio.","potentialAction":[{"@type":"SearchAction","target":{"@type":"EntryPoint","urlTemplate":"https:\/\/coruna2018.redeacampa.org\/en\/?s={search_term_string}"},"query-input":{"@type":"PropertyValueSpecification","valueRequired":true,"valueName":"search_term_string"}}],"inLanguage":"en-US"}]}},"_links":{"self":[{"href":"https:\/\/coruna2018.redeacampa.org\/en\/wp-json\/wp\/v2\/ajde_events\/37758","targetHints":{"allow":["GET"]}}],"collection":[{"href":"https:\/\/coruna2018.redeacampa.org\/en\/wp-json\/wp\/v2\/ajde_events"}],"about":[{"href":"https:\/\/coruna2018.redeacampa.org\/en\/wp-json\/wp\/v2\/types\/ajde_events"}],"author":[{"embeddable":true,"href":"https:\/\/coruna2018.redeacampa.org\/en\/wp-json\/wp\/v2\/users\/2"}],"replies":[{"embeddable":true,"href":"https:\/\/coruna2018.redeacampa.org\/en\/wp-json\/wp\/v2\/comments?post=37758"}],"wp:featuredmedia":[{"embeddable":true,"href":"https:\/\/coruna2018.redeacampa.org\/en\/wp-json\/wp\/v2\/media\/38193"}],"wp:attachment":[{"href":"https:\/\/coruna2018.redeacampa.org\/en\/wp-json\/wp\/v2\/media?parent=37758"}],"wp:term":[{"taxonomy":"post_tag","embeddable":true,"href":"https:\/\/coruna2018.redeacampa.org\/en\/wp-json\/wp\/v2\/tags?post=37758"},{"taxonomy":"event_type","embeddable":true,"href":"https:\/\/coruna2018.redeacampa.org\/en\/wp-json\/wp\/v2\/event_type?post=37758"},{"taxonomy":"event_type_2","embeddable":true,"href":"https:\/\/coruna2018.redeacampa.org\/en\/wp-json\/wp\/v2\/event_type_2?post=37758"}],"curies":[{"name":"wp","href":"https:\/\/api.w.org\/{rel}","templated":true}]}}

<!-- This site is optimized with the Yoast SEO plugin v27.4 - https://yoast.com/product/yoast-seo-wordpress/ -->
<title>Fragile | Acampa 2018 - Pola paz e o dereito a refuxio</title>
<meta name="robots" content="index, follow, max-snippet:-1, max-image-preview:large, max-video-preview:-1" />
<link rel="canonical" href="https://coruna2018.redeacampa.org/en/events/fragile/" />
<meta property="og:locale" content="en_US" />
<meta property="og:type" content="article" />
<meta property="og:title" content="Fragile | Acampa 2018 - Pola paz e o dereito a refuxio" />
<meta property="og:description" content="Juan Pablo Moreiras – Fragile We live on a planet that has been restlessly changing for 4,500 million years, but the great environmental impact that human development is making on its own habitat is accelerating a growing imbalance between human beings and at the same time between them and the rest of living creatures. Human [&hellip;]" />
<meta property="og:url" content="https://coruna2018.redeacampa.org/en/events/fragile/" />
<meta property="og:site_name" content="Acampa 2018 - Pola paz e o dereito a refuxio" />
<meta property="article:modified_time" content="2018-06-02T08:14:28+00:00" />
<meta property="og:image" content="https://coruna2018.redeacampa.org/wp-content/uploads/JuanPabloMoreiras.jpg" />
	<meta property="og:image:width" content="600" />
	<meta property="og:image:height" content="394" />
	<meta property="og:image:type" content="image/jpeg" />
<meta name="twitter:card" content="summary_large_image" />
<meta name="twitter:label1" content="Est. reading time" />
	<meta name="twitter:data1" content="1 minute" />
<script type="application/ld+json" class="yoast-schema-graph">{"@context":"https:\/\/schema.org","@graph":[{"@type":"WebPage","@id":"https:\/\/coruna2018.redeacampa.org\/en\/events\/fragile\/","url":"https:\/\/coruna2018.redeacampa.org\/en\/events\/fragile\/","name":"Fragile | Acampa 2018 - Pola paz e o dereito a refuxio","isPartOf":{"@id":"https:\/\/coruna2018.redeacampa.org\/en\/#website"},"primaryImageOfPage":{"@id":"https:\/\/coruna2018.redeacampa.org\/en\/events\/fragile\/#primaryimage"},"image":{"@id":"https:\/\/coruna2018.redeacampa.org\/en\/events\/fragile\/#primaryimage"},"thumbnailUrl":"https:\/\/coruna2018.redeacampa.org\/wp-content\/uploads\/JuanPabloMoreiras.jpg","datePublished":"2018-05-13T16:42:39+00:00","dateModified":"2018-06-02T08:14:28+00:00","breadcrumb":{"@id":"https:\/\/coruna2018.redeacampa.org\/en\/events\/fragile\/#breadcrumb"},"inLanguage":"en-US","potentialAction":[{"@type":"ReadAction","target":["https:\/\/coruna2018.redeacampa.org\/en\/events\/fragile\/"]}]},{"@type":"ImageObject","inLanguage":"en-US","@id":"https:\/\/coruna2018.redeacampa.org\/en\/events\/fragile\/#primaryimage","url":"https:\/\/coruna2018.redeacampa.org\/wp-content\/uploads\/JuanPabloMoreiras.jpg","contentUrl":"https:\/\/coruna2018.redeacampa.org\/wp-content\/uploads\/JuanPabloMoreiras.jpg","width":600,"height":394,"caption":"Juan Pablo Moreiras"},{"@type":"BreadcrumbList","@id":"https:\/\/coruna2018.redeacampa.org\/en\/events\/fragile\/#breadcrumb","itemListElement":[{"@type":"ListItem","position":1,"name":"Portada","item":"https:\/\/coruna2018.redeacampa.org\/en\/"},{"@type":"ListItem","position":2,"name":"Events","item":"https:\/\/coruna2018.redeacampa.org\/en\/events\/"},{"@type":"ListItem","position":3,"name":"Fragile"}]},{"@type":"WebSite","@id":"https:\/\/coruna2018.redeacampa.org\/en\/#website","url":"https:\/\/coruna2018.redeacampa.org\/en\/","name":"Acampa 2018 - Pola paz e o dereito a refuxio","description":"Unha iniciativa cidadá sen fins de lucro integrada por colectivos sociais, culturais, educativos, veciñais, políticos, sindicais, artísticos, de persoas solidarias, de institucións e empresas con responsabilidade social que teñen como obxectivo a defensa dos dereitos humanos, o Dereito Internacional Humanitario e o Dereito a Refuxio.","potentialAction":[{"@type":"SearchAction","target":{"@type":"EntryPoint","urlTemplate":"https:\/\/coruna2018.redeacampa.org\/en\/?s={search_term_string}"},"query-input":{"@type":"PropertyValueSpecification","valueRequired":true,"valueName":"search_term_string"}}],"inLanguage":"en-US"}]}</script>
<!-- / Yoast SEO plugin. -->

Unha iniciativa cidadá sen fins de lucro integrada por colectivos sociais, culturais, educativos, veciñais, políticos, sindicais, artísticos, de persoas solidarias, de institucións e empresas con responsabilidade social que teñen como obxectivo a defensa dos dereitos humanos, o Dereito Internacional Humanitario e o Dereito a Refuxio.
