{"id":37701,"date":"2018-05-07T10:25:39","date_gmt":"2018-05-07T08:25:39","guid":{"rendered":"https:\/\/www.acampa.eu\/events\/visita-guiada-4\/"},"modified":"2018-06-11T11:58:21","modified_gmt":"2018-06-11T09:58:21","slug":"visita-guiada-4","status":"publish","type":"ajde_events","link":"https:\/\/coruna2018.redeacampa.org\/en\/events\/visita-guiada-4\/","title":{"rendered":"Guided tour"},"content":{"rendered":"<blockquote><p>Guide: Marga Gonzalez (AI)<\/p><\/blockquote>\n<div id=\"attachment_39005\" style=\"width: 258px\" class=\"wp-caption alignnone\"><img loading=\"lazy\" decoding=\"async\" aria-describedby=\"caption-attachment-39005\" class=\"wp-image-39005 size-medium\" src=\"\/wp-content\/uploads\/MargaGonzalez-248x300.jpg\" alt=\"Marga Gonzalez\" width=\"248\" height=\"300\" srcset=\"https:\/\/coruna2018.redeacampa.org\/wp-content\/uploads\/MargaGonzalez-248x300.jpg 248w, https:\/\/coruna2018.redeacampa.org\/wp-content\/uploads\/MargaGonzalez.jpg 600w\" sizes=\"(max-width: 248px) 100vw, 248px\" \/><p id=\"caption-attachment-39005\" class=\"wp-caption-text\">Marga Gonzalez<\/p><\/div>\n<p>In relation to the NGO Amnesty International, she has been actively collaborating with the organization for 34 years, being the 1163rd of more than 84,404 members at present.<\/p>\n<p>From the beginning he had numerous responsibilities within the entity:<\/p>\n<ul>\n<li>Member of the Executive Committee of AI.<\/li>\n<li>Coordinator of AI Galicia.<\/li>\n<li>Treasurer of the A Coru\u00f1a Group of AI.<\/li>\n<\/ul>\n<p>He is currently coordinating Amnesty International&#8217;s Group in A Coru\u00f1a and collaborating in educational activities at &#8216;Acampa&#8217;.<\/p>\n","protected":false},"author":2,"featured_media":0,"menu_order":0,"comment_status":"open","ping_status":"closed","template":"","meta":{"_et_pb_use_builder":"","_et_pb_old_content":"","_et_gb_content_width":"","inline_featured_image":false},"tags":[],"event_type":[164,106,170],"event_type_2":[],"class_list":["post-37701","ajde_events","type-ajde_events","status-publish","hentry","event_location-mendez-nunez-gardens","event_type-16-06-18-en","event_type-2018-program-en","event_type-2018-visitas-guiadas-en"],"yoast_head":"<!-- This site is optimized with the Yoast SEO plugin v27.4 - https:\/\/yoast.com\/product\/yoast-seo-wordpress\/ -->\n<title>Guided tour | Acampa 2018 - Pola paz e o dereito a refuxio<\/title>\n<meta name=\"robots\" content=\"index, follow, max-snippet:-1, max-image-preview:large, max-video-preview:-1\" \/>\n<link rel=\"canonical\" href=\"https:\/\/coruna2018.redeacampa.org\/en\/events\/visita-guiada-4\/\" \/>\n<meta property=\"og:locale\" content=\"en_US\" \/>\n<meta property=\"og:type\" content=\"article\" \/>\n<meta property=\"og:title\" content=\"Guided tour | Acampa 2018 - Pola paz e o dereito a refuxio\" \/>\n<meta property=\"og:description\" content=\"Guide: Marga Gonzalez (AI) In relation to the NGO Amnesty International, she has been actively collaborating with the organization for 34 years, being the 1163rd of more than 84,404 members at present. From the beginning he had numerous responsibilities within the entity: Member of the Executive Committee of AI. Coordinator of AI Galicia. Treasurer of [&hellip;]\" \/>\n<meta property=\"og:url\" content=\"https:\/\/coruna2018.redeacampa.org\/en\/events\/visita-guiada-4\/\" \/>\n<meta property=\"og:site_name\" content=\"Acampa 2018 - Pola paz e o dereito a refuxio\" \/>\n<meta property=\"article:modified_time\" content=\"2018-06-11T09:58:21+00:00\" \/>\n<meta property=\"og:image\" content=\"https:\/\/coruna2018.redeacampa.org\/wp-content\/uploads\/MargaGonzalez-248x300.jpg\" \/>\n<meta name=\"twitter:card\" content=\"summary_large_image\" \/>\n<script type=\"application\/ld+json\" class=\"yoast-schema-graph\">{\"@context\":\"https:\\\/\\\/schema.org\",\"@graph\":[{\"@type\":\"WebPage\",\"@id\":\"https:\\\/\\\/coruna2018.redeacampa.org\\\/en\\\/events\\\/visita-guiada-4\\\/\",\"url\":\"https:\\\/\\\/coruna2018.redeacampa.org\\\/en\\\/events\\\/visita-guiada-4\\\/\",\"name\":\"Guided tour | Acampa 2018 - Pola paz e o dereito a refuxio\",\"isPartOf\":{\"@id\":\"https:\\\/\\\/coruna2018.redeacampa.org\\\/en\\\/#website\"},\"datePublished\":\"2018-05-07T08:25:39+00:00\",\"dateModified\":\"2018-06-11T09:58:21+00:00\",\"breadcrumb\":{\"@id\":\"https:\\\/\\\/coruna2018.redeacampa.org\\\/en\\\/events\\\/visita-guiada-4\\\/#breadcrumb\"},\"inLanguage\":\"en-US\",\"potentialAction\":[{\"@type\":\"ReadAction\",\"target\":[\"https:\\\/\\\/coruna2018.redeacampa.org\\\/en\\\/events\\\/visita-guiada-4\\\/\"]}]},{\"@type\":\"BreadcrumbList\",\"@id\":\"https:\\\/\\\/coruna2018.redeacampa.org\\\/en\\\/events\\\/visita-guiada-4\\\/#breadcrumb\",\"itemListElement\":[{\"@type\":\"ListItem\",\"position\":1,\"name\":\"Portada\",\"item\":\"https:\\\/\\\/coruna2018.redeacampa.org\\\/en\\\/\"},{\"@type\":\"ListItem\",\"position\":2,\"name\":\"Events\",\"item\":\"https:\\\/\\\/coruna2018.redeacampa.org\\\/en\\\/events\\\/\"},{\"@type\":\"ListItem\",\"position\":3,\"name\":\"Guided tour\"}]},{\"@type\":\"WebSite\",\"@id\":\"https:\\\/\\\/coruna2018.redeacampa.org\\\/en\\\/#website\",\"url\":\"https:\\\/\\\/coruna2018.redeacampa.org\\\/en\\\/\",\"name\":\"Acampa 2018 - Pola paz e o dereito a refuxio\",\"description\":\"Unha iniciativa cidad\u00e1 sen fins de lucro integrada por colectivos sociais, culturais, educativos, veci\u00f1ais, pol\u00edticos, sindicais, art\u00edsticos, de persoas solidarias, de instituci\u00f3ns e empresas con responsabilidade social que te\u00f1en como obxectivo a defensa dos dereitos humanos, o Dereito Internacional Humanitario e o Dereito a Refuxio.\",\"potentialAction\":[{\"@type\":\"SearchAction\",\"target\":{\"@type\":\"EntryPoint\",\"urlTemplate\":\"https:\\\/\\\/coruna2018.redeacampa.org\\\/en\\\/?s={search_term_string}\"},\"query-input\":{\"@type\":\"PropertyValueSpecification\",\"valueRequired\":true,\"valueName\":\"search_term_string\"}}],\"inLanguage\":\"en-US\"}]}<\/script>\n<!-- \/ Yoast SEO plugin. -->","yoast_head_json":{"title":"Guided tour | Acampa 2018 - Pola paz e o dereito a refuxio","robots":{"index":"index","follow":"follow","max-snippet":"max-snippet:-1","max-image-preview":"max-image-preview:large","max-video-preview":"max-video-preview:-1"},"canonical":"https:\/\/coruna2018.redeacampa.org\/en\/events\/visita-guiada-4\/","og_locale":"en_US","og_type":"article","og_title":"Guided tour | Acampa 2018 - Pola paz e o dereito a refuxio","og_description":"Guide: Marga Gonzalez (AI) In relation to the NGO Amnesty International, she has been actively collaborating with the organization for 34 years, being the 1163rd of more than 84,404 members at present. From the beginning he had numerous responsibilities within the entity: Member of the Executive Committee of AI. Coordinator of AI Galicia. Treasurer of [&hellip;]","og_url":"https:\/\/coruna2018.redeacampa.org\/en\/events\/visita-guiada-4\/","og_site_name":"Acampa 2018 - Pola paz e o dereito a refuxio","article_modified_time":"2018-06-11T09:58:21+00:00","og_image":[{"url":"https:\/\/coruna2018.redeacampa.org\/wp-content\/uploads\/MargaGonzalez-248x300.jpg","type":"","width":"","height":""}],"twitter_card":"summary_large_image","schema":{"@context":"https:\/\/schema.org","@graph":[{"@type":"WebPage","@id":"https:\/\/coruna2018.redeacampa.org\/en\/events\/visita-guiada-4\/","url":"https:\/\/coruna2018.redeacampa.org\/en\/events\/visita-guiada-4\/","name":"Guided tour | Acampa 2018 - Pola paz e o dereito a refuxio","isPartOf":{"@id":"https:\/\/coruna2018.redeacampa.org\/en\/#website"},"datePublished":"2018-05-07T08:25:39+00:00","dateModified":"2018-06-11T09:58:21+00:00","breadcrumb":{"@id":"https:\/\/coruna2018.redeacampa.org\/en\/events\/visita-guiada-4\/#breadcrumb"},"inLanguage":"en-US","potentialAction":[{"@type":"ReadAction","target":["https:\/\/coruna2018.redeacampa.org\/en\/events\/visita-guiada-4\/"]}]},{"@type":"BreadcrumbList","@id":"https:\/\/coruna2018.redeacampa.org\/en\/events\/visita-guiada-4\/#breadcrumb","itemListElement":[{"@type":"ListItem","position":1,"name":"Portada","item":"https:\/\/coruna2018.redeacampa.org\/en\/"},{"@type":"ListItem","position":2,"name":"Events","item":"https:\/\/coruna2018.redeacampa.org\/en\/events\/"},{"@type":"ListItem","position":3,"name":"Guided tour"}]},{"@type":"WebSite","@id":"https:\/\/coruna2018.redeacampa.org\/en\/#website","url":"https:\/\/coruna2018.redeacampa.org\/en\/","name":"Acampa 2018 - Pola paz e o dereito a refuxio","description":"Unha iniciativa cidad\u00e1 sen fins de lucro integrada por colectivos sociais, culturais, educativos, veci\u00f1ais, pol\u00edticos, sindicais, art\u00edsticos, de persoas solidarias, de instituci\u00f3ns e empresas con responsabilidade social que te\u00f1en como obxectivo a defensa dos dereitos humanos, o Dereito Internacional Humanitario e o Dereito a Refuxio.","potentialAction":[{"@type":"SearchAction","target":{"@type":"EntryPoint","urlTemplate":"https:\/\/coruna2018.redeacampa.org\/en\/?s={search_term_string}"},"query-input":{"@type":"PropertyValueSpecification","valueRequired":true,"valueName":"search_term_string"}}],"inLanguage":"en-US"}]}},"_links":{"self":[{"href":"https:\/\/coruna2018.redeacampa.org\/en\/wp-json\/wp\/v2\/ajde_events\/37701","targetHints":{"allow":["GET"]}}],"collection":[{"href":"https:\/\/coruna2018.redeacampa.org\/en\/wp-json\/wp\/v2\/ajde_events"}],"about":[{"href":"https:\/\/coruna2018.redeacampa.org\/en\/wp-json\/wp\/v2\/types\/ajde_events"}],"author":[{"embeddable":true,"href":"https:\/\/coruna2018.redeacampa.org\/en\/wp-json\/wp\/v2\/users\/2"}],"replies":[{"embeddable":true,"href":"https:\/\/coruna2018.redeacampa.org\/en\/wp-json\/wp\/v2\/comments?post=37701"}],"wp:attachment":[{"href":"https:\/\/coruna2018.redeacampa.org\/en\/wp-json\/wp\/v2\/media?parent=37701"}],"wp:term":[{"taxonomy":"post_tag","embeddable":true,"href":"https:\/\/coruna2018.redeacampa.org\/en\/wp-json\/wp\/v2\/tags?post=37701"},{"taxonomy":"event_type","embeddable":true,"href":"https:\/\/coruna2018.redeacampa.org\/en\/wp-json\/wp\/v2\/event_type?post=37701"},{"taxonomy":"event_type_2","embeddable":true,"href":"https:\/\/coruna2018.redeacampa.org\/en\/wp-json\/wp\/v2\/event_type_2?post=37701"}],"curies":[{"name":"wp","href":"https:\/\/api.w.org\/{rel}","templated":true}]}}

<blockquote><p>Guide: Marga Gonzalez (AI)</p></blockquote>
<div id="attachment_39005" style="width: 258px" class="wp-caption alignnone"><img loading="lazy" decoding="async" aria-describedby="caption-attachment-39005" class="wp-image-39005 size-medium" src="/wp-content/uploads/MargaGonzalez-248x300.jpg" alt="Marga Gonzalez" width="248" height="300" srcset="https://coruna2018.redeacampa.org/wp-content/uploads/MargaGonzalez-248x300.jpg 248w, https://coruna2018.redeacampa.org/wp-content/uploads/MargaGonzalez.jpg 600w" sizes="(max-width: 248px) 100vw, 248px" /><p id="caption-attachment-39005" class="wp-caption-text">Marga Gonzalez</p></div>
<p>In relation to the NGO Amnesty International, she has been actively collaborating with the organization for 34 years, being the 1163rd of more than 84,404 members at present.</p>
<p>From the beginning he had numerous responsibilities within the entity:</p>
<ul>
<li>Member of the Executive Committee of AI.</li>
<li>Coordinator of AI Galicia.</li>
<li>Treasurer of the A Coruña Group of AI.</li>
</ul>
<p>He is currently coordinating Amnesty International&#8217;s Group in A Coruña and collaborating in educational activities at &#8216;Acampa&#8217;.</p>

<!-- This site is optimized with the Yoast SEO plugin v27.4 - https://yoast.com/product/yoast-seo-wordpress/ -->
<title>Guided tour | Acampa 2018 - Pola paz e o dereito a refuxio</title>
<meta name="robots" content="index, follow, max-snippet:-1, max-image-preview:large, max-video-preview:-1" />
<link rel="canonical" href="https://coruna2018.redeacampa.org/en/events/visita-guiada-4/" />
<meta property="og:locale" content="en_US" />
<meta property="og:type" content="article" />
<meta property="og:title" content="Guided tour | Acampa 2018 - Pola paz e o dereito a refuxio" />
<meta property="og:description" content="Guide: Marga Gonzalez (AI) In relation to the NGO Amnesty International, she has been actively collaborating with the organization for 34 years, being the 1163rd of more than 84,404 members at present. From the beginning he had numerous responsibilities within the entity: Member of the Executive Committee of AI. Coordinator of AI Galicia. Treasurer of [&hellip;]" />
<meta property="og:url" content="https://coruna2018.redeacampa.org/en/events/visita-guiada-4/" />
<meta property="og:site_name" content="Acampa 2018 - Pola paz e o dereito a refuxio" />
<meta property="article:modified_time" content="2018-06-11T09:58:21+00:00" />
<meta property="og:image" content="https://coruna2018.redeacampa.org/wp-content/uploads/MargaGonzalez-248x300.jpg" />
<meta name="twitter:card" content="summary_large_image" />
<script type="application/ld+json" class="yoast-schema-graph">{"@context":"https:\/\/schema.org","@graph":[{"@type":"WebPage","@id":"https:\/\/coruna2018.redeacampa.org\/en\/events\/visita-guiada-4\/","url":"https:\/\/coruna2018.redeacampa.org\/en\/events\/visita-guiada-4\/","name":"Guided tour | Acampa 2018 - Pola paz e o dereito a refuxio","isPartOf":{"@id":"https:\/\/coruna2018.redeacampa.org\/en\/#website"},"datePublished":"2018-05-07T08:25:39+00:00","dateModified":"2018-06-11T09:58:21+00:00","breadcrumb":{"@id":"https:\/\/coruna2018.redeacampa.org\/en\/events\/visita-guiada-4\/#breadcrumb"},"inLanguage":"en-US","potentialAction":[{"@type":"ReadAction","target":["https:\/\/coruna2018.redeacampa.org\/en\/events\/visita-guiada-4\/"]}]},{"@type":"BreadcrumbList","@id":"https:\/\/coruna2018.redeacampa.org\/en\/events\/visita-guiada-4\/#breadcrumb","itemListElement":[{"@type":"ListItem","position":1,"name":"Portada","item":"https:\/\/coruna2018.redeacampa.org\/en\/"},{"@type":"ListItem","position":2,"name":"Events","item":"https:\/\/coruna2018.redeacampa.org\/en\/events\/"},{"@type":"ListItem","position":3,"name":"Guided tour"}]},{"@type":"WebSite","@id":"https:\/\/coruna2018.redeacampa.org\/en\/#website","url":"https:\/\/coruna2018.redeacampa.org\/en\/","name":"Acampa 2018 - Pola paz e o dereito a refuxio","description":"Unha iniciativa cidadá sen fins de lucro integrada por colectivos sociais, culturais, educativos, veciñais, políticos, sindicais, artísticos, de persoas solidarias, de institucións e empresas con responsabilidade social que teñen como obxectivo a defensa dos dereitos humanos, o Dereito Internacional Humanitario e o Dereito a Refuxio.","potentialAction":[{"@type":"SearchAction","target":{"@type":"EntryPoint","urlTemplate":"https:\/\/coruna2018.redeacampa.org\/en\/?s={search_term_string}"},"query-input":{"@type":"PropertyValueSpecification","valueRequired":true,"valueName":"search_term_string"}}],"inLanguage":"en-US"}]}</script>
<!-- / Yoast SEO plugin. -->

Unha iniciativa cidadá sen fins de lucro integrada por colectivos sociais, culturais, educativos, veciñais, políticos, sindicais, artísticos, de persoas solidarias, de institucións e empresas con responsabilidade social que teñen como obxectivo a defensa dos dereitos humanos, o Dereito Internacional Humanitario e o Dereito a Refuxio.
